{"id":659,"date":"2017-04-25T13:43:17","date_gmt":"2017-04-25T11:43:17","guid":{"rendered":"http:\/\/tus.eschringen.de\/wordpress\/?post_type=tribe_events&#038;p=659"},"modified":"2017-04-25T13:43:17","modified_gmt":"2017-04-25T11:43:17","slug":"vikt-huehnerfeld-tus-eschringen","status":"publish","type":"tribe_events","link":"https:\/\/tus.eschringen.de\/wordpress\/event\/vikt-huehnerfeld-tus-eschringen\/","title":{"rendered":"Vikt. H\u00fchnerfeld &#8211; TuS Eschringen"},"content":{"rendered":"<p><strong>1. Mannschaft:<\/strong><\/p>\n<p><strong>Bezirksliga Saarbr\u00fccken &#8211; Sonntag<\/strong><strong>, 06.09.2015, 15.00 Uhr, Sportplatz H\u00fchnerfeld<\/strong><\/p>\n<p>Vikt. H\u00fchnerfeld &#8211; TuS Eschringen\u00a0<strong> 4:0<\/strong> (2:0)<\/p>\n<p><strong>Spielbericht:<\/strong><\/p>\n<p>Der TuS lie\u00df sich von der ersten Minute an den Schneid abkaufen. Das gewohnte Kombinationsspiel konnte auch nicht ansatzweise umgesetzt werden. Die Gastgeber waren sehr zweikampfstark und agierten st\u00e4ndig am Rande der Legalit\u00e4t. Das brachte die junge Eschringer Mannschaft vollst\u00e4ndig aus dem Konzept. Bis man verstanden hatte, um was es in dem Spiel geht, war es bereits verloren. Das Spiel muss unter der Rubrik \u201eLehrgeld\u201c abgehakt werden.<\/p>\n<p>Tore:<br \/>\n1:0 (11.) Kevin Kohlei<br \/>\n2:0 (37.) Kevin Kohlei<br \/>\n3:0 (60.) Yves Paul<br \/>\n4:0 (79.) Kevin Kohlei<\/p>\n","protected":false},"excerpt":{"rendered":"<p>1. Mannschaft: Bezirksliga Saarbr\u00fccken &#8211; Sonntag, 06.09.2015, 15.00 Uhr, Sportplatz H\u00fchnerfeld Vikt. H\u00fchnerfeld &#8211; TuS Eschringen\u00a0 4:0 (2:0) Spielbericht: Der TuS lie\u00df sich von der ersten Minute an den Schneid abkaufen. Das gewohnte Kombinationsspiel konnte auch nicht ansatzweise umgesetzt werden. Die Gastgeber waren sehr zweikampfstark und agierten st\u00e4ndig am Rande der Legalit\u00e4t. Das brachte die &#8230; <\/p>\n<p class=\"read-more-container\"><a title=\"Vikt. H\u00fchnerfeld &#8211; TuS Eschringen\" class=\"read-more button\" href=\"https:\/\/tus.eschringen.de\/wordpress\/event\/vikt-huehnerfeld-tus-eschringen\/#more-659\" aria-label=\"Mehr Informationen \u00fcber Vikt. H\u00fchnerfeld &#8211; TuS Eschringen\">alles lesen<\/a><\/p>\n","protected":false},"author":1,"featured_media":0,"template":"","meta":{"generate_page_header":"","_tribe_events_status":"","_tribe_events_status_reason":"","footnotes":""},"tags":[],"tribe_events_cat":[],"class_list":["post-659","tribe_events","type-tribe_events","status-publish","hentry"],"yoast_head":"<!-- This site is optimized with the Yoast SEO plugin v27.5 - https:\/\/yoast.com\/product\/yoast-seo-wordpress\/ -->\n<title>Vikt. H\u00fchnerfeld - TuS Eschringen - TuS Eschringen<\/title>\n<meta name=\"robots\" content=\"index, follow, max-snippet:-1, max-image-preview:large, max-video-preview:-1\" \/>\n<link rel=\"canonical\" href=\"https:\/\/tus.eschringen.de\/wordpress\/event\/vikt-huehnerfeld-tus-eschringen\/\" \/>\n<meta property=\"og:locale\" content=\"de_DE\" \/>\n<meta property=\"og:type\" content=\"article\" \/>\n<meta property=\"og:title\" content=\"Vikt. H\u00fchnerfeld - TuS Eschringen - TuS Eschringen\" \/>\n<meta property=\"og:description\" content=\"1. Mannschaft: Bezirksliga Saarbr\u00fccken &#8211; Sonntag, 06.09.2015, 15.00 Uhr, Sportplatz H\u00fchnerfeld Vikt. H\u00fchnerfeld &#8211; TuS Eschringen\u00a0 4:0 (2:0) Spielbericht: Der TuS lie\u00df sich von der ersten Minute an den Schneid abkaufen. Das gewohnte Kombinationsspiel konnte auch nicht ansatzweise umgesetzt werden. Die Gastgeber waren sehr zweikampfstark und agierten st\u00e4ndig am Rande der Legalit\u00e4t. Das brachte die ... alles lesen\" \/>\n<meta property=\"og:url\" content=\"https:\/\/tus.eschringen.de\/wordpress\/event\/vikt-huehnerfeld-tus-eschringen\/\" \/>\n<meta property=\"og:site_name\" content=\"TuS Eschringen\" \/>\n<meta property=\"article:publisher\" content=\"https:\/\/www.facebook.com\/TuS.Eschringen\/\" \/>\n<meta name=\"twitter:card\" content=\"summary_large_image\" \/>\n<script type=\"application\/ld+json\" class=\"yoast-schema-graph\">{\"@context\":\"https:\\\/\\\/schema.org\",\"@graph\":[{\"@type\":\"WebPage\",\"@id\":\"https:\\\/\\\/tus.eschringen.de\\\/wordpress\\\/event\\\/vikt-huehnerfeld-tus-eschringen\\\/\",\"url\":\"https:\\\/\\\/tus.eschringen.de\\\/wordpress\\\/event\\\/vikt-huehnerfeld-tus-eschringen\\\/\",\"name\":\"Vikt. H\u00fchnerfeld - TuS Eschringen - TuS Eschringen\",\"isPartOf\":{\"@id\":\"https:\\\/\\\/tus.eschringen.de\\\/wordpress\\\/#website\"},\"datePublished\":\"2017-04-25T11:43:17+00:00\",\"breadcrumb\":{\"@id\":\"https:\\\/\\\/tus.eschringen.de\\\/wordpress\\\/event\\\/vikt-huehnerfeld-tus-eschringen\\\/#breadcrumb\"},\"inLanguage\":\"de\",\"potentialAction\":[{\"@type\":\"ReadAction\",\"target\":[\"https:\\\/\\\/tus.eschringen.de\\\/wordpress\\\/event\\\/vikt-huehnerfeld-tus-eschringen\\\/\"]}]},{\"@type\":\"BreadcrumbList\",\"@id\":\"https:\\\/\\\/tus.eschringen.de\\\/wordpress\\\/event\\\/vikt-huehnerfeld-tus-eschringen\\\/#breadcrumb\",\"itemListElement\":[{\"@type\":\"ListItem\",\"position\":1,\"name\":\"Startseite\",\"item\":\"https:\\\/\\\/tus.eschringen.de\\\/wordpress\\\/\"},{\"@type\":\"ListItem\",\"position\":2,\"name\":\"Veranstaltungen\",\"item\":\"https:\\\/\\\/tus.eschringen.de\\\/wordpress\\\/events\\\/\"},{\"@type\":\"ListItem\",\"position\":3,\"name\":\"Vikt. H\u00fchnerfeld &#8211; TuS Eschringen\"}]},{\"@type\":\"WebSite\",\"@id\":\"https:\\\/\\\/tus.eschringen.de\\\/wordpress\\\/#website\",\"url\":\"https:\\\/\\\/tus.eschringen.de\\\/wordpress\\\/\",\"name\":\"TuS Eschringen\",\"description\":\"\",\"publisher\":{\"@id\":\"https:\\\/\\\/tus.eschringen.de\\\/wordpress\\\/#organization\"},\"potentialAction\":[{\"@type\":\"SearchAction\",\"target\":{\"@type\":\"EntryPoint\",\"urlTemplate\":\"https:\\\/\\\/tus.eschringen.de\\\/wordpress\\\/?s={search_term_string}\"},\"query-input\":{\"@type\":\"PropertyValueSpecification\",\"valueRequired\":true,\"valueName\":\"search_term_string\"}}],\"inLanguage\":\"de\"},{\"@type\":\"Organization\",\"@id\":\"https:\\\/\\\/tus.eschringen.de\\\/wordpress\\\/#organization\",\"name\":\"TuS Eschringen\",\"url\":\"https:\\\/\\\/tus.eschringen.de\\\/wordpress\\\/\",\"logo\":{\"@type\":\"ImageObject\",\"inLanguage\":\"de\",\"@id\":\"https:\\\/\\\/tus.eschringen.de\\\/wordpress\\\/#\\\/schema\\\/logo\\\/image\\\/\",\"url\":\"https:\\\/\\\/i0.wp.com\\\/tus.eschringen.de\\\/wordpress\\\/wp-content\\\/uploads\\\/2025\\\/07\\\/Web_kopf.jpg?fit=1260%2C240&ssl=1\",\"contentUrl\":\"https:\\\/\\\/i0.wp.com\\\/tus.eschringen.de\\\/wordpress\\\/wp-content\\\/uploads\\\/2025\\\/07\\\/Web_kopf.jpg?fit=1260%2C240&ssl=1\",\"width\":1260,\"height\":240,\"caption\":\"TuS Eschringen\"},\"image\":{\"@id\":\"https:\\\/\\\/tus.eschringen.de\\\/wordpress\\\/#\\\/schema\\\/logo\\\/image\\\/\"},\"sameAs\":[\"https:\\\/\\\/www.facebook.com\\\/TuS.Eschringen\\\/\",\"https:\\\/\\\/www.instagram.com\\\/tus.eschringen\\\/\"]}]}<\/script>\n<!-- \/ Yoast SEO plugin. -->","yoast_head_json":{"title":"Vikt. H\u00fchnerfeld - TuS Eschringen - TuS Eschringen","robots":{"index":"index","follow":"follow","max-snippet":"max-snippet:-1","max-image-preview":"max-image-preview:large","max-video-preview":"max-video-preview:-1"},"canonical":"https:\/\/tus.eschringen.de\/wordpress\/event\/vikt-huehnerfeld-tus-eschringen\/","og_locale":"de_DE","og_type":"article","og_title":"Vikt. H\u00fchnerfeld - TuS Eschringen - TuS Eschringen","og_description":"1. Mannschaft: Bezirksliga Saarbr\u00fccken &#8211; Sonntag, 06.09.2015, 15.00 Uhr, Sportplatz H\u00fchnerfeld Vikt. H\u00fchnerfeld &#8211; TuS Eschringen\u00a0 4:0 (2:0) Spielbericht: Der TuS lie\u00df sich von der ersten Minute an den Schneid abkaufen. Das gewohnte Kombinationsspiel konnte auch nicht ansatzweise umgesetzt werden. Die Gastgeber waren sehr zweikampfstark und agierten st\u00e4ndig am Rande der Legalit\u00e4t. Das brachte die ... alles lesen","og_url":"https:\/\/tus.eschringen.de\/wordpress\/event\/vikt-huehnerfeld-tus-eschringen\/","og_site_name":"TuS Eschringen","article_publisher":"https:\/\/www.facebook.com\/TuS.Eschringen\/","twitter_card":"summary_large_image","schema":{"@context":"https:\/\/schema.org","@graph":[{"@type":"WebPage","@id":"https:\/\/tus.eschringen.de\/wordpress\/event\/vikt-huehnerfeld-tus-eschringen\/","url":"https:\/\/tus.eschringen.de\/wordpress\/event\/vikt-huehnerfeld-tus-eschringen\/","name":"Vikt. H\u00fchnerfeld - TuS Eschringen - TuS Eschringen","isPartOf":{"@id":"https:\/\/tus.eschringen.de\/wordpress\/#website"},"datePublished":"2017-04-25T11:43:17+00:00","breadcrumb":{"@id":"https:\/\/tus.eschringen.de\/wordpress\/event\/vikt-huehnerfeld-tus-eschringen\/#breadcrumb"},"inLanguage":"de","potentialAction":[{"@type":"ReadAction","target":["https:\/\/tus.eschringen.de\/wordpress\/event\/vikt-huehnerfeld-tus-eschringen\/"]}]},{"@type":"BreadcrumbList","@id":"https:\/\/tus.eschringen.de\/wordpress\/event\/vikt-huehnerfeld-tus-eschringen\/#breadcrumb","itemListElement":[{"@type":"ListItem","position":1,"name":"Startseite","item":"https:\/\/tus.eschringen.de\/wordpress\/"},{"@type":"ListItem","position":2,"name":"Veranstaltungen","item":"https:\/\/tus.eschringen.de\/wordpress\/events\/"},{"@type":"ListItem","position":3,"name":"Vikt. H\u00fchnerfeld &#8211; TuS Eschringen"}]},{"@type":"WebSite","@id":"https:\/\/tus.eschringen.de\/wordpress\/#website","url":"https:\/\/tus.eschringen.de\/wordpress\/","name":"TuS Eschringen","description":"","publisher":{"@id":"https:\/\/tus.eschringen.de\/wordpress\/#organization"},"potentialAction":[{"@type":"SearchAction","target":{"@type":"EntryPoint","urlTemplate":"https:\/\/tus.eschringen.de\/wordpress\/?s={search_term_string}"},"query-input":{"@type":"PropertyValueSpecification","valueRequired":true,"valueName":"search_term_string"}}],"inLanguage":"de"},{"@type":"Organization","@id":"https:\/\/tus.eschringen.de\/wordpress\/#organization","name":"TuS Eschringen","url":"https:\/\/tus.eschringen.de\/wordpress\/","logo":{"@type":"ImageObject","inLanguage":"de","@id":"https:\/\/tus.eschringen.de\/wordpress\/#\/schema\/logo\/image\/","url":"https:\/\/i0.wp.com\/tus.eschringen.de\/wordpress\/wp-content\/uploads\/2025\/07\/Web_kopf.jpg?fit=1260%2C240&ssl=1","contentUrl":"https:\/\/i0.wp.com\/tus.eschringen.de\/wordpress\/wp-content\/uploads\/2025\/07\/Web_kopf.jpg?fit=1260%2C240&ssl=1","width":1260,"height":240,"caption":"TuS Eschringen"},"image":{"@id":"https:\/\/tus.eschringen.de\/wordpress\/#\/schema\/logo\/image\/"},"sameAs":["https:\/\/www.facebook.com\/TuS.Eschringen\/","https:\/\/www.instagram.com\/tus.eschringen\/"]}]}},"jetpack_sharing_enabled":true,"_links":{"self":[{"href":"https:\/\/tus.eschringen.de\/wordpress\/wp-json\/wp\/v2\/tribe_events\/659","targetHints":{"allow":["GET"]}}],"collection":[{"href":"https:\/\/tus.eschringen.de\/wordpress\/wp-json\/wp\/v2\/tribe_events"}],"about":[{"href":"https:\/\/tus.eschringen.de\/wordpress\/wp-json\/wp\/v2\/types\/tribe_events"}],"author":[{"embeddable":true,"href":"https:\/\/tus.eschringen.de\/wordpress\/wp-json\/wp\/v2\/users\/1"}],"version-history":[{"count":1,"href":"https:\/\/tus.eschringen.de\/wordpress\/wp-json\/wp\/v2\/tribe_events\/659\/revisions"}],"predecessor-version":[{"id":660,"href":"https:\/\/tus.eschringen.de\/wordpress\/wp-json\/wp\/v2\/tribe_events\/659\/revisions\/660"}],"wp:attachment":[{"href":"https:\/\/tus.eschringen.de\/wordpress\/wp-json\/wp\/v2\/media?parent=659"}],"wp:term":[{"taxonomy":"post_tag","embeddable":true,"href":"https:\/\/tus.eschringen.de\/wordpress\/wp-json\/wp\/v2\/tags?post=659"},{"taxonomy":"tribe_events_cat","embeddable":true,"href":"https:\/\/tus.eschringen.de\/wordpress\/wp-json\/wp\/v2\/tribe_events_cat?post=659"}],"curies":[{"name":"wp","href":"https:\/\/api.w.org\/{rel}","templated":true}]}}

Vikt. Hühnerfeld &#8211; TuS Eschringen

<p><strong>1. Mannschaft:</strong></p>
<p><strong>Bezirksliga Saarbrücken &#8211; Sonntag</strong><strong>, 06.09.2015, 15.00 Uhr, Sportplatz Hühnerfeld</strong></p>
<p>Vikt. Hühnerfeld &#8211; TuS Eschringen <strong> 4:0</strong> (2:0)</p>
<p><strong>Spielbericht:</strong></p>
<p>Der TuS ließ sich von der ersten Minute an den Schneid abkaufen. Das gewohnte Kombinationsspiel konnte auch nicht ansatzweise umgesetzt werden. Die Gastgeber waren sehr zweikampfstark und agierten ständig am Rande der Legalität. Das brachte die junge Eschringer Mannschaft vollständig aus dem Konzept. Bis man verstanden hatte, um was es in dem Spiel geht, war es bereits verloren. Das Spiel muss unter der Rubrik „Lehrgeld“ abgehakt werden.</p>
<p>Tore:<br />
1:0 (11.) Kevin Kohlei<br />
2:0 (37.) Kevin Kohlei<br />
3:0 (60.) Yves Paul<br />
4:0 (79.) Kevin Kohlei</p>

<p>1. Mannschaft: Bezirksliga Saarbrücken &#8211; Sonntag, 06.09.2015, 15.00 Uhr, Sportplatz Hühnerfeld Vikt. Hühnerfeld &#8211; TuS Eschringen  4:0 (2:0) Spielbericht: Der TuS ließ sich von der ersten Minute an den Schneid abkaufen. Das gewohnte Kombinationsspiel konnte auch nicht ansatzweise umgesetzt werden. Die Gastgeber waren sehr zweikampfstark und agierten ständig am Rande der Legalität. Das brachte die &#8230; </p>
<p class="read-more-container"><a title="Vikt. Hühnerfeld &#8211; TuS Eschringen" class="read-more button" href="https://tus.eschringen.de/wordpress/event/vikt-huehnerfeld-tus-eschringen/#more-659" aria-label="Mehr Informationen über Vikt. Hühnerfeld &#8211; TuS Eschringen">alles lesen</a></p>

<!-- This site is optimized with the Yoast SEO plugin v27.5 - https://yoast.com/product/yoast-seo-wordpress/ -->
<title>Vikt. Hühnerfeld - TuS Eschringen - TuS Eschringen</title>
<meta name="robots" content="index, follow, max-snippet:-1, max-image-preview:large, max-video-preview:-1" />
<link rel="canonical" href="https://tus.eschringen.de/wordpress/event/vikt-huehnerfeld-tus-eschringen/" />
<meta property="og:locale" content="de_DE" />
<meta property="og:type" content="article" />
<meta property="og:title" content="Vikt. Hühnerfeld - TuS Eschringen - TuS Eschringen" />
<meta property="og:description" content="1. Mannschaft: Bezirksliga Saarbrücken &#8211; Sonntag, 06.09.2015, 15.00 Uhr, Sportplatz Hühnerfeld Vikt. Hühnerfeld &#8211; TuS Eschringen  4:0 (2:0) Spielbericht: Der TuS ließ sich von der ersten Minute an den Schneid abkaufen. Das gewohnte Kombinationsspiel konnte auch nicht ansatzweise umgesetzt werden. Die Gastgeber waren sehr zweikampfstark und agierten ständig am Rande der Legalität. Das brachte die ... alles lesen" />
<meta property="og:url" content="https://tus.eschringen.de/wordpress/event/vikt-huehnerfeld-tus-eschringen/" />
<meta property="og:site_name" content="TuS Eschringen" />
<meta property="article:publisher" content="https://www.facebook.com/TuS.Eschringen/" />
<meta name="twitter:card" content="summary_large_image" />
<script type="application/ld+json" class="yoast-schema-graph">{"@context":"https:\/\/schema.org","@graph":[{"@type":"WebPage","@id":"https:\/\/tus.eschringen.de\/wordpress\/event\/vikt-huehnerfeld-tus-eschringen\/","url":"https:\/\/tus.eschringen.de\/wordpress\/event\/vikt-huehnerfeld-tus-eschringen\/","name":"Vikt. Hühnerfeld - TuS Eschringen - TuS Eschringen","isPartOf":{"@id":"https:\/\/tus.eschringen.de\/wordpress\/#website"},"datePublished":"2017-04-25T11:43:17+00:00","breadcrumb":{"@id":"https:\/\/tus.eschringen.de\/wordpress\/event\/vikt-huehnerfeld-tus-eschringen\/#breadcrumb"},"inLanguage":"de","potentialAction":[{"@type":"ReadAction","target":["https:\/\/tus.eschringen.de\/wordpress\/event\/vikt-huehnerfeld-tus-eschringen\/"]}]},{"@type":"BreadcrumbList","@id":"https:\/\/tus.eschringen.de\/wordpress\/event\/vikt-huehnerfeld-tus-eschringen\/#breadcrumb","itemListElement":[{"@type":"ListItem","position":1,"name":"Startseite","item":"https:\/\/tus.eschringen.de\/wordpress\/"},{"@type":"ListItem","position":2,"name":"Veranstaltungen","item":"https:\/\/tus.eschringen.de\/wordpress\/events\/"},{"@type":"ListItem","position":3,"name":"Vikt. Hühnerfeld &#8211; TuS Eschringen"}]},{"@type":"WebSite","@id":"https:\/\/tus.eschringen.de\/wordpress\/#website","url":"https:\/\/tus.eschringen.de\/wordpress\/","name":"TuS Eschringen","description":"","publisher":{"@id":"https:\/\/tus.eschringen.de\/wordpress\/#organization"},"potentialAction":[{"@type":"SearchAction","target":{"@type":"EntryPoint","urlTemplate":"https:\/\/tus.eschringen.de\/wordpress\/?s={search_term_string}"},"query-input":{"@type":"PropertyValueSpecification","valueRequired":true,"valueName":"search_term_string"}}],"inLanguage":"de"},{"@type":"Organization","@id":"https:\/\/tus.eschringen.de\/wordpress\/#organization","name":"TuS Eschringen","url":"https:\/\/tus.eschringen.de\/wordpress\/","logo":{"@type":"ImageObject","inLanguage":"de","@id":"https:\/\/tus.eschringen.de\/wordpress\/#\/schema\/logo\/image\/","url":"https:\/\/i0.wp.com\/tus.eschringen.de\/wordpress\/wp-content\/uploads\/2025\/07\/Web_kopf.jpg?fit=1260%2C240&ssl=1","contentUrl":"https:\/\/i0.wp.com\/tus.eschringen.de\/wordpress\/wp-content\/uploads\/2025\/07\/Web_kopf.jpg?fit=1260%2C240&ssl=1","width":1260,"height":240,"caption":"TuS Eschringen"},"image":{"@id":"https:\/\/tus.eschringen.de\/wordpress\/#\/schema\/logo\/image\/"},"sameAs":["https:\/\/www.facebook.com\/TuS.Eschringen\/","https:\/\/www.instagram.com\/tus.eschringen\/"]}]}</script>
<!-- / Yoast SEO plugin. -->

Vikt. Hühnerfeld - TuS Eschringen - TuS Eschringen

1. Mannschaft: Bezirksliga Saarbrücken &#8211; Sonntag, 06.09.2015, 15.00 Uhr, Sportplatz Hühnerfeld Vikt. Hühnerfeld &#8211; TuS Eschringen  4:0 (2:0) Spielbericht: Der TuS ließ sich von der ersten Minute an den Schneid abkaufen. Das gewohnte Kombinationsspiel konnte auch nicht ansatzweise umgesetzt werden. Die Gastgeber waren sehr zweikampfstark und agierten ständig am Rande der Legalität. Das brachte die ... alles lesen
