{"id":656,"date":"2017-04-25T13:40:10","date_gmt":"2017-04-25T11:40:10","guid":{"rendered":"http:\/\/tus.eschringen.de\/wordpress\/?post_type=tribe_events&#038;p=656"},"modified":"2017-04-25T13:40:10","modified_gmt":"2017-04-25T11:40:10","slug":"tus-eschringen-spvgg-quierschied-2","status":"publish","type":"tribe_events","link":"https:\/\/tus.eschringen.de\/wordpress\/event\/tus-eschringen-spvgg-quierschied-2\/","title":{"rendered":"TuS Eschringen &#8211; Spvgg. Quierschied 2"},"content":{"rendered":"<p><strong>1. Mannschaft:<\/strong><\/p>\n<p><strong>Bezirksliga Saarbr\u00fccken &#8211; Sonntag<\/strong><strong>, 30.08.2015, 15.00 Uhr, Sportplatz Eschringen<\/strong><\/p>\n<p>TuS Eschringen &#8211; Spvgg. Quierschied 2\u00a0<strong> 1:2<\/strong> (0:0)<\/p>\n<p><strong>Spielbericht:<\/strong><\/p>\n<p>Der TuS unterlag auch im zweiten Heimspiel der Saison. Im Gegensatz zum Spiel gegen Schnappach, in dem man doch deutlich unterlegen war, verlor man dieses Mal recht ungl\u00fccklich. Gerade in der ersten Halbzeit erspielte man ein klares Chancenplus und h\u00e4tte mit einem oder zwei Toren f\u00fchren k\u00f6nnen. Auch zu Beginn der zweiten Halbzeit hatte man noch eine Gro\u00dfchance. Danach wurde das Spiel ausgeglichener. Quierschied machte unserer Mannschaft vor, wie man effektiv Fu\u00dfball spielt und ging mit seiner zweiten Chance in F\u00fchrung. Einem unn\u00f6tigen Ballverlust des TuS-Teams in der eigenen H\u00e4lfte folgte das blitzschnelle Umschalten der Quierschieder Mannschaft, eine Unstimmigkeit in der Viererkette und schon stand der gegnerische St\u00fcrmer frei vor unserem Torwart und platzierte den Ball unhaltbar in die lange Ecke. Bei den extremen Temperaturen wurde es nach dem R\u00fcckstand immer schwerer f\u00fcr unser Team. Mit den schwindenden Kr\u00e4ften ging auch die spielerische Linie verloren. Das Spiel wurde kampfbetonter, Torchancen waren Mangelware. Ein Kopfball nach einem Eckball erbrachte schlie\u00dflich die Entscheidung zugunsten der G\u00e4stemannschaft. Zwar konnte der TuS postwendend antworten.In den letzten Minuten war man allerdings nicht mehr in der Lage, das G\u00e4stetor in Bedr\u00e4ngnis zu bringen. Schade, denn es wurde die Chance verpasst, sich vom Tabellenende zu entfernen.<\/p>\n<p>Torsch\u00fctzen:<br \/>\n0:1 (50.) Neltes<br \/>\n0:2 (80.)<br \/>\n<strong>1:2<\/strong> (81.) Eigentor<\/p>\n","protected":false},"excerpt":{"rendered":"<p>1. Mannschaft: Bezirksliga Saarbr\u00fccken &#8211; Sonntag, 30.08.2015, 15.00 Uhr, Sportplatz Eschringen TuS Eschringen &#8211; Spvgg. Quierschied 2\u00a0 1:2 (0:0) Spielbericht: Der TuS unterlag auch im zweiten Heimspiel der Saison. Im Gegensatz zum Spiel gegen Schnappach, in dem man doch deutlich unterlegen war, verlor man dieses Mal recht ungl\u00fccklich. Gerade in der ersten Halbzeit erspielte man &#8230; <\/p>\n<p class=\"read-more-container\"><a title=\"TuS Eschringen &#8211; Spvgg. Quierschied 2\" class=\"read-more button\" href=\"https:\/\/tus.eschringen.de\/wordpress\/event\/tus-eschringen-spvgg-quierschied-2\/#more-656\" aria-label=\"Mehr Informationen \u00fcber TuS Eschringen &#8211; Spvgg. Quierschied 2\">alles lesen<\/a><\/p>\n","protected":false},"author":1,"featured_media":0,"template":"","meta":{"generate_page_header":"","_tribe_events_status":"","_tribe_events_status_reason":"","footnotes":""},"tags":[],"tribe_events_cat":[],"class_list":["post-656","tribe_events","type-tribe_events","status-publish","hentry"],"yoast_head":"<!-- This site is optimized with the Yoast SEO plugin v27.5 - https:\/\/yoast.com\/product\/yoast-seo-wordpress\/ -->\n<title>TuS Eschringen - Spvgg. Quierschied 2 - TuS Eschringen<\/title>\n<meta name=\"robots\" content=\"index, follow, max-snippet:-1, max-image-preview:large, max-video-preview:-1\" \/>\n<link rel=\"canonical\" href=\"https:\/\/tus.eschringen.de\/wordpress\/event\/tus-eschringen-spvgg-quierschied-2\/\" \/>\n<meta property=\"og:locale\" content=\"de_DE\" \/>\n<meta property=\"og:type\" content=\"article\" \/>\n<meta property=\"og:title\" content=\"TuS Eschringen - Spvgg. Quierschied 2 - TuS Eschringen\" \/>\n<meta property=\"og:description\" content=\"1. Mannschaft: Bezirksliga Saarbr\u00fccken &#8211; Sonntag, 30.08.2015, 15.00 Uhr, Sportplatz Eschringen TuS Eschringen &#8211; Spvgg. Quierschied 2\u00a0 1:2 (0:0) Spielbericht: Der TuS unterlag auch im zweiten Heimspiel der Saison. Im Gegensatz zum Spiel gegen Schnappach, in dem man doch deutlich unterlegen war, verlor man dieses Mal recht ungl\u00fccklich. Gerade in der ersten Halbzeit erspielte man ... alles lesen\" \/>\n<meta property=\"og:url\" content=\"https:\/\/tus.eschringen.de\/wordpress\/event\/tus-eschringen-spvgg-quierschied-2\/\" \/>\n<meta property=\"og:site_name\" content=\"TuS Eschringen\" \/>\n<meta property=\"article:publisher\" content=\"https:\/\/www.facebook.com\/TuS.Eschringen\/\" \/>\n<meta name=\"twitter:card\" content=\"summary_large_image\" \/>\n<meta name=\"twitter:label1\" content=\"Gesch\u00e4tzte Lesezeit\" \/>\n\t<meta name=\"twitter:data1\" content=\"1\u00a0Minute\" \/>\n<script type=\"application\/ld+json\" class=\"yoast-schema-graph\">{\"@context\":\"https:\\\/\\\/schema.org\",\"@graph\":[{\"@type\":\"WebPage\",\"@id\":\"https:\\\/\\\/tus.eschringen.de\\\/wordpress\\\/event\\\/tus-eschringen-spvgg-quierschied-2\\\/\",\"url\":\"https:\\\/\\\/tus.eschringen.de\\\/wordpress\\\/event\\\/tus-eschringen-spvgg-quierschied-2\\\/\",\"name\":\"TuS Eschringen - Spvgg. Quierschied 2 - TuS Eschringen\",\"isPartOf\":{\"@id\":\"https:\\\/\\\/tus.eschringen.de\\\/wordpress\\\/#website\"},\"datePublished\":\"2017-04-25T11:40:10+00:00\",\"breadcrumb\":{\"@id\":\"https:\\\/\\\/tus.eschringen.de\\\/wordpress\\\/event\\\/tus-eschringen-spvgg-quierschied-2\\\/#breadcrumb\"},\"inLanguage\":\"de\",\"potentialAction\":[{\"@type\":\"ReadAction\",\"target\":[\"https:\\\/\\\/tus.eschringen.de\\\/wordpress\\\/event\\\/tus-eschringen-spvgg-quierschied-2\\\/\"]}]},{\"@type\":\"BreadcrumbList\",\"@id\":\"https:\\\/\\\/tus.eschringen.de\\\/wordpress\\\/event\\\/tus-eschringen-spvgg-quierschied-2\\\/#breadcrumb\",\"itemListElement\":[{\"@type\":\"ListItem\",\"position\":1,\"name\":\"Startseite\",\"item\":\"https:\\\/\\\/tus.eschringen.de\\\/wordpress\\\/\"},{\"@type\":\"ListItem\",\"position\":2,\"name\":\"Veranstaltungen\",\"item\":\"https:\\\/\\\/tus.eschringen.de\\\/wordpress\\\/events\\\/\"},{\"@type\":\"ListItem\",\"position\":3,\"name\":\"TuS Eschringen &#8211; Spvgg. Quierschied 2\"}]},{\"@type\":\"WebSite\",\"@id\":\"https:\\\/\\\/tus.eschringen.de\\\/wordpress\\\/#website\",\"url\":\"https:\\\/\\\/tus.eschringen.de\\\/wordpress\\\/\",\"name\":\"TuS Eschringen\",\"description\":\"\",\"publisher\":{\"@id\":\"https:\\\/\\\/tus.eschringen.de\\\/wordpress\\\/#organization\"},\"potentialAction\":[{\"@type\":\"SearchAction\",\"target\":{\"@type\":\"EntryPoint\",\"urlTemplate\":\"https:\\\/\\\/tus.eschringen.de\\\/wordpress\\\/?s={search_term_string}\"},\"query-input\":{\"@type\":\"PropertyValueSpecification\",\"valueRequired\":true,\"valueName\":\"search_term_string\"}}],\"inLanguage\":\"de\"},{\"@type\":\"Organization\",\"@id\":\"https:\\\/\\\/tus.eschringen.de\\\/wordpress\\\/#organization\",\"name\":\"TuS Eschringen\",\"url\":\"https:\\\/\\\/tus.eschringen.de\\\/wordpress\\\/\",\"logo\":{\"@type\":\"ImageObject\",\"inLanguage\":\"de\",\"@id\":\"https:\\\/\\\/tus.eschringen.de\\\/wordpress\\\/#\\\/schema\\\/logo\\\/image\\\/\",\"url\":\"https:\\\/\\\/i0.wp.com\\\/tus.eschringen.de\\\/wordpress\\\/wp-content\\\/uploads\\\/2025\\\/07\\\/Web_kopf.jpg?fit=1260%2C240&ssl=1\",\"contentUrl\":\"https:\\\/\\\/i0.wp.com\\\/tus.eschringen.de\\\/wordpress\\\/wp-content\\\/uploads\\\/2025\\\/07\\\/Web_kopf.jpg?fit=1260%2C240&ssl=1\",\"width\":1260,\"height\":240,\"caption\":\"TuS Eschringen\"},\"image\":{\"@id\":\"https:\\\/\\\/tus.eschringen.de\\\/wordpress\\\/#\\\/schema\\\/logo\\\/image\\\/\"},\"sameAs\":[\"https:\\\/\\\/www.facebook.com\\\/TuS.Eschringen\\\/\",\"https:\\\/\\\/www.instagram.com\\\/tus.eschringen\\\/\"]}]}<\/script>\n<!-- \/ Yoast SEO plugin. -->","yoast_head_json":{"title":"TuS Eschringen - Spvgg. Quierschied 2 - TuS Eschringen","robots":{"index":"index","follow":"follow","max-snippet":"max-snippet:-1","max-image-preview":"max-image-preview:large","max-video-preview":"max-video-preview:-1"},"canonical":"https:\/\/tus.eschringen.de\/wordpress\/event\/tus-eschringen-spvgg-quierschied-2\/","og_locale":"de_DE","og_type":"article","og_title":"TuS Eschringen - Spvgg. Quierschied 2 - TuS Eschringen","og_description":"1. Mannschaft: Bezirksliga Saarbr\u00fccken &#8211; Sonntag, 30.08.2015, 15.00 Uhr, Sportplatz Eschringen TuS Eschringen &#8211; Spvgg. Quierschied 2\u00a0 1:2 (0:0) Spielbericht: Der TuS unterlag auch im zweiten Heimspiel der Saison. Im Gegensatz zum Spiel gegen Schnappach, in dem man doch deutlich unterlegen war, verlor man dieses Mal recht ungl\u00fccklich. Gerade in der ersten Halbzeit erspielte man ... alles lesen","og_url":"https:\/\/tus.eschringen.de\/wordpress\/event\/tus-eschringen-spvgg-quierschied-2\/","og_site_name":"TuS Eschringen","article_publisher":"https:\/\/www.facebook.com\/TuS.Eschringen\/","twitter_card":"summary_large_image","twitter_misc":{"Gesch\u00e4tzte Lesezeit":"1\u00a0Minute"},"schema":{"@context":"https:\/\/schema.org","@graph":[{"@type":"WebPage","@id":"https:\/\/tus.eschringen.de\/wordpress\/event\/tus-eschringen-spvgg-quierschied-2\/","url":"https:\/\/tus.eschringen.de\/wordpress\/event\/tus-eschringen-spvgg-quierschied-2\/","name":"TuS Eschringen - Spvgg. Quierschied 2 - TuS Eschringen","isPartOf":{"@id":"https:\/\/tus.eschringen.de\/wordpress\/#website"},"datePublished":"2017-04-25T11:40:10+00:00","breadcrumb":{"@id":"https:\/\/tus.eschringen.de\/wordpress\/event\/tus-eschringen-spvgg-quierschied-2\/#breadcrumb"},"inLanguage":"de","potentialAction":[{"@type":"ReadAction","target":["https:\/\/tus.eschringen.de\/wordpress\/event\/tus-eschringen-spvgg-quierschied-2\/"]}]},{"@type":"BreadcrumbList","@id":"https:\/\/tus.eschringen.de\/wordpress\/event\/tus-eschringen-spvgg-quierschied-2\/#breadcrumb","itemListElement":[{"@type":"ListItem","position":1,"name":"Startseite","item":"https:\/\/tus.eschringen.de\/wordpress\/"},{"@type":"ListItem","position":2,"name":"Veranstaltungen","item":"https:\/\/tus.eschringen.de\/wordpress\/events\/"},{"@type":"ListItem","position":3,"name":"TuS Eschringen &#8211; Spvgg. Quierschied 2"}]},{"@type":"WebSite","@id":"https:\/\/tus.eschringen.de\/wordpress\/#website","url":"https:\/\/tus.eschringen.de\/wordpress\/","name":"TuS Eschringen","description":"","publisher":{"@id":"https:\/\/tus.eschringen.de\/wordpress\/#organization"},"potentialAction":[{"@type":"SearchAction","target":{"@type":"EntryPoint","urlTemplate":"https:\/\/tus.eschringen.de\/wordpress\/?s={search_term_string}"},"query-input":{"@type":"PropertyValueSpecification","valueRequired":true,"valueName":"search_term_string"}}],"inLanguage":"de"},{"@type":"Organization","@id":"https:\/\/tus.eschringen.de\/wordpress\/#organization","name":"TuS Eschringen","url":"https:\/\/tus.eschringen.de\/wordpress\/","logo":{"@type":"ImageObject","inLanguage":"de","@id":"https:\/\/tus.eschringen.de\/wordpress\/#\/schema\/logo\/image\/","url":"https:\/\/i0.wp.com\/tus.eschringen.de\/wordpress\/wp-content\/uploads\/2025\/07\/Web_kopf.jpg?fit=1260%2C240&ssl=1","contentUrl":"https:\/\/i0.wp.com\/tus.eschringen.de\/wordpress\/wp-content\/uploads\/2025\/07\/Web_kopf.jpg?fit=1260%2C240&ssl=1","width":1260,"height":240,"caption":"TuS Eschringen"},"image":{"@id":"https:\/\/tus.eschringen.de\/wordpress\/#\/schema\/logo\/image\/"},"sameAs":["https:\/\/www.facebook.com\/TuS.Eschringen\/","https:\/\/www.instagram.com\/tus.eschringen\/"]}]}},"jetpack_sharing_enabled":true,"_links":{"self":[{"href":"https:\/\/tus.eschringen.de\/wordpress\/wp-json\/wp\/v2\/tribe_events\/656","targetHints":{"allow":["GET"]}}],"collection":[{"href":"https:\/\/tus.eschringen.de\/wordpress\/wp-json\/wp\/v2\/tribe_events"}],"about":[{"href":"https:\/\/tus.eschringen.de\/wordpress\/wp-json\/wp\/v2\/types\/tribe_events"}],"author":[{"embeddable":true,"href":"https:\/\/tus.eschringen.de\/wordpress\/wp-json\/wp\/v2\/users\/1"}],"version-history":[{"count":1,"href":"https:\/\/tus.eschringen.de\/wordpress\/wp-json\/wp\/v2\/tribe_events\/656\/revisions"}],"predecessor-version":[{"id":657,"href":"https:\/\/tus.eschringen.de\/wordpress\/wp-json\/wp\/v2\/tribe_events\/656\/revisions\/657"}],"wp:attachment":[{"href":"https:\/\/tus.eschringen.de\/wordpress\/wp-json\/wp\/v2\/media?parent=656"}],"wp:term":[{"taxonomy":"post_tag","embeddable":true,"href":"https:\/\/tus.eschringen.de\/wordpress\/wp-json\/wp\/v2\/tags?post=656"},{"taxonomy":"tribe_events_cat","embeddable":true,"href":"https:\/\/tus.eschringen.de\/wordpress\/wp-json\/wp\/v2\/tribe_events_cat?post=656"}],"curies":[{"name":"wp","href":"https:\/\/api.w.org\/{rel}","templated":true}]}}

<p><strong>1. Mannschaft:</strong></p>
<p><strong>Bezirksliga Saarbrücken &#8211; Sonntag</strong><strong>, 30.08.2015, 15.00 Uhr, Sportplatz Eschringen</strong></p>
<p>TuS Eschringen &#8211; Spvgg. Quierschied 2 <strong> 1:2</strong> (0:0)</p>
<p><strong>Spielbericht:</strong></p>
<p>Der TuS unterlag auch im zweiten Heimspiel der Saison. Im Gegensatz zum Spiel gegen Schnappach, in dem man doch deutlich unterlegen war, verlor man dieses Mal recht unglücklich. Gerade in der ersten Halbzeit erspielte man ein klares Chancenplus und hätte mit einem oder zwei Toren führen können. Auch zu Beginn der zweiten Halbzeit hatte man noch eine Großchance. Danach wurde das Spiel ausgeglichener. Quierschied machte unserer Mannschaft vor, wie man effektiv Fußball spielt und ging mit seiner zweiten Chance in Führung. Einem unnötigen Ballverlust des TuS-Teams in der eigenen Hälfte folgte das blitzschnelle Umschalten der Quierschieder Mannschaft, eine Unstimmigkeit in der Viererkette und schon stand der gegnerische Stürmer frei vor unserem Torwart und platzierte den Ball unhaltbar in die lange Ecke. Bei den extremen Temperaturen wurde es nach dem Rückstand immer schwerer für unser Team. Mit den schwindenden Kräften ging auch die spielerische Linie verloren. Das Spiel wurde kampfbetonter, Torchancen waren Mangelware. Ein Kopfball nach einem Eckball erbrachte schließlich die Entscheidung zugunsten der Gästemannschaft. Zwar konnte der TuS postwendend antworten.In den letzten Minuten war man allerdings nicht mehr in der Lage, das Gästetor in Bedrängnis zu bringen. Schade, denn es wurde die Chance verpasst, sich vom Tabellenende zu entfernen.</p>
<p>Torschützen:<br />
0:1 (50.) Neltes<br />
0:2 (80.)<br />
<strong>1:2</strong> (81.) Eigentor</p>

<p>1. Mannschaft: Bezirksliga Saarbrücken &#8211; Sonntag, 30.08.2015, 15.00 Uhr, Sportplatz Eschringen TuS Eschringen &#8211; Spvgg. Quierschied 2  1:2 (0:0) Spielbericht: Der TuS unterlag auch im zweiten Heimspiel der Saison. Im Gegensatz zum Spiel gegen Schnappach, in dem man doch deutlich unterlegen war, verlor man dieses Mal recht unglücklich. Gerade in der ersten Halbzeit erspielte man &#8230; </p>
<p class="read-more-container"><a title="TuS Eschringen &#8211; Spvgg. Quierschied 2" class="read-more button" href="https://tus.eschringen.de/wordpress/event/tus-eschringen-spvgg-quierschied-2/#more-656" aria-label="Mehr Informationen über TuS Eschringen &#8211; Spvgg. Quierschied 2">alles lesen</a></p>

<!-- This site is optimized with the Yoast SEO plugin v27.5 - https://yoast.com/product/yoast-seo-wordpress/ -->
<title>TuS Eschringen - Spvgg. Quierschied 2 - TuS Eschringen</title>
<meta name="robots" content="index, follow, max-snippet:-1, max-image-preview:large, max-video-preview:-1" />
<link rel="canonical" href="https://tus.eschringen.de/wordpress/event/tus-eschringen-spvgg-quierschied-2/" />
<meta property="og:locale" content="de_DE" />
<meta property="og:type" content="article" />
<meta property="og:title" content="TuS Eschringen - Spvgg. Quierschied 2 - TuS Eschringen" />
<meta property="og:description" content="1. Mannschaft: Bezirksliga Saarbrücken &#8211; Sonntag, 30.08.2015, 15.00 Uhr, Sportplatz Eschringen TuS Eschringen &#8211; Spvgg. Quierschied 2  1:2 (0:0) Spielbericht: Der TuS unterlag auch im zweiten Heimspiel der Saison. Im Gegensatz zum Spiel gegen Schnappach, in dem man doch deutlich unterlegen war, verlor man dieses Mal recht unglücklich. Gerade in der ersten Halbzeit erspielte man ... alles lesen" />
<meta property="og:url" content="https://tus.eschringen.de/wordpress/event/tus-eschringen-spvgg-quierschied-2/" />
<meta property="og:site_name" content="TuS Eschringen" />
<meta property="article:publisher" content="https://www.facebook.com/TuS.Eschringen/" />
<meta name="twitter:card" content="summary_large_image" />
<meta name="twitter:label1" content="Geschätzte Lesezeit" />
	<meta name="twitter:data1" content="1 Minute" />
<script type="application/ld+json" class="yoast-schema-graph">{"@context":"https:\/\/schema.org","@graph":[{"@type":"WebPage","@id":"https:\/\/tus.eschringen.de\/wordpress\/event\/tus-eschringen-spvgg-quierschied-2\/","url":"https:\/\/tus.eschringen.de\/wordpress\/event\/tus-eschringen-spvgg-quierschied-2\/","name":"TuS Eschringen - Spvgg. Quierschied 2 - TuS Eschringen","isPartOf":{"@id":"https:\/\/tus.eschringen.de\/wordpress\/#website"},"datePublished":"2017-04-25T11:40:10+00:00","breadcrumb":{"@id":"https:\/\/tus.eschringen.de\/wordpress\/event\/tus-eschringen-spvgg-quierschied-2\/#breadcrumb"},"inLanguage":"de","potentialAction":[{"@type":"ReadAction","target":["https:\/\/tus.eschringen.de\/wordpress\/event\/tus-eschringen-spvgg-quierschied-2\/"]}]},{"@type":"BreadcrumbList","@id":"https:\/\/tus.eschringen.de\/wordpress\/event\/tus-eschringen-spvgg-quierschied-2\/#breadcrumb","itemListElement":[{"@type":"ListItem","position":1,"name":"Startseite","item":"https:\/\/tus.eschringen.de\/wordpress\/"},{"@type":"ListItem","position":2,"name":"Veranstaltungen","item":"https:\/\/tus.eschringen.de\/wordpress\/events\/"},{"@type":"ListItem","position":3,"name":"TuS Eschringen &#8211; Spvgg. Quierschied 2"}]},{"@type":"WebSite","@id":"https:\/\/tus.eschringen.de\/wordpress\/#website","url":"https:\/\/tus.eschringen.de\/wordpress\/","name":"TuS Eschringen","description":"","publisher":{"@id":"https:\/\/tus.eschringen.de\/wordpress\/#organization"},"potentialAction":[{"@type":"SearchAction","target":{"@type":"EntryPoint","urlTemplate":"https:\/\/tus.eschringen.de\/wordpress\/?s={search_term_string}"},"query-input":{"@type":"PropertyValueSpecification","valueRequired":true,"valueName":"search_term_string"}}],"inLanguage":"de"},{"@type":"Organization","@id":"https:\/\/tus.eschringen.de\/wordpress\/#organization","name":"TuS Eschringen","url":"https:\/\/tus.eschringen.de\/wordpress\/","logo":{"@type":"ImageObject","inLanguage":"de","@id":"https:\/\/tus.eschringen.de\/wordpress\/#\/schema\/logo\/image\/","url":"https:\/\/i0.wp.com\/tus.eschringen.de\/wordpress\/wp-content\/uploads\/2025\/07\/Web_kopf.jpg?fit=1260%2C240&ssl=1","contentUrl":"https:\/\/i0.wp.com\/tus.eschringen.de\/wordpress\/wp-content\/uploads\/2025\/07\/Web_kopf.jpg?fit=1260%2C240&ssl=1","width":1260,"height":240,"caption":"TuS Eschringen"},"image":{"@id":"https:\/\/tus.eschringen.de\/wordpress\/#\/schema\/logo\/image\/"},"sameAs":["https:\/\/www.facebook.com\/TuS.Eschringen\/","https:\/\/www.instagram.com\/tus.eschringen\/"]}]}</script>
<!-- / Yoast SEO plugin. -->

1. Mannschaft: Bezirksliga Saarbrücken &#8211; Sonntag, 30.08.2015, 15.00 Uhr, Sportplatz Eschringen TuS Eschringen &#8211; Spvgg. Quierschied 2  1:2 (0:0) Spielbericht: Der TuS unterlag auch im zweiten Heimspiel der Saison. Im Gegensatz zum Spiel gegen Schnappach, in dem man doch deutlich unterlegen war, verlor man dieses Mal recht unglücklich. Gerade in der ersten Halbzeit erspielte man ... alles lesen
