{"id":652,"date":"2017-04-25T13:36:49","date_gmt":"2017-04-25T11:36:49","guid":{"rendered":"http:\/\/tus.eschringen.de\/wordpress\/?post_type=tribe_events&#038;p=652"},"modified":"2017-04-25T13:36:49","modified_gmt":"2017-04-25T11:36:49","slug":"sv-emmersweiler-tus-eschringen","status":"publish","type":"tribe_events","link":"https:\/\/tus.eschringen.de\/wordpress\/event\/sv-emmersweiler-tus-eschringen\/","title":{"rendered":"SV Emmersweiler &#8211; TuS Eschringen"},"content":{"rendered":"<p><strong>1. Mannschaft:<\/strong><\/p>\n<p><strong>Bezirksliga Saarbr\u00fccken<\/strong> &#8211;<strong> Sonntag<\/strong><strong>, 23.8.2015, 15.00 Uhr, Sportplatz Emmersweiler<\/strong><\/p>\n<p>SV Emmersweiler &#8211; TuS Eschringen\u00a0 <strong>1:2<\/strong> (0:1)<\/p>\n<p><strong>Spielbericht:<\/strong><\/p>\n<p>Auch im zweiten Ausw\u00e4rtsspiel der Runde brachte der TuS etwas Z\u00e4hlbares mit nach Hause. Diesmal waren es sogar 3 Punkte. Man feierte den ersten Saisonsieg.<br \/>\nDer TuS zeigte in der ersten halben Stunde eine ganz starke Leistung. Emmersweiler wurde auf dem Platz keine Zeit zum Luftholen geg\u00f6nnt. Bei eigenem Ballbesitz spielte Eschringen kombinationssicher nach vorne, bei gegnerischem Ballbesitz entwickelte man einen derartigen Druck, dass man schnell wieder in eigenem Ballbesitz war. Nachdem Daniel Hart in den ersten Minuten noch an der Torlatte scheiterte, machte Robin P\u00f6nicke es kurz darauf besser. Er schlenzte einen 20-Meter-Schuss aus halblinker Position herrlich in die lange Ecke. Der Torwart war chancenlos. Dieser Treffer zeigte sowohl bei der Heim- als auch bei der Ausw\u00e4rtsmannschaft Wirkung. Eschringen spielte in der Folge noch \u00fcberlegener, Emmersweiler wirkte angeknockt. In der letzten Viertelstunde vor der Pause erh\u00f6hte die Heimmannschaft dann aber den Druck aufs Tor. Der TuS geriet in einigen Situationen in Schwierigkeiten und hatte in der einen oder anderen Szene auch das Gl\u00fcck des T\u00fcchtigen. Letztlich gelang es aber verdienterma\u00dfen, mit einer 1:0-F\u00fchrung in die Pause zu gehen. Nach der Pause dr\u00e4ngte Emmersweiler zwar weiter. Dem TuS gelang es in der Anfangsphase allerdings, einige gef\u00e4hrliche Konter gegen die anf\u00e4llige Defensive der Heimmannschaft zu fahren. Einer dieser Konter f\u00fchrte zum vorentscheidenden 2:0 durch Simon Herter, der sich wunderbar gegen zwei Verteidiger durchsetzte und mit einem strammen Schuss im Strafraum vollendete. Danach war es mit der Eschringer Herrlichkeit aber endg\u00fcltig vorbei. Emmersweiler wurde immer st\u00e4rker und der TuS beschr\u00e4nkte sich in der letzten halben Stunde fast nur noch aufs Verteidigen des Vorsprungs. Das Offensivspiel wurde fast vollst\u00e4ndig eingestellt. Emmersweiler kam in der 68. Minute zum Anschlusstreffer und dr\u00e4ngte weiter und weiter. Folglich galt es, noch einige heikle Situationen zu \u00fcberstehen. Der TuS stemmte sich mit allem gegen das drohende Unentschieden und brachte den knappen Vorsprung schlie\u00dflich \u00fcber die Zeit. Ein toller Erfolg f\u00fcr die junge Mannschaft!<br \/>\nMit vier Punkten aus drei schweren Auftaktspielen ist man absolut im Soll. Der Start in die neue Runde ist als gelungen zu bezeichnen.<\/p>\n<p>Torsch\u00fctzen:<br \/>\n<strong>0:1<\/strong> Robin P\u00f6nicke (7.)<br \/>\n<strong>0:2<\/strong> Simon Herter (60.)<br \/>\n1:2 Graesel Alain (68.)<\/p>\n","protected":false},"excerpt":{"rendered":"<p>1. Mannschaft: Bezirksliga Saarbr\u00fccken &#8211; Sonntag, 23.8.2015, 15.00 Uhr, Sportplatz Emmersweiler SV Emmersweiler &#8211; TuS Eschringen\u00a0 1:2 (0:1) Spielbericht: Auch im zweiten Ausw\u00e4rtsspiel der Runde brachte der TuS etwas Z\u00e4hlbares mit nach Hause. Diesmal waren es sogar 3 Punkte. Man feierte den ersten Saisonsieg. Der TuS zeigte in der ersten halben Stunde eine ganz starke &#8230; <\/p>\n<p class=\"read-more-container\"><a title=\"SV Emmersweiler &#8211; TuS Eschringen\" class=\"read-more button\" href=\"https:\/\/tus.eschringen.de\/wordpress\/event\/sv-emmersweiler-tus-eschringen\/#more-652\" aria-label=\"Mehr Informationen \u00fcber SV Emmersweiler &#8211; TuS Eschringen\">alles lesen<\/a><\/p>\n","protected":false},"author":1,"featured_media":0,"template":"","meta":{"generate_page_header":"","_tribe_events_status":"","_tribe_events_status_reason":"","footnotes":""},"tags":[],"tribe_events_cat":[],"class_list":["post-652","tribe_events","type-tribe_events","status-publish","hentry"],"yoast_head":"<!-- This site is optimized with the Yoast SEO plugin v27.5 - https:\/\/yoast.com\/product\/yoast-seo-wordpress\/ -->\n<title>SV Emmersweiler - TuS Eschringen - TuS Eschringen<\/title>\n<meta name=\"robots\" content=\"index, follow, max-snippet:-1, max-image-preview:large, max-video-preview:-1\" \/>\n<link rel=\"canonical\" href=\"https:\/\/tus.eschringen.de\/wordpress\/event\/sv-emmersweiler-tus-eschringen\/\" \/>\n<meta property=\"og:locale\" content=\"de_DE\" \/>\n<meta property=\"og:type\" content=\"article\" \/>\n<meta property=\"og:title\" content=\"SV Emmersweiler - TuS Eschringen - TuS Eschringen\" \/>\n<meta property=\"og:description\" content=\"1. Mannschaft: Bezirksliga Saarbr\u00fccken &#8211; Sonntag, 23.8.2015, 15.00 Uhr, Sportplatz Emmersweiler SV Emmersweiler &#8211; TuS Eschringen\u00a0 1:2 (0:1) Spielbericht: Auch im zweiten Ausw\u00e4rtsspiel der Runde brachte der TuS etwas Z\u00e4hlbares mit nach Hause. Diesmal waren es sogar 3 Punkte. Man feierte den ersten Saisonsieg. Der TuS zeigte in der ersten halben Stunde eine ganz starke ... alles lesen\" \/>\n<meta property=\"og:url\" content=\"https:\/\/tus.eschringen.de\/wordpress\/event\/sv-emmersweiler-tus-eschringen\/\" \/>\n<meta property=\"og:site_name\" content=\"TuS Eschringen\" \/>\n<meta property=\"article:publisher\" content=\"https:\/\/www.facebook.com\/TuS.Eschringen\/\" \/>\n<meta name=\"twitter:card\" content=\"summary_large_image\" \/>\n<meta name=\"twitter:label1\" content=\"Gesch\u00e4tzte Lesezeit\" \/>\n\t<meta name=\"twitter:data1\" content=\"2\u00a0Minuten\" \/>\n<script type=\"application\/ld+json\" class=\"yoast-schema-graph\">{\"@context\":\"https:\\\/\\\/schema.org\",\"@graph\":[{\"@type\":\"WebPage\",\"@id\":\"https:\\\/\\\/tus.eschringen.de\\\/wordpress\\\/event\\\/sv-emmersweiler-tus-eschringen\\\/\",\"url\":\"https:\\\/\\\/tus.eschringen.de\\\/wordpress\\\/event\\\/sv-emmersweiler-tus-eschringen\\\/\",\"name\":\"SV Emmersweiler - TuS Eschringen - TuS Eschringen\",\"isPartOf\":{\"@id\":\"https:\\\/\\\/tus.eschringen.de\\\/wordpress\\\/#website\"},\"datePublished\":\"2017-04-25T11:36:49+00:00\",\"breadcrumb\":{\"@id\":\"https:\\\/\\\/tus.eschringen.de\\\/wordpress\\\/event\\\/sv-emmersweiler-tus-eschringen\\\/#breadcrumb\"},\"inLanguage\":\"de\",\"potentialAction\":[{\"@type\":\"ReadAction\",\"target\":[\"https:\\\/\\\/tus.eschringen.de\\\/wordpress\\\/event\\\/sv-emmersweiler-tus-eschringen\\\/\"]}]},{\"@type\":\"BreadcrumbList\",\"@id\":\"https:\\\/\\\/tus.eschringen.de\\\/wordpress\\\/event\\\/sv-emmersweiler-tus-eschringen\\\/#breadcrumb\",\"itemListElement\":[{\"@type\":\"ListItem\",\"position\":1,\"name\":\"Startseite\",\"item\":\"https:\\\/\\\/tus.eschringen.de\\\/wordpress\\\/\"},{\"@type\":\"ListItem\",\"position\":2,\"name\":\"Veranstaltungen\",\"item\":\"https:\\\/\\\/tus.eschringen.de\\\/wordpress\\\/events\\\/\"},{\"@type\":\"ListItem\",\"position\":3,\"name\":\"SV Emmersweiler &#8211; TuS Eschringen\"}]},{\"@type\":\"WebSite\",\"@id\":\"https:\\\/\\\/tus.eschringen.de\\\/wordpress\\\/#website\",\"url\":\"https:\\\/\\\/tus.eschringen.de\\\/wordpress\\\/\",\"name\":\"TuS Eschringen\",\"description\":\"\",\"publisher\":{\"@id\":\"https:\\\/\\\/tus.eschringen.de\\\/wordpress\\\/#organization\"},\"potentialAction\":[{\"@type\":\"SearchAction\",\"target\":{\"@type\":\"EntryPoint\",\"urlTemplate\":\"https:\\\/\\\/tus.eschringen.de\\\/wordpress\\\/?s={search_term_string}\"},\"query-input\":{\"@type\":\"PropertyValueSpecification\",\"valueRequired\":true,\"valueName\":\"search_term_string\"}}],\"inLanguage\":\"de\"},{\"@type\":\"Organization\",\"@id\":\"https:\\\/\\\/tus.eschringen.de\\\/wordpress\\\/#organization\",\"name\":\"TuS Eschringen\",\"url\":\"https:\\\/\\\/tus.eschringen.de\\\/wordpress\\\/\",\"logo\":{\"@type\":\"ImageObject\",\"inLanguage\":\"de\",\"@id\":\"https:\\\/\\\/tus.eschringen.de\\\/wordpress\\\/#\\\/schema\\\/logo\\\/image\\\/\",\"url\":\"https:\\\/\\\/i0.wp.com\\\/tus.eschringen.de\\\/wordpress\\\/wp-content\\\/uploads\\\/2025\\\/07\\\/Web_kopf.jpg?fit=1260%2C240&ssl=1\",\"contentUrl\":\"https:\\\/\\\/i0.wp.com\\\/tus.eschringen.de\\\/wordpress\\\/wp-content\\\/uploads\\\/2025\\\/07\\\/Web_kopf.jpg?fit=1260%2C240&ssl=1\",\"width\":1260,\"height\":240,\"caption\":\"TuS Eschringen\"},\"image\":{\"@id\":\"https:\\\/\\\/tus.eschringen.de\\\/wordpress\\\/#\\\/schema\\\/logo\\\/image\\\/\"},\"sameAs\":[\"https:\\\/\\\/www.facebook.com\\\/TuS.Eschringen\\\/\",\"https:\\\/\\\/www.instagram.com\\\/tus.eschringen\\\/\"]}]}<\/script>\n<!-- \/ Yoast SEO plugin. -->","yoast_head_json":{"title":"SV Emmersweiler - TuS Eschringen - TuS Eschringen","robots":{"index":"index","follow":"follow","max-snippet":"max-snippet:-1","max-image-preview":"max-image-preview:large","max-video-preview":"max-video-preview:-1"},"canonical":"https:\/\/tus.eschringen.de\/wordpress\/event\/sv-emmersweiler-tus-eschringen\/","og_locale":"de_DE","og_type":"article","og_title":"SV Emmersweiler - TuS Eschringen - TuS Eschringen","og_description":"1. Mannschaft: Bezirksliga Saarbr\u00fccken &#8211; Sonntag, 23.8.2015, 15.00 Uhr, Sportplatz Emmersweiler SV Emmersweiler &#8211; TuS Eschringen\u00a0 1:2 (0:1) Spielbericht: Auch im zweiten Ausw\u00e4rtsspiel der Runde brachte der TuS etwas Z\u00e4hlbares mit nach Hause. Diesmal waren es sogar 3 Punkte. Man feierte den ersten Saisonsieg. Der TuS zeigte in der ersten halben Stunde eine ganz starke ... alles lesen","og_url":"https:\/\/tus.eschringen.de\/wordpress\/event\/sv-emmersweiler-tus-eschringen\/","og_site_name":"TuS Eschringen","article_publisher":"https:\/\/www.facebook.com\/TuS.Eschringen\/","twitter_card":"summary_large_image","twitter_misc":{"Gesch\u00e4tzte Lesezeit":"2\u00a0Minuten"},"schema":{"@context":"https:\/\/schema.org","@graph":[{"@type":"WebPage","@id":"https:\/\/tus.eschringen.de\/wordpress\/event\/sv-emmersweiler-tus-eschringen\/","url":"https:\/\/tus.eschringen.de\/wordpress\/event\/sv-emmersweiler-tus-eschringen\/","name":"SV Emmersweiler - TuS Eschringen - TuS Eschringen","isPartOf":{"@id":"https:\/\/tus.eschringen.de\/wordpress\/#website"},"datePublished":"2017-04-25T11:36:49+00:00","breadcrumb":{"@id":"https:\/\/tus.eschringen.de\/wordpress\/event\/sv-emmersweiler-tus-eschringen\/#breadcrumb"},"inLanguage":"de","potentialAction":[{"@type":"ReadAction","target":["https:\/\/tus.eschringen.de\/wordpress\/event\/sv-emmersweiler-tus-eschringen\/"]}]},{"@type":"BreadcrumbList","@id":"https:\/\/tus.eschringen.de\/wordpress\/event\/sv-emmersweiler-tus-eschringen\/#breadcrumb","itemListElement":[{"@type":"ListItem","position":1,"name":"Startseite","item":"https:\/\/tus.eschringen.de\/wordpress\/"},{"@type":"ListItem","position":2,"name":"Veranstaltungen","item":"https:\/\/tus.eschringen.de\/wordpress\/events\/"},{"@type":"ListItem","position":3,"name":"SV Emmersweiler &#8211; TuS Eschringen"}]},{"@type":"WebSite","@id":"https:\/\/tus.eschringen.de\/wordpress\/#website","url":"https:\/\/tus.eschringen.de\/wordpress\/","name":"TuS Eschringen","description":"","publisher":{"@id":"https:\/\/tus.eschringen.de\/wordpress\/#organization"},"potentialAction":[{"@type":"SearchAction","target":{"@type":"EntryPoint","urlTemplate":"https:\/\/tus.eschringen.de\/wordpress\/?s={search_term_string}"},"query-input":{"@type":"PropertyValueSpecification","valueRequired":true,"valueName":"search_term_string"}}],"inLanguage":"de"},{"@type":"Organization","@id":"https:\/\/tus.eschringen.de\/wordpress\/#organization","name":"TuS Eschringen","url":"https:\/\/tus.eschringen.de\/wordpress\/","logo":{"@type":"ImageObject","inLanguage":"de","@id":"https:\/\/tus.eschringen.de\/wordpress\/#\/schema\/logo\/image\/","url":"https:\/\/i0.wp.com\/tus.eschringen.de\/wordpress\/wp-content\/uploads\/2025\/07\/Web_kopf.jpg?fit=1260%2C240&ssl=1","contentUrl":"https:\/\/i0.wp.com\/tus.eschringen.de\/wordpress\/wp-content\/uploads\/2025\/07\/Web_kopf.jpg?fit=1260%2C240&ssl=1","width":1260,"height":240,"caption":"TuS Eschringen"},"image":{"@id":"https:\/\/tus.eschringen.de\/wordpress\/#\/schema\/logo\/image\/"},"sameAs":["https:\/\/www.facebook.com\/TuS.Eschringen\/","https:\/\/www.instagram.com\/tus.eschringen\/"]}]}},"jetpack_sharing_enabled":true,"_links":{"self":[{"href":"https:\/\/tus.eschringen.de\/wordpress\/wp-json\/wp\/v2\/tribe_events\/652","targetHints":{"allow":["GET"]}}],"collection":[{"href":"https:\/\/tus.eschringen.de\/wordpress\/wp-json\/wp\/v2\/tribe_events"}],"about":[{"href":"https:\/\/tus.eschringen.de\/wordpress\/wp-json\/wp\/v2\/types\/tribe_events"}],"author":[{"embeddable":true,"href":"https:\/\/tus.eschringen.de\/wordpress\/wp-json\/wp\/v2\/users\/1"}],"version-history":[{"count":1,"href":"https:\/\/tus.eschringen.de\/wordpress\/wp-json\/wp\/v2\/tribe_events\/652\/revisions"}],"predecessor-version":[{"id":653,"href":"https:\/\/tus.eschringen.de\/wordpress\/wp-json\/wp\/v2\/tribe_events\/652\/revisions\/653"}],"wp:attachment":[{"href":"https:\/\/tus.eschringen.de\/wordpress\/wp-json\/wp\/v2\/media?parent=652"}],"wp:term":[{"taxonomy":"post_tag","embeddable":true,"href":"https:\/\/tus.eschringen.de\/wordpress\/wp-json\/wp\/v2\/tags?post=652"},{"taxonomy":"tribe_events_cat","embeddable":true,"href":"https:\/\/tus.eschringen.de\/wordpress\/wp-json\/wp\/v2\/tribe_events_cat?post=652"}],"curies":[{"name":"wp","href":"https:\/\/api.w.org\/{rel}","templated":true}]}}

<p><strong>1. Mannschaft:</strong></p>
<p><strong>Bezirksliga Saarbrücken</strong> &#8211;<strong> Sonntag</strong><strong>, 23.8.2015, 15.00 Uhr, Sportplatz Emmersweiler</strong></p>
<p>SV Emmersweiler &#8211; TuS Eschringen  <strong>1:2</strong> (0:1)</p>
<p><strong>Spielbericht:</strong></p>
<p>Auch im zweiten Auswärtsspiel der Runde brachte der TuS etwas Zählbares mit nach Hause. Diesmal waren es sogar 3 Punkte. Man feierte den ersten Saisonsieg.<br />
Der TuS zeigte in der ersten halben Stunde eine ganz starke Leistung. Emmersweiler wurde auf dem Platz keine Zeit zum Luftholen gegönnt. Bei eigenem Ballbesitz spielte Eschringen kombinationssicher nach vorne, bei gegnerischem Ballbesitz entwickelte man einen derartigen Druck, dass man schnell wieder in eigenem Ballbesitz war. Nachdem Daniel Hart in den ersten Minuten noch an der Torlatte scheiterte, machte Robin Pönicke es kurz darauf besser. Er schlenzte einen 20-Meter-Schuss aus halblinker Position herrlich in die lange Ecke. Der Torwart war chancenlos. Dieser Treffer zeigte sowohl bei der Heim- als auch bei der Auswärtsmannschaft Wirkung. Eschringen spielte in der Folge noch überlegener, Emmersweiler wirkte angeknockt. In der letzten Viertelstunde vor der Pause erhöhte die Heimmannschaft dann aber den Druck aufs Tor. Der TuS geriet in einigen Situationen in Schwierigkeiten und hatte in der einen oder anderen Szene auch das Glück des Tüchtigen. Letztlich gelang es aber verdientermaßen, mit einer 1:0-Führung in die Pause zu gehen. Nach der Pause drängte Emmersweiler zwar weiter. Dem TuS gelang es in der Anfangsphase allerdings, einige gefährliche Konter gegen die anfällige Defensive der Heimmannschaft zu fahren. Einer dieser Konter führte zum vorentscheidenden 2:0 durch Simon Herter, der sich wunderbar gegen zwei Verteidiger durchsetzte und mit einem strammen Schuss im Strafraum vollendete. Danach war es mit der Eschringer Herrlichkeit aber endgültig vorbei. Emmersweiler wurde immer stärker und der TuS beschränkte sich in der letzten halben Stunde fast nur noch aufs Verteidigen des Vorsprungs. Das Offensivspiel wurde fast vollständig eingestellt. Emmersweiler kam in der 68. Minute zum Anschlusstreffer und drängte weiter und weiter. Folglich galt es, noch einige heikle Situationen zu überstehen. Der TuS stemmte sich mit allem gegen das drohende Unentschieden und brachte den knappen Vorsprung schließlich über die Zeit. Ein toller Erfolg für die junge Mannschaft!<br />
Mit vier Punkten aus drei schweren Auftaktspielen ist man absolut im Soll. Der Start in die neue Runde ist als gelungen zu bezeichnen.</p>
<p>Torschützen:<br />
<strong>0:1</strong> Robin Pönicke (7.)<br />
<strong>0:2</strong> Simon Herter (60.)<br />
1:2 Graesel Alain (68.)</p>

<p>1. Mannschaft: Bezirksliga Saarbrücken &#8211; Sonntag, 23.8.2015, 15.00 Uhr, Sportplatz Emmersweiler SV Emmersweiler &#8211; TuS Eschringen  1:2 (0:1) Spielbericht: Auch im zweiten Auswärtsspiel der Runde brachte der TuS etwas Zählbares mit nach Hause. Diesmal waren es sogar 3 Punkte. Man feierte den ersten Saisonsieg. Der TuS zeigte in der ersten halben Stunde eine ganz starke &#8230; </p>
<p class="read-more-container"><a title="SV Emmersweiler &#8211; TuS Eschringen" class="read-more button" href="https://tus.eschringen.de/wordpress/event/sv-emmersweiler-tus-eschringen/#more-652" aria-label="Mehr Informationen über SV Emmersweiler &#8211; TuS Eschringen">alles lesen</a></p>

<!-- This site is optimized with the Yoast SEO plugin v27.5 - https://yoast.com/product/yoast-seo-wordpress/ -->
<title>SV Emmersweiler - TuS Eschringen - TuS Eschringen</title>
<meta name="robots" content="index, follow, max-snippet:-1, max-image-preview:large, max-video-preview:-1" />
<link rel="canonical" href="https://tus.eschringen.de/wordpress/event/sv-emmersweiler-tus-eschringen/" />
<meta property="og:locale" content="de_DE" />
<meta property="og:type" content="article" />
<meta property="og:title" content="SV Emmersweiler - TuS Eschringen - TuS Eschringen" />
<meta property="og:description" content="1. Mannschaft: Bezirksliga Saarbrücken &#8211; Sonntag, 23.8.2015, 15.00 Uhr, Sportplatz Emmersweiler SV Emmersweiler &#8211; TuS Eschringen  1:2 (0:1) Spielbericht: Auch im zweiten Auswärtsspiel der Runde brachte der TuS etwas Zählbares mit nach Hause. Diesmal waren es sogar 3 Punkte. Man feierte den ersten Saisonsieg. Der TuS zeigte in der ersten halben Stunde eine ganz starke ... alles lesen" />
<meta property="og:url" content="https://tus.eschringen.de/wordpress/event/sv-emmersweiler-tus-eschringen/" />
<meta property="og:site_name" content="TuS Eschringen" />
<meta property="article:publisher" content="https://www.facebook.com/TuS.Eschringen/" />
<meta name="twitter:card" content="summary_large_image" />
<meta name="twitter:label1" content="Geschätzte Lesezeit" />
	<meta name="twitter:data1" content="2 Minuten" />
<script type="application/ld+json" class="yoast-schema-graph">{"@context":"https:\/\/schema.org","@graph":[{"@type":"WebPage","@id":"https:\/\/tus.eschringen.de\/wordpress\/event\/sv-emmersweiler-tus-eschringen\/","url":"https:\/\/tus.eschringen.de\/wordpress\/event\/sv-emmersweiler-tus-eschringen\/","name":"SV Emmersweiler - TuS Eschringen - TuS Eschringen","isPartOf":{"@id":"https:\/\/tus.eschringen.de\/wordpress\/#website"},"datePublished":"2017-04-25T11:36:49+00:00","breadcrumb":{"@id":"https:\/\/tus.eschringen.de\/wordpress\/event\/sv-emmersweiler-tus-eschringen\/#breadcrumb"},"inLanguage":"de","potentialAction":[{"@type":"ReadAction","target":["https:\/\/tus.eschringen.de\/wordpress\/event\/sv-emmersweiler-tus-eschringen\/"]}]},{"@type":"BreadcrumbList","@id":"https:\/\/tus.eschringen.de\/wordpress\/event\/sv-emmersweiler-tus-eschringen\/#breadcrumb","itemListElement":[{"@type":"ListItem","position":1,"name":"Startseite","item":"https:\/\/tus.eschringen.de\/wordpress\/"},{"@type":"ListItem","position":2,"name":"Veranstaltungen","item":"https:\/\/tus.eschringen.de\/wordpress\/events\/"},{"@type":"ListItem","position":3,"name":"SV Emmersweiler &#8211; TuS Eschringen"}]},{"@type":"WebSite","@id":"https:\/\/tus.eschringen.de\/wordpress\/#website","url":"https:\/\/tus.eschringen.de\/wordpress\/","name":"TuS Eschringen","description":"","publisher":{"@id":"https:\/\/tus.eschringen.de\/wordpress\/#organization"},"potentialAction":[{"@type":"SearchAction","target":{"@type":"EntryPoint","urlTemplate":"https:\/\/tus.eschringen.de\/wordpress\/?s={search_term_string}"},"query-input":{"@type":"PropertyValueSpecification","valueRequired":true,"valueName":"search_term_string"}}],"inLanguage":"de"},{"@type":"Organization","@id":"https:\/\/tus.eschringen.de\/wordpress\/#organization","name":"TuS Eschringen","url":"https:\/\/tus.eschringen.de\/wordpress\/","logo":{"@type":"ImageObject","inLanguage":"de","@id":"https:\/\/tus.eschringen.de\/wordpress\/#\/schema\/logo\/image\/","url":"https:\/\/i0.wp.com\/tus.eschringen.de\/wordpress\/wp-content\/uploads\/2025\/07\/Web_kopf.jpg?fit=1260%2C240&ssl=1","contentUrl":"https:\/\/i0.wp.com\/tus.eschringen.de\/wordpress\/wp-content\/uploads\/2025\/07\/Web_kopf.jpg?fit=1260%2C240&ssl=1","width":1260,"height":240,"caption":"TuS Eschringen"},"image":{"@id":"https:\/\/tus.eschringen.de\/wordpress\/#\/schema\/logo\/image\/"},"sameAs":["https:\/\/www.facebook.com\/TuS.Eschringen\/","https:\/\/www.instagram.com\/tus.eschringen\/"]}]}</script>
<!-- / Yoast SEO plugin. -->

1. Mannschaft: Bezirksliga Saarbrücken &#8211; Sonntag, 23.8.2015, 15.00 Uhr, Sportplatz Emmersweiler SV Emmersweiler &#8211; TuS Eschringen  1:2 (0:1) Spielbericht: Auch im zweiten Auswärtsspiel der Runde brachte der TuS etwas Zählbares mit nach Hause. Diesmal waren es sogar 3 Punkte. Man feierte den ersten Saisonsieg. Der TuS zeigte in der ersten halben Stunde eine ganz starke ... alles lesen
