{"id":6507,"date":"2025-09-24T09:04:07","date_gmt":"2025-09-24T07:04:07","guid":{"rendered":"https:\/\/tus.eschringen.de\/wordpress\/event\/sv-wehrden-ii-tus-eschringen-ii\/"},"modified":"2025-10-06T14:58:13","modified_gmt":"2025-10-06T12:58:13","slug":"sv-wehrden-ii-tus-eschringen-ii","status":"publish","type":"tribe_events","link":"https:\/\/tus.eschringen.de\/wordpress\/event\/sv-wehrden-ii-tus-eschringen-ii\/","title":{"rendered":"SV Wehrden II &#8211; TuS Eschringen II"},"content":{"rendered":"<p>Kreisliga A S\u00fcd<\/p>\n<p>12. Spieltag<\/p>\n<p>SV Wehrden II &#8211; TuS Eschringen II <span style=\"color: #ff0000;\"><strong>4:1<\/strong><\/span> (2:1)<\/p>\n<p>Torsch\u00fctzen:<\/p>\n<p>1:0 Istvan Madarasz (16. Min)<br \/>\n<strong><span style=\"color: #ff0000;\">1:1<\/span> Sebastian Beck (22. Min)<\/strong><br \/>\n2:1 Istvan Madarasz (42. Min)<br \/>\n3:1 Nicolaie Bira (50. Min)<br \/>\n4:1 Mihai-Cristian Covaciu (75. Min)<\/p>\n<p>Spielbericht:<\/p>\n<p><strong>TuS II unterliegt in Wehrden<\/strong><\/p>\n<p>Die Zweite des TuS pr\u00e4sentierte sich in der ersten Halbzeit passabel. Die Defensive stand mit Ausnahme der Umschaltsituationen der Gastgeber stabil, in der Offensive fehlte allerdings die notwendige Durchschlagskraft. Bis kurz vor der Pause hielt man so ein 1:1. Einer der \u00fcberfallartigen Angriffe der Gegner, ausgerechnet nach einem eigenen Eckball unserer Mannschaft, f\u00fchrte in der 41. Spielminute zum 2:1 f\u00fcr Wehrden.<br \/>\nNach der Halbzeit verlor unser Team den Ball zweimal unn\u00f6tig im Mittelfeld. Die daraus resultierenden Gegenangriffe schloss der Gastgeber erfolgreich ab. Unsere Mannschaft geriet so mit 1:4 in R\u00fcckstand und kam auch nicht mehr zur\u00fcck. Erw\u00e4hnenswert ist noch die ruppige Gangart der Heimmannschaft, die vom Schiedsrichter nicht ausreichend geahndet wurde.<\/p>\n","protected":false},"excerpt":{"rendered":"<p>Kreisliga A S\u00fcd 12. Spieltag SV Wehrden II &#8211; TuS Eschringen II 4:1 (2:1) Torsch\u00fctzen: 1:0 Istvan Madarasz (16. Min) 1:1 Sebastian Beck (22. Min) 2:1 Istvan Madarasz (42. Min) 3:1 Nicolaie Bira (50. Min) 4:1 Mihai-Cristian Covaciu (75. Min) Spielbericht: TuS II unterliegt in Wehrden Die Zweite des TuS pr\u00e4sentierte sich in der ersten &#8230; <\/p>\n<p class=\"read-more-container\"><a title=\"SV Wehrden II &#8211; TuS Eschringen II\" class=\"read-more button\" href=\"https:\/\/tus.eschringen.de\/wordpress\/event\/sv-wehrden-ii-tus-eschringen-ii\/#more-6507\" aria-label=\"Mehr Informationen \u00fcber SV Wehrden II &#8211; TuS Eschringen II\">alles lesen<\/a><\/p>\n","protected":false},"author":1,"featured_media":0,"template":"","meta":{"generate_page_header":"","_tribe_events_status":"","_tribe_events_status_reason":"","footnotes":""},"tags":[],"tribe_events_cat":[12],"class_list":["post-6507","tribe_events","type-tribe_events","status-publish","hentry","tribe_events_cat-kreisliga-a-sued","cat_kreisliga-a-sued"],"yoast_head":"<!-- This site is optimized with the Yoast SEO plugin v27.4 - https:\/\/yoast.com\/product\/yoast-seo-wordpress\/ -->\n<title>SV Wehrden II - TuS Eschringen II - TuS Eschringen<\/title>\n<meta name=\"robots\" content=\"index, follow, max-snippet:-1, max-image-preview:large, max-video-preview:-1\" \/>\n<link rel=\"canonical\" href=\"https:\/\/tus.eschringen.de\/wordpress\/event\/sv-wehrden-ii-tus-eschringen-ii\/\" \/>\n<meta property=\"og:locale\" content=\"de_DE\" \/>\n<meta property=\"og:type\" content=\"article\" \/>\n<meta property=\"og:title\" content=\"SV Wehrden II - TuS Eschringen II - TuS Eschringen\" \/>\n<meta property=\"og:description\" content=\"Kreisliga A S\u00fcd 12. Spieltag SV Wehrden II &#8211; TuS Eschringen II 4:1 (2:1) Torsch\u00fctzen: 1:0 Istvan Madarasz (16. Min) 1:1 Sebastian Beck (22. Min) 2:1 Istvan Madarasz (42. Min) 3:1 Nicolaie Bira (50. Min) 4:1 Mihai-Cristian Covaciu (75. Min) Spielbericht: TuS II unterliegt in Wehrden Die Zweite des TuS pr\u00e4sentierte sich in der ersten ... alles lesen\" \/>\n<meta property=\"og:url\" content=\"https:\/\/tus.eschringen.de\/wordpress\/event\/sv-wehrden-ii-tus-eschringen-ii\/\" \/>\n<meta property=\"og:site_name\" content=\"TuS Eschringen\" \/>\n<meta property=\"article:publisher\" content=\"https:\/\/www.facebook.com\/TuS.Eschringen\/\" \/>\n<meta property=\"article:modified_time\" content=\"2025-10-06T12:58:13+00:00\" \/>\n<meta name=\"twitter:card\" content=\"summary_large_image\" \/>\n<meta name=\"twitter:label1\" content=\"Gesch\u00e4tzte Lesezeit\" \/>\n\t<meta name=\"twitter:data1\" content=\"1\u00a0Minute\" \/>\n<script type=\"application\/ld+json\" class=\"yoast-schema-graph\">{\"@context\":\"https:\\\/\\\/schema.org\",\"@graph\":[{\"@type\":\"WebPage\",\"@id\":\"https:\\\/\\\/tus.eschringen.de\\\/wordpress\\\/event\\\/sv-wehrden-ii-tus-eschringen-ii\\\/\",\"url\":\"https:\\\/\\\/tus.eschringen.de\\\/wordpress\\\/event\\\/sv-wehrden-ii-tus-eschringen-ii\\\/\",\"name\":\"SV Wehrden II - TuS Eschringen II - TuS Eschringen\",\"isPartOf\":{\"@id\":\"https:\\\/\\\/tus.eschringen.de\\\/wordpress\\\/#website\"},\"datePublished\":\"2025-09-24T07:04:07+00:00\",\"dateModified\":\"2025-10-06T12:58:13+00:00\",\"breadcrumb\":{\"@id\":\"https:\\\/\\\/tus.eschringen.de\\\/wordpress\\\/event\\\/sv-wehrden-ii-tus-eschringen-ii\\\/#breadcrumb\"},\"inLanguage\":\"de\",\"potentialAction\":[{\"@type\":\"ReadAction\",\"target\":[\"https:\\\/\\\/tus.eschringen.de\\\/wordpress\\\/event\\\/sv-wehrden-ii-tus-eschringen-ii\\\/\"]}]},{\"@type\":\"BreadcrumbList\",\"@id\":\"https:\\\/\\\/tus.eschringen.de\\\/wordpress\\\/event\\\/sv-wehrden-ii-tus-eschringen-ii\\\/#breadcrumb\",\"itemListElement\":[{\"@type\":\"ListItem\",\"position\":1,\"name\":\"Startseite\",\"item\":\"https:\\\/\\\/tus.eschringen.de\\\/wordpress\\\/\"},{\"@type\":\"ListItem\",\"position\":2,\"name\":\"Veranstaltungen\",\"item\":\"https:\\\/\\\/tus.eschringen.de\\\/wordpress\\\/events\\\/\"},{\"@type\":\"ListItem\",\"position\":3,\"name\":\"SV Wehrden II &#8211; TuS Eschringen II\"}]},{\"@type\":\"WebSite\",\"@id\":\"https:\\\/\\\/tus.eschringen.de\\\/wordpress\\\/#website\",\"url\":\"https:\\\/\\\/tus.eschringen.de\\\/wordpress\\\/\",\"name\":\"TuS Eschringen\",\"description\":\"\",\"publisher\":{\"@id\":\"https:\\\/\\\/tus.eschringen.de\\\/wordpress\\\/#organization\"},\"potentialAction\":[{\"@type\":\"SearchAction\",\"target\":{\"@type\":\"EntryPoint\",\"urlTemplate\":\"https:\\\/\\\/tus.eschringen.de\\\/wordpress\\\/?s={search_term_string}\"},\"query-input\":{\"@type\":\"PropertyValueSpecification\",\"valueRequired\":true,\"valueName\":\"search_term_string\"}}],\"inLanguage\":\"de\"},{\"@type\":\"Organization\",\"@id\":\"https:\\\/\\\/tus.eschringen.de\\\/wordpress\\\/#organization\",\"name\":\"TuS Eschringen\",\"url\":\"https:\\\/\\\/tus.eschringen.de\\\/wordpress\\\/\",\"logo\":{\"@type\":\"ImageObject\",\"inLanguage\":\"de\",\"@id\":\"https:\\\/\\\/tus.eschringen.de\\\/wordpress\\\/#\\\/schema\\\/logo\\\/image\\\/\",\"url\":\"https:\\\/\\\/i0.wp.com\\\/tus.eschringen.de\\\/wordpress\\\/wp-content\\\/uploads\\\/2025\\\/07\\\/Web_kopf.jpg?fit=1260%2C240&ssl=1\",\"contentUrl\":\"https:\\\/\\\/i0.wp.com\\\/tus.eschringen.de\\\/wordpress\\\/wp-content\\\/uploads\\\/2025\\\/07\\\/Web_kopf.jpg?fit=1260%2C240&ssl=1\",\"width\":1260,\"height\":240,\"caption\":\"TuS Eschringen\"},\"image\":{\"@id\":\"https:\\\/\\\/tus.eschringen.de\\\/wordpress\\\/#\\\/schema\\\/logo\\\/image\\\/\"},\"sameAs\":[\"https:\\\/\\\/www.facebook.com\\\/TuS.Eschringen\\\/\",\"https:\\\/\\\/www.instagram.com\\\/tus.eschringen\\\/\"]}]}<\/script>\n<!-- \/ Yoast SEO plugin. -->","yoast_head_json":{"title":"SV Wehrden II - TuS Eschringen II - TuS Eschringen","robots":{"index":"index","follow":"follow","max-snippet":"max-snippet:-1","max-image-preview":"max-image-preview:large","max-video-preview":"max-video-preview:-1"},"canonical":"https:\/\/tus.eschringen.de\/wordpress\/event\/sv-wehrden-ii-tus-eschringen-ii\/","og_locale":"de_DE","og_type":"article","og_title":"SV Wehrden II - TuS Eschringen II - TuS Eschringen","og_description":"Kreisliga A S\u00fcd 12. Spieltag SV Wehrden II &#8211; TuS Eschringen II 4:1 (2:1) Torsch\u00fctzen: 1:0 Istvan Madarasz (16. Min) 1:1 Sebastian Beck (22. Min) 2:1 Istvan Madarasz (42. Min) 3:1 Nicolaie Bira (50. Min) 4:1 Mihai-Cristian Covaciu (75. Min) Spielbericht: TuS II unterliegt in Wehrden Die Zweite des TuS pr\u00e4sentierte sich in der ersten ... alles lesen","og_url":"https:\/\/tus.eschringen.de\/wordpress\/event\/sv-wehrden-ii-tus-eschringen-ii\/","og_site_name":"TuS Eschringen","article_publisher":"https:\/\/www.facebook.com\/TuS.Eschringen\/","article_modified_time":"2025-10-06T12:58:13+00:00","twitter_card":"summary_large_image","twitter_misc":{"Gesch\u00e4tzte Lesezeit":"1\u00a0Minute"},"schema":{"@context":"https:\/\/schema.org","@graph":[{"@type":"WebPage","@id":"https:\/\/tus.eschringen.de\/wordpress\/event\/sv-wehrden-ii-tus-eschringen-ii\/","url":"https:\/\/tus.eschringen.de\/wordpress\/event\/sv-wehrden-ii-tus-eschringen-ii\/","name":"SV Wehrden II - TuS Eschringen II - TuS Eschringen","isPartOf":{"@id":"https:\/\/tus.eschringen.de\/wordpress\/#website"},"datePublished":"2025-09-24T07:04:07+00:00","dateModified":"2025-10-06T12:58:13+00:00","breadcrumb":{"@id":"https:\/\/tus.eschringen.de\/wordpress\/event\/sv-wehrden-ii-tus-eschringen-ii\/#breadcrumb"},"inLanguage":"de","potentialAction":[{"@type":"ReadAction","target":["https:\/\/tus.eschringen.de\/wordpress\/event\/sv-wehrden-ii-tus-eschringen-ii\/"]}]},{"@type":"BreadcrumbList","@id":"https:\/\/tus.eschringen.de\/wordpress\/event\/sv-wehrden-ii-tus-eschringen-ii\/#breadcrumb","itemListElement":[{"@type":"ListItem","position":1,"name":"Startseite","item":"https:\/\/tus.eschringen.de\/wordpress\/"},{"@type":"ListItem","position":2,"name":"Veranstaltungen","item":"https:\/\/tus.eschringen.de\/wordpress\/events\/"},{"@type":"ListItem","position":3,"name":"SV Wehrden II &#8211; TuS Eschringen II"}]},{"@type":"WebSite","@id":"https:\/\/tus.eschringen.de\/wordpress\/#website","url":"https:\/\/tus.eschringen.de\/wordpress\/","name":"TuS Eschringen","description":"","publisher":{"@id":"https:\/\/tus.eschringen.de\/wordpress\/#organization"},"potentialAction":[{"@type":"SearchAction","target":{"@type":"EntryPoint","urlTemplate":"https:\/\/tus.eschringen.de\/wordpress\/?s={search_term_string}"},"query-input":{"@type":"PropertyValueSpecification","valueRequired":true,"valueName":"search_term_string"}}],"inLanguage":"de"},{"@type":"Organization","@id":"https:\/\/tus.eschringen.de\/wordpress\/#organization","name":"TuS Eschringen","url":"https:\/\/tus.eschringen.de\/wordpress\/","logo":{"@type":"ImageObject","inLanguage":"de","@id":"https:\/\/tus.eschringen.de\/wordpress\/#\/schema\/logo\/image\/","url":"https:\/\/i0.wp.com\/tus.eschringen.de\/wordpress\/wp-content\/uploads\/2025\/07\/Web_kopf.jpg?fit=1260%2C240&ssl=1","contentUrl":"https:\/\/i0.wp.com\/tus.eschringen.de\/wordpress\/wp-content\/uploads\/2025\/07\/Web_kopf.jpg?fit=1260%2C240&ssl=1","width":1260,"height":240,"caption":"TuS Eschringen"},"image":{"@id":"https:\/\/tus.eschringen.de\/wordpress\/#\/schema\/logo\/image\/"},"sameAs":["https:\/\/www.facebook.com\/TuS.Eschringen\/","https:\/\/www.instagram.com\/tus.eschringen\/"]}]}},"jetpack_sharing_enabled":true,"_links":{"self":[{"href":"https:\/\/tus.eschringen.de\/wordpress\/wp-json\/wp\/v2\/tribe_events\/6507","targetHints":{"allow":["GET"]}}],"collection":[{"href":"https:\/\/tus.eschringen.de\/wordpress\/wp-json\/wp\/v2\/tribe_events"}],"about":[{"href":"https:\/\/tus.eschringen.de\/wordpress\/wp-json\/wp\/v2\/types\/tribe_events"}],"author":[{"embeddable":true,"href":"https:\/\/tus.eschringen.de\/wordpress\/wp-json\/wp\/v2\/users\/1"}],"version-history":[{"count":3,"href":"https:\/\/tus.eschringen.de\/wordpress\/wp-json\/wp\/v2\/tribe_events\/6507\/revisions"}],"predecessor-version":[{"id":6553,"href":"https:\/\/tus.eschringen.de\/wordpress\/wp-json\/wp\/v2\/tribe_events\/6507\/revisions\/6553"}],"wp:attachment":[{"href":"https:\/\/tus.eschringen.de\/wordpress\/wp-json\/wp\/v2\/media?parent=6507"}],"wp:term":[{"taxonomy":"post_tag","embeddable":true,"href":"https:\/\/tus.eschringen.de\/wordpress\/wp-json\/wp\/v2\/tags?post=6507"},{"taxonomy":"tribe_events_cat","embeddable":true,"href":"https:\/\/tus.eschringen.de\/wordpress\/wp-json\/wp\/v2\/tribe_events_cat?post=6507"}],"curies":[{"name":"wp","href":"https:\/\/api.w.org\/{rel}","templated":true}]}}

<p>Kreisliga A Süd</p>
<p>12. Spieltag</p>
<p>SV Wehrden II &#8211; TuS Eschringen II <span style="color: #ff0000;"><strong>4:1</strong></span> (2:1)</p>
<p>Torschützen:</p>
<p>1:0 Istvan Madarasz (16. Min)<br />
<strong><span style="color: #ff0000;">1:1</span> Sebastian Beck (22. Min)</strong><br />
2:1 Istvan Madarasz (42. Min)<br />
3:1 Nicolaie Bira (50. Min)<br />
4:1 Mihai-Cristian Covaciu (75. Min)</p>
<p>Spielbericht:</p>
<p><strong>TuS II unterliegt in Wehrden</strong></p>
<p>Die Zweite des TuS präsentierte sich in der ersten Halbzeit passabel. Die Defensive stand mit Ausnahme der Umschaltsituationen der Gastgeber stabil, in der Offensive fehlte allerdings die notwendige Durchschlagskraft. Bis kurz vor der Pause hielt man so ein 1:1. Einer der überfallartigen Angriffe der Gegner, ausgerechnet nach einem eigenen Eckball unserer Mannschaft, führte in der 41. Spielminute zum 2:1 für Wehrden.<br />
Nach der Halbzeit verlor unser Team den Ball zweimal unnötig im Mittelfeld. Die daraus resultierenden Gegenangriffe schloss der Gastgeber erfolgreich ab. Unsere Mannschaft geriet so mit 1:4 in Rückstand und kam auch nicht mehr zurück. Erwähnenswert ist noch die ruppige Gangart der Heimmannschaft, die vom Schiedsrichter nicht ausreichend geahndet wurde.</p>

<p>Kreisliga A Süd 12. Spieltag SV Wehrden II &#8211; TuS Eschringen II 4:1 (2:1) Torschützen: 1:0 Istvan Madarasz (16. Min) 1:1 Sebastian Beck (22. Min) 2:1 Istvan Madarasz (42. Min) 3:1 Nicolaie Bira (50. Min) 4:1 Mihai-Cristian Covaciu (75. Min) Spielbericht: TuS II unterliegt in Wehrden Die Zweite des TuS präsentierte sich in der ersten &#8230; </p>
<p class="read-more-container"><a title="SV Wehrden II &#8211; TuS Eschringen II" class="read-more button" href="https://tus.eschringen.de/wordpress/event/sv-wehrden-ii-tus-eschringen-ii/#more-6507" aria-label="Mehr Informationen über SV Wehrden II &#8211; TuS Eschringen II">alles lesen</a></p>

<!-- This site is optimized with the Yoast SEO plugin v27.4 - https://yoast.com/product/yoast-seo-wordpress/ -->
<title>SV Wehrden II - TuS Eschringen II - TuS Eschringen</title>
<meta name="robots" content="index, follow, max-snippet:-1, max-image-preview:large, max-video-preview:-1" />
<link rel="canonical" href="https://tus.eschringen.de/wordpress/event/sv-wehrden-ii-tus-eschringen-ii/" />
<meta property="og:locale" content="de_DE" />
<meta property="og:type" content="article" />
<meta property="og:title" content="SV Wehrden II - TuS Eschringen II - TuS Eschringen" />
<meta property="og:description" content="Kreisliga A Süd 12. Spieltag SV Wehrden II &#8211; TuS Eschringen II 4:1 (2:1) Torschützen: 1:0 Istvan Madarasz (16. Min) 1:1 Sebastian Beck (22. Min) 2:1 Istvan Madarasz (42. Min) 3:1 Nicolaie Bira (50. Min) 4:1 Mihai-Cristian Covaciu (75. Min) Spielbericht: TuS II unterliegt in Wehrden Die Zweite des TuS präsentierte sich in der ersten ... alles lesen" />
<meta property="og:url" content="https://tus.eschringen.de/wordpress/event/sv-wehrden-ii-tus-eschringen-ii/" />
<meta property="og:site_name" content="TuS Eschringen" />
<meta property="article:publisher" content="https://www.facebook.com/TuS.Eschringen/" />
<meta property="article:modified_time" content="2025-10-06T12:58:13+00:00" />
<meta name="twitter:card" content="summary_large_image" />
<meta name="twitter:label1" content="Geschätzte Lesezeit" />
	<meta name="twitter:data1" content="1 Minute" />
<script type="application/ld+json" class="yoast-schema-graph">{"@context":"https:\/\/schema.org","@graph":[{"@type":"WebPage","@id":"https:\/\/tus.eschringen.de\/wordpress\/event\/sv-wehrden-ii-tus-eschringen-ii\/","url":"https:\/\/tus.eschringen.de\/wordpress\/event\/sv-wehrden-ii-tus-eschringen-ii\/","name":"SV Wehrden II - TuS Eschringen II - TuS Eschringen","isPartOf":{"@id":"https:\/\/tus.eschringen.de\/wordpress\/#website"},"datePublished":"2025-09-24T07:04:07+00:00","dateModified":"2025-10-06T12:58:13+00:00","breadcrumb":{"@id":"https:\/\/tus.eschringen.de\/wordpress\/event\/sv-wehrden-ii-tus-eschringen-ii\/#breadcrumb"},"inLanguage":"de","potentialAction":[{"@type":"ReadAction","target":["https:\/\/tus.eschringen.de\/wordpress\/event\/sv-wehrden-ii-tus-eschringen-ii\/"]}]},{"@type":"BreadcrumbList","@id":"https:\/\/tus.eschringen.de\/wordpress\/event\/sv-wehrden-ii-tus-eschringen-ii\/#breadcrumb","itemListElement":[{"@type":"ListItem","position":1,"name":"Startseite","item":"https:\/\/tus.eschringen.de\/wordpress\/"},{"@type":"ListItem","position":2,"name":"Veranstaltungen","item":"https:\/\/tus.eschringen.de\/wordpress\/events\/"},{"@type":"ListItem","position":3,"name":"SV Wehrden II &#8211; TuS Eschringen II"}]},{"@type":"WebSite","@id":"https:\/\/tus.eschringen.de\/wordpress\/#website","url":"https:\/\/tus.eschringen.de\/wordpress\/","name":"TuS Eschringen","description":"","publisher":{"@id":"https:\/\/tus.eschringen.de\/wordpress\/#organization"},"potentialAction":[{"@type":"SearchAction","target":{"@type":"EntryPoint","urlTemplate":"https:\/\/tus.eschringen.de\/wordpress\/?s={search_term_string}"},"query-input":{"@type":"PropertyValueSpecification","valueRequired":true,"valueName":"search_term_string"}}],"inLanguage":"de"},{"@type":"Organization","@id":"https:\/\/tus.eschringen.de\/wordpress\/#organization","name":"TuS Eschringen","url":"https:\/\/tus.eschringen.de\/wordpress\/","logo":{"@type":"ImageObject","inLanguage":"de","@id":"https:\/\/tus.eschringen.de\/wordpress\/#\/schema\/logo\/image\/","url":"https:\/\/i0.wp.com\/tus.eschringen.de\/wordpress\/wp-content\/uploads\/2025\/07\/Web_kopf.jpg?fit=1260%2C240&ssl=1","contentUrl":"https:\/\/i0.wp.com\/tus.eschringen.de\/wordpress\/wp-content\/uploads\/2025\/07\/Web_kopf.jpg?fit=1260%2C240&ssl=1","width":1260,"height":240,"caption":"TuS Eschringen"},"image":{"@id":"https:\/\/tus.eschringen.de\/wordpress\/#\/schema\/logo\/image\/"},"sameAs":["https:\/\/www.facebook.com\/TuS.Eschringen\/","https:\/\/www.instagram.com\/tus.eschringen\/"]}]}</script>
<!-- / Yoast SEO plugin. -->

Kreisliga A Süd 12. Spieltag SV Wehrden II &#8211; TuS Eschringen II 4:1 (2:1) Torschützen: 1:0 Istvan Madarasz (16. Min) 1:1 Sebastian Beck (22. Min) 2:1 Istvan Madarasz (42. Min) 3:1 Nicolaie Bira (50. Min) 4:1 Mihai-Cristian Covaciu (75. Min) Spielbericht: TuS II unterliegt in Wehrden Die Zweite des TuS präsentierte sich in der ersten ... alles lesen
