{"id":648,"date":"2017-04-25T13:33:25","date_gmt":"2017-04-25T11:33:25","guid":{"rendered":"http:\/\/tus.eschringen.de\/wordpress\/?post_type=tribe_events&#038;p=648"},"modified":"2017-04-25T13:33:25","modified_gmt":"2017-04-25T11:33:25","slug":"esv-saarbruecken-tus-eschringen","status":"publish","type":"tribe_events","link":"https:\/\/tus.eschringen.de\/wordpress\/event\/esv-saarbruecken-tus-eschringen\/","title":{"rendered":"ESV Saarbr\u00fccken &#8211; TuS Eschringen"},"content":{"rendered":"<p><strong>1. Mannschaft:<\/strong><\/p>\n<p><strong>Saarlandpokal<\/strong> &#8211;<strong> Mittwoch<\/strong><strong>, 19.8.2015, 18.00 Uhr, Sportplatz Hartplatz ESV, Paul-Lincke-Str., 66113 Saarbr\u00fccken<\/strong><\/p>\n<p>ESV Saarbr\u00fccken &#8211; TuS Eschringen\u00a0 <strong>1:3<\/strong> (0:1)<\/p>\n<p><strong>Spielbericht:<\/strong><\/p>\n<p>Hauptsache weitergekommen! Das oft bem\u00fchte Pokal-Motto traf leider auch auf dieses Match zu. Der TuS spielte gegen einen \u00e4u\u00dferst schwachen, tief stehenden Gegner, der au\u00dfer Kampfgeist kaum etwas entgegenzusetzen hatte. Eschringen passte sich dem Niveau allerdings an und tat sich schwer damit, klare Torchancen zu erspielen. Folgerichtig sprang in der ersten Halbzeit lediglich ein Treffer heraus. Auch die zweite Halbzeit hatte nicht viel zu bieten. Der TuS erh\u00f6hte auf 3:0 und kassierte zu allem \u00dcberfluss am Ende noch den Anschlusstreffer. Wie sagt man im Pokal so gerne: Hauptsache weitergekommen!<\/p>\n<p>Torsch\u00fctzen:<br \/>\n<strong>0:1<\/strong> Robin P\u00f6nicke (39.)<br \/>\n<strong>0:2<\/strong> Alexander Boehnlein (65.)<br \/>\n<strong>0:3<\/strong> Andreas Mergener (77.)<br \/>\n1:3 Sascha Kummer (80.)<\/p>\n","protected":false},"excerpt":{"rendered":"<p>1. Mannschaft: Saarlandpokal &#8211; Mittwoch, 19.8.2015, 18.00 Uhr, Sportplatz Hartplatz ESV, Paul-Lincke-Str., 66113 Saarbr\u00fccken ESV Saarbr\u00fccken &#8211; TuS Eschringen\u00a0 1:3 (0:1) Spielbericht: Hauptsache weitergekommen! Das oft bem\u00fchte Pokal-Motto traf leider auch auf dieses Match zu. Der TuS spielte gegen einen \u00e4u\u00dferst schwachen, tief stehenden Gegner, der au\u00dfer Kampfgeist kaum etwas entgegenzusetzen hatte. Eschringen passte sich &#8230; <\/p>\n<p class=\"read-more-container\"><a title=\"ESV Saarbr\u00fccken &#8211; TuS Eschringen\" class=\"read-more button\" href=\"https:\/\/tus.eschringen.de\/wordpress\/event\/esv-saarbruecken-tus-eschringen\/#more-648\" aria-label=\"Mehr Informationen \u00fcber ESV Saarbr\u00fccken &#8211; TuS Eschringen\">alles lesen<\/a><\/p>\n","protected":false},"author":1,"featured_media":0,"template":"","meta":{"generate_page_header":"","_tribe_events_status":"","_tribe_events_status_reason":"","footnotes":""},"tags":[],"tribe_events_cat":[],"class_list":["post-648","tribe_events","type-tribe_events","status-publish","hentry"],"yoast_head":"<!-- This site is optimized with the Yoast SEO plugin v27.5 - https:\/\/yoast.com\/product\/yoast-seo-wordpress\/ -->\n<title>ESV Saarbr\u00fccken - TuS Eschringen - TuS Eschringen<\/title>\n<meta name=\"robots\" content=\"index, follow, max-snippet:-1, max-image-preview:large, max-video-preview:-1\" \/>\n<link rel=\"canonical\" href=\"https:\/\/tus.eschringen.de\/wordpress\/event\/esv-saarbruecken-tus-eschringen\/\" \/>\n<meta property=\"og:locale\" content=\"de_DE\" \/>\n<meta property=\"og:type\" content=\"article\" \/>\n<meta property=\"og:title\" content=\"ESV Saarbr\u00fccken - TuS Eschringen - TuS Eschringen\" \/>\n<meta property=\"og:description\" content=\"1. Mannschaft: Saarlandpokal &#8211; Mittwoch, 19.8.2015, 18.00 Uhr, Sportplatz Hartplatz ESV, Paul-Lincke-Str., 66113 Saarbr\u00fccken ESV Saarbr\u00fccken &#8211; TuS Eschringen\u00a0 1:3 (0:1) Spielbericht: Hauptsache weitergekommen! Das oft bem\u00fchte Pokal-Motto traf leider auch auf dieses Match zu. Der TuS spielte gegen einen \u00e4u\u00dferst schwachen, tief stehenden Gegner, der au\u00dfer Kampfgeist kaum etwas entgegenzusetzen hatte. Eschringen passte sich ... alles lesen\" \/>\n<meta property=\"og:url\" content=\"https:\/\/tus.eschringen.de\/wordpress\/event\/esv-saarbruecken-tus-eschringen\/\" \/>\n<meta property=\"og:site_name\" content=\"TuS Eschringen\" \/>\n<meta property=\"article:publisher\" content=\"https:\/\/www.facebook.com\/TuS.Eschringen\/\" \/>\n<meta name=\"twitter:card\" content=\"summary_large_image\" \/>\n<meta name=\"twitter:label1\" content=\"Gesch\u00e4tzte Lesezeit\" \/>\n\t<meta name=\"twitter:data1\" content=\"1\u00a0Minute\" \/>\n<script type=\"application\/ld+json\" class=\"yoast-schema-graph\">{\"@context\":\"https:\\\/\\\/schema.org\",\"@graph\":[{\"@type\":\"WebPage\",\"@id\":\"https:\\\/\\\/tus.eschringen.de\\\/wordpress\\\/event\\\/esv-saarbruecken-tus-eschringen\\\/\",\"url\":\"https:\\\/\\\/tus.eschringen.de\\\/wordpress\\\/event\\\/esv-saarbruecken-tus-eschringen\\\/\",\"name\":\"ESV Saarbr\u00fccken - TuS Eschringen - TuS Eschringen\",\"isPartOf\":{\"@id\":\"https:\\\/\\\/tus.eschringen.de\\\/wordpress\\\/#website\"},\"datePublished\":\"2017-04-25T11:33:25+00:00\",\"breadcrumb\":{\"@id\":\"https:\\\/\\\/tus.eschringen.de\\\/wordpress\\\/event\\\/esv-saarbruecken-tus-eschringen\\\/#breadcrumb\"},\"inLanguage\":\"de\",\"potentialAction\":[{\"@type\":\"ReadAction\",\"target\":[\"https:\\\/\\\/tus.eschringen.de\\\/wordpress\\\/event\\\/esv-saarbruecken-tus-eschringen\\\/\"]}]},{\"@type\":\"BreadcrumbList\",\"@id\":\"https:\\\/\\\/tus.eschringen.de\\\/wordpress\\\/event\\\/esv-saarbruecken-tus-eschringen\\\/#breadcrumb\",\"itemListElement\":[{\"@type\":\"ListItem\",\"position\":1,\"name\":\"Startseite\",\"item\":\"https:\\\/\\\/tus.eschringen.de\\\/wordpress\\\/\"},{\"@type\":\"ListItem\",\"position\":2,\"name\":\"Veranstaltungen\",\"item\":\"https:\\\/\\\/tus.eschringen.de\\\/wordpress\\\/events\\\/\"},{\"@type\":\"ListItem\",\"position\":3,\"name\":\"ESV Saarbr\u00fccken &#8211; TuS Eschringen\"}]},{\"@type\":\"WebSite\",\"@id\":\"https:\\\/\\\/tus.eschringen.de\\\/wordpress\\\/#website\",\"url\":\"https:\\\/\\\/tus.eschringen.de\\\/wordpress\\\/\",\"name\":\"TuS Eschringen\",\"description\":\"\",\"publisher\":{\"@id\":\"https:\\\/\\\/tus.eschringen.de\\\/wordpress\\\/#organization\"},\"potentialAction\":[{\"@type\":\"SearchAction\",\"target\":{\"@type\":\"EntryPoint\",\"urlTemplate\":\"https:\\\/\\\/tus.eschringen.de\\\/wordpress\\\/?s={search_term_string}\"},\"query-input\":{\"@type\":\"PropertyValueSpecification\",\"valueRequired\":true,\"valueName\":\"search_term_string\"}}],\"inLanguage\":\"de\"},{\"@type\":\"Organization\",\"@id\":\"https:\\\/\\\/tus.eschringen.de\\\/wordpress\\\/#organization\",\"name\":\"TuS Eschringen\",\"url\":\"https:\\\/\\\/tus.eschringen.de\\\/wordpress\\\/\",\"logo\":{\"@type\":\"ImageObject\",\"inLanguage\":\"de\",\"@id\":\"https:\\\/\\\/tus.eschringen.de\\\/wordpress\\\/#\\\/schema\\\/logo\\\/image\\\/\",\"url\":\"https:\\\/\\\/i0.wp.com\\\/tus.eschringen.de\\\/wordpress\\\/wp-content\\\/uploads\\\/2025\\\/07\\\/Web_kopf.jpg?fit=1260%2C240&ssl=1\",\"contentUrl\":\"https:\\\/\\\/i0.wp.com\\\/tus.eschringen.de\\\/wordpress\\\/wp-content\\\/uploads\\\/2025\\\/07\\\/Web_kopf.jpg?fit=1260%2C240&ssl=1\",\"width\":1260,\"height\":240,\"caption\":\"TuS Eschringen\"},\"image\":{\"@id\":\"https:\\\/\\\/tus.eschringen.de\\\/wordpress\\\/#\\\/schema\\\/logo\\\/image\\\/\"},\"sameAs\":[\"https:\\\/\\\/www.facebook.com\\\/TuS.Eschringen\\\/\",\"https:\\\/\\\/www.instagram.com\\\/tus.eschringen\\\/\"]}]}<\/script>\n<!-- \/ Yoast SEO plugin. -->","yoast_head_json":{"title":"ESV Saarbr\u00fccken - TuS Eschringen - TuS Eschringen","robots":{"index":"index","follow":"follow","max-snippet":"max-snippet:-1","max-image-preview":"max-image-preview:large","max-video-preview":"max-video-preview:-1"},"canonical":"https:\/\/tus.eschringen.de\/wordpress\/event\/esv-saarbruecken-tus-eschringen\/","og_locale":"de_DE","og_type":"article","og_title":"ESV Saarbr\u00fccken - TuS Eschringen - TuS Eschringen","og_description":"1. Mannschaft: Saarlandpokal &#8211; Mittwoch, 19.8.2015, 18.00 Uhr, Sportplatz Hartplatz ESV, Paul-Lincke-Str., 66113 Saarbr\u00fccken ESV Saarbr\u00fccken &#8211; TuS Eschringen\u00a0 1:3 (0:1) Spielbericht: Hauptsache weitergekommen! Das oft bem\u00fchte Pokal-Motto traf leider auch auf dieses Match zu. Der TuS spielte gegen einen \u00e4u\u00dferst schwachen, tief stehenden Gegner, der au\u00dfer Kampfgeist kaum etwas entgegenzusetzen hatte. Eschringen passte sich ... alles lesen","og_url":"https:\/\/tus.eschringen.de\/wordpress\/event\/esv-saarbruecken-tus-eschringen\/","og_site_name":"TuS Eschringen","article_publisher":"https:\/\/www.facebook.com\/TuS.Eschringen\/","twitter_card":"summary_large_image","twitter_misc":{"Gesch\u00e4tzte Lesezeit":"1\u00a0Minute"},"schema":{"@context":"https:\/\/schema.org","@graph":[{"@type":"WebPage","@id":"https:\/\/tus.eschringen.de\/wordpress\/event\/esv-saarbruecken-tus-eschringen\/","url":"https:\/\/tus.eschringen.de\/wordpress\/event\/esv-saarbruecken-tus-eschringen\/","name":"ESV Saarbr\u00fccken - TuS Eschringen - TuS Eschringen","isPartOf":{"@id":"https:\/\/tus.eschringen.de\/wordpress\/#website"},"datePublished":"2017-04-25T11:33:25+00:00","breadcrumb":{"@id":"https:\/\/tus.eschringen.de\/wordpress\/event\/esv-saarbruecken-tus-eschringen\/#breadcrumb"},"inLanguage":"de","potentialAction":[{"@type":"ReadAction","target":["https:\/\/tus.eschringen.de\/wordpress\/event\/esv-saarbruecken-tus-eschringen\/"]}]},{"@type":"BreadcrumbList","@id":"https:\/\/tus.eschringen.de\/wordpress\/event\/esv-saarbruecken-tus-eschringen\/#breadcrumb","itemListElement":[{"@type":"ListItem","position":1,"name":"Startseite","item":"https:\/\/tus.eschringen.de\/wordpress\/"},{"@type":"ListItem","position":2,"name":"Veranstaltungen","item":"https:\/\/tus.eschringen.de\/wordpress\/events\/"},{"@type":"ListItem","position":3,"name":"ESV Saarbr\u00fccken &#8211; TuS Eschringen"}]},{"@type":"WebSite","@id":"https:\/\/tus.eschringen.de\/wordpress\/#website","url":"https:\/\/tus.eschringen.de\/wordpress\/","name":"TuS Eschringen","description":"","publisher":{"@id":"https:\/\/tus.eschringen.de\/wordpress\/#organization"},"potentialAction":[{"@type":"SearchAction","target":{"@type":"EntryPoint","urlTemplate":"https:\/\/tus.eschringen.de\/wordpress\/?s={search_term_string}"},"query-input":{"@type":"PropertyValueSpecification","valueRequired":true,"valueName":"search_term_string"}}],"inLanguage":"de"},{"@type":"Organization","@id":"https:\/\/tus.eschringen.de\/wordpress\/#organization","name":"TuS Eschringen","url":"https:\/\/tus.eschringen.de\/wordpress\/","logo":{"@type":"ImageObject","inLanguage":"de","@id":"https:\/\/tus.eschringen.de\/wordpress\/#\/schema\/logo\/image\/","url":"https:\/\/i0.wp.com\/tus.eschringen.de\/wordpress\/wp-content\/uploads\/2025\/07\/Web_kopf.jpg?fit=1260%2C240&ssl=1","contentUrl":"https:\/\/i0.wp.com\/tus.eschringen.de\/wordpress\/wp-content\/uploads\/2025\/07\/Web_kopf.jpg?fit=1260%2C240&ssl=1","width":1260,"height":240,"caption":"TuS Eschringen"},"image":{"@id":"https:\/\/tus.eschringen.de\/wordpress\/#\/schema\/logo\/image\/"},"sameAs":["https:\/\/www.facebook.com\/TuS.Eschringen\/","https:\/\/www.instagram.com\/tus.eschringen\/"]}]}},"jetpack_sharing_enabled":true,"_links":{"self":[{"href":"https:\/\/tus.eschringen.de\/wordpress\/wp-json\/wp\/v2\/tribe_events\/648","targetHints":{"allow":["GET"]}}],"collection":[{"href":"https:\/\/tus.eschringen.de\/wordpress\/wp-json\/wp\/v2\/tribe_events"}],"about":[{"href":"https:\/\/tus.eschringen.de\/wordpress\/wp-json\/wp\/v2\/types\/tribe_events"}],"author":[{"embeddable":true,"href":"https:\/\/tus.eschringen.de\/wordpress\/wp-json\/wp\/v2\/users\/1"}],"version-history":[{"count":1,"href":"https:\/\/tus.eschringen.de\/wordpress\/wp-json\/wp\/v2\/tribe_events\/648\/revisions"}],"predecessor-version":[{"id":649,"href":"https:\/\/tus.eschringen.de\/wordpress\/wp-json\/wp\/v2\/tribe_events\/648\/revisions\/649"}],"wp:attachment":[{"href":"https:\/\/tus.eschringen.de\/wordpress\/wp-json\/wp\/v2\/media?parent=648"}],"wp:term":[{"taxonomy":"post_tag","embeddable":true,"href":"https:\/\/tus.eschringen.de\/wordpress\/wp-json\/wp\/v2\/tags?post=648"},{"taxonomy":"tribe_events_cat","embeddable":true,"href":"https:\/\/tus.eschringen.de\/wordpress\/wp-json\/wp\/v2\/tribe_events_cat?post=648"}],"curies":[{"name":"wp","href":"https:\/\/api.w.org\/{rel}","templated":true}]}}

ESV Saarbrücken &#8211; TuS Eschringen

<p><strong>1. Mannschaft:</strong></p>
<p><strong>Saarlandpokal</strong> &#8211;<strong> Mittwoch</strong><strong>, 19.8.2015, 18.00 Uhr, Sportplatz Hartplatz ESV, Paul-Lincke-Str., 66113 Saarbrücken</strong></p>
<p>ESV Saarbrücken &#8211; TuS Eschringen  <strong>1:3</strong> (0:1)</p>
<p><strong>Spielbericht:</strong></p>
<p>Hauptsache weitergekommen! Das oft bemühte Pokal-Motto traf leider auch auf dieses Match zu. Der TuS spielte gegen einen äußerst schwachen, tief stehenden Gegner, der außer Kampfgeist kaum etwas entgegenzusetzen hatte. Eschringen passte sich dem Niveau allerdings an und tat sich schwer damit, klare Torchancen zu erspielen. Folgerichtig sprang in der ersten Halbzeit lediglich ein Treffer heraus. Auch die zweite Halbzeit hatte nicht viel zu bieten. Der TuS erhöhte auf 3:0 und kassierte zu allem Überfluss am Ende noch den Anschlusstreffer. Wie sagt man im Pokal so gerne: Hauptsache weitergekommen!</p>
<p>Torschützen:<br />
<strong>0:1</strong> Robin Pönicke (39.)<br />
<strong>0:2</strong> Alexander Boehnlein (65.)<br />
<strong>0:3</strong> Andreas Mergener (77.)<br />
1:3 Sascha Kummer (80.)</p>

<p>1. Mannschaft: Saarlandpokal &#8211; Mittwoch, 19.8.2015, 18.00 Uhr, Sportplatz Hartplatz ESV, Paul-Lincke-Str., 66113 Saarbrücken ESV Saarbrücken &#8211; TuS Eschringen  1:3 (0:1) Spielbericht: Hauptsache weitergekommen! Das oft bemühte Pokal-Motto traf leider auch auf dieses Match zu. Der TuS spielte gegen einen äußerst schwachen, tief stehenden Gegner, der außer Kampfgeist kaum etwas entgegenzusetzen hatte. Eschringen passte sich &#8230; </p>
<p class="read-more-container"><a title="ESV Saarbrücken &#8211; TuS Eschringen" class="read-more button" href="https://tus.eschringen.de/wordpress/event/esv-saarbruecken-tus-eschringen/#more-648" aria-label="Mehr Informationen über ESV Saarbrücken &#8211; TuS Eschringen">alles lesen</a></p>

<!-- This site is optimized with the Yoast SEO plugin v27.5 - https://yoast.com/product/yoast-seo-wordpress/ -->
<title>ESV Saarbrücken - TuS Eschringen - TuS Eschringen</title>
<meta name="robots" content="index, follow, max-snippet:-1, max-image-preview:large, max-video-preview:-1" />
<link rel="canonical" href="https://tus.eschringen.de/wordpress/event/esv-saarbruecken-tus-eschringen/" />
<meta property="og:locale" content="de_DE" />
<meta property="og:type" content="article" />
<meta property="og:title" content="ESV Saarbrücken - TuS Eschringen - TuS Eschringen" />
<meta property="og:description" content="1. Mannschaft: Saarlandpokal &#8211; Mittwoch, 19.8.2015, 18.00 Uhr, Sportplatz Hartplatz ESV, Paul-Lincke-Str., 66113 Saarbrücken ESV Saarbrücken &#8211; TuS Eschringen  1:3 (0:1) Spielbericht: Hauptsache weitergekommen! Das oft bemühte Pokal-Motto traf leider auch auf dieses Match zu. Der TuS spielte gegen einen äußerst schwachen, tief stehenden Gegner, der außer Kampfgeist kaum etwas entgegenzusetzen hatte. Eschringen passte sich ... alles lesen" />
<meta property="og:url" content="https://tus.eschringen.de/wordpress/event/esv-saarbruecken-tus-eschringen/" />
<meta property="og:site_name" content="TuS Eschringen" />
<meta property="article:publisher" content="https://www.facebook.com/TuS.Eschringen/" />
<meta name="twitter:card" content="summary_large_image" />
<meta name="twitter:label1" content="Geschätzte Lesezeit" />
	<meta name="twitter:data1" content="1 Minute" />
<script type="application/ld+json" class="yoast-schema-graph">{"@context":"https:\/\/schema.org","@graph":[{"@type":"WebPage","@id":"https:\/\/tus.eschringen.de\/wordpress\/event\/esv-saarbruecken-tus-eschringen\/","url":"https:\/\/tus.eschringen.de\/wordpress\/event\/esv-saarbruecken-tus-eschringen\/","name":"ESV Saarbrücken - TuS Eschringen - TuS Eschringen","isPartOf":{"@id":"https:\/\/tus.eschringen.de\/wordpress\/#website"},"datePublished":"2017-04-25T11:33:25+00:00","breadcrumb":{"@id":"https:\/\/tus.eschringen.de\/wordpress\/event\/esv-saarbruecken-tus-eschringen\/#breadcrumb"},"inLanguage":"de","potentialAction":[{"@type":"ReadAction","target":["https:\/\/tus.eschringen.de\/wordpress\/event\/esv-saarbruecken-tus-eschringen\/"]}]},{"@type":"BreadcrumbList","@id":"https:\/\/tus.eschringen.de\/wordpress\/event\/esv-saarbruecken-tus-eschringen\/#breadcrumb","itemListElement":[{"@type":"ListItem","position":1,"name":"Startseite","item":"https:\/\/tus.eschringen.de\/wordpress\/"},{"@type":"ListItem","position":2,"name":"Veranstaltungen","item":"https:\/\/tus.eschringen.de\/wordpress\/events\/"},{"@type":"ListItem","position":3,"name":"ESV Saarbrücken &#8211; TuS Eschringen"}]},{"@type":"WebSite","@id":"https:\/\/tus.eschringen.de\/wordpress\/#website","url":"https:\/\/tus.eschringen.de\/wordpress\/","name":"TuS Eschringen","description":"","publisher":{"@id":"https:\/\/tus.eschringen.de\/wordpress\/#organization"},"potentialAction":[{"@type":"SearchAction","target":{"@type":"EntryPoint","urlTemplate":"https:\/\/tus.eschringen.de\/wordpress\/?s={search_term_string}"},"query-input":{"@type":"PropertyValueSpecification","valueRequired":true,"valueName":"search_term_string"}}],"inLanguage":"de"},{"@type":"Organization","@id":"https:\/\/tus.eschringen.de\/wordpress\/#organization","name":"TuS Eschringen","url":"https:\/\/tus.eschringen.de\/wordpress\/","logo":{"@type":"ImageObject","inLanguage":"de","@id":"https:\/\/tus.eschringen.de\/wordpress\/#\/schema\/logo\/image\/","url":"https:\/\/i0.wp.com\/tus.eschringen.de\/wordpress\/wp-content\/uploads\/2025\/07\/Web_kopf.jpg?fit=1260%2C240&ssl=1","contentUrl":"https:\/\/i0.wp.com\/tus.eschringen.de\/wordpress\/wp-content\/uploads\/2025\/07\/Web_kopf.jpg?fit=1260%2C240&ssl=1","width":1260,"height":240,"caption":"TuS Eschringen"},"image":{"@id":"https:\/\/tus.eschringen.de\/wordpress\/#\/schema\/logo\/image\/"},"sameAs":["https:\/\/www.facebook.com\/TuS.Eschringen\/","https:\/\/www.instagram.com\/tus.eschringen\/"]}]}</script>
<!-- / Yoast SEO plugin. -->

ESV Saarbrücken - TuS Eschringen - TuS Eschringen

1. Mannschaft: Saarlandpokal &#8211; Mittwoch, 19.8.2015, 18.00 Uhr, Sportplatz Hartplatz ESV, Paul-Lincke-Str., 66113 Saarbrücken ESV Saarbrücken &#8211; TuS Eschringen  1:3 (0:1) Spielbericht: Hauptsache weitergekommen! Das oft bemühte Pokal-Motto traf leider auch auf dieses Match zu. Der TuS spielte gegen einen äußerst schwachen, tief stehenden Gegner, der außer Kampfgeist kaum etwas entgegenzusetzen hatte. Eschringen passte sich ... alles lesen
