{"id":6353,"date":"2025-08-16T09:07:19","date_gmt":"2025-08-16T07:07:19","guid":{"rendered":"https:\/\/tus.eschringen.de\/wordpress\/event\/tus-eschringen-ii-fc-neuweiler-ii\/"},"modified":"2025-10-06T15:43:35","modified_gmt":"2025-10-06T13:43:35","slug":"tus-eschringen-ii-fc-neuweiler-ii","status":"publish","type":"tribe_events","link":"https:\/\/tus.eschringen.de\/wordpress\/event\/tus-eschringen-ii-fc-neuweiler-ii\/","title":{"rendered":"TuS Eschringen II &#8211; FC Neuweiler II"},"content":{"rendered":"<p>Kreisliga A S\u00fcd<\/p>\n<p>11. Spieltag<\/p>\n<p>TuS Eschringen II &#8211; FC Neuweiler II <span style=\"color: #ff0000;\"><strong>1:9<\/strong><\/span> (1:4)<\/p>\n<p>Tore:<\/p>\n<p>0:1 Luca Udo Disch (15. Min)<br \/>\n<strong><span style=\"color: #ff0000;\">1:1<\/span> Sebastian Beck (22. Min)<\/strong><br \/>\n1:2 Carsten Str\u00e4\u00dfer (29. Min)<br \/>\n1:3 Marvin Bley (32. Min)<br \/>\n1:4 Marvin Bley (35. Min)<br \/>\n1:5 Carsten Str\u00e4\u00dfer (53. Min)<br \/>\n1:6 Marvin Bley (65. Min)<br \/>\n1:7 Luca Udo Disch (73. Min)<br \/>\n1:8 Luca Udo Disch (75. Min)<br \/>\n1:9 Dominik Zentz (88. Min)<\/p>\n<p>Spielbericht:<\/p>\n<p><strong>Zweite unterliegt FC Neuweiler II deutlich<\/strong><\/p>\n<p>Gegen einen Gast, der von der ersten Minute an nicht wie eine Mannschaft agierte, die im bisherigen Saisonverlauf erst vier Punkte erreicht hatte, war unser TuS ab einer halben Stunde Spielzeit chancenlos. Bis dahin hatte der FC Neuweiler II zwar mehr Spielanteile, unser Team wusste sich beim unentschiedenen Spielstand von 1:1 aber noch erfolgreich zur Wehr zu setzen. Nach einem Dreifachschlag durch Neuweiler von der 29. bis zur 35. Spielminute war das Spiel mit 1:4 vorentschieden. Auch in der zweiten Halbzeit lie\u00df die Gastmannschaft nichts mehr anbrennen und erh\u00f6hte auf 1:9.<\/p>\n","protected":false},"excerpt":{"rendered":"<p>Kreisliga A S\u00fcd 11. Spieltag TuS Eschringen II &#8211; FC Neuweiler II 1:9 (1:4) Tore: 0:1 Luca Udo Disch (15. Min) 1:1 Sebastian Beck (22. Min) 1:2 Carsten Str\u00e4\u00dfer (29. Min) 1:3 Marvin Bley (32. Min) 1:4 Marvin Bley (35. Min) 1:5 Carsten Str\u00e4\u00dfer (53. Min) 1:6 Marvin Bley (65. Min) 1:7 Luca Udo Disch &#8230; <\/p>\n<p class=\"read-more-container\"><a title=\"TuS Eschringen II &#8211; FC Neuweiler II\" class=\"read-more button\" href=\"https:\/\/tus.eschringen.de\/wordpress\/event\/tus-eschringen-ii-fc-neuweiler-ii\/#more-6353\" aria-label=\"Mehr Informationen \u00fcber TuS Eschringen II &#8211; FC Neuweiler II\">alles lesen<\/a><\/p>\n","protected":false},"author":1,"featured_media":0,"template":"","meta":{"generate_page_header":"","_tribe_events_status":"","_tribe_events_status_reason":"","footnotes":""},"tags":[],"tribe_events_cat":[12],"class_list":["post-6353","tribe_events","type-tribe_events","status-publish","hentry","tribe_events_cat-kreisliga-a-sued","cat_kreisliga-a-sued"],"yoast_head":"<!-- This site is optimized with the Yoast SEO plugin v27.4 - https:\/\/yoast.com\/product\/yoast-seo-wordpress\/ -->\n<title>TuS Eschringen II - FC Neuweiler II - TuS Eschringen<\/title>\n<meta name=\"robots\" content=\"index, follow, max-snippet:-1, max-image-preview:large, max-video-preview:-1\" \/>\n<link rel=\"canonical\" href=\"https:\/\/tus.eschringen.de\/wordpress\/event\/tus-eschringen-ii-fc-neuweiler-ii\/\" \/>\n<meta property=\"og:locale\" content=\"de_DE\" \/>\n<meta property=\"og:type\" content=\"article\" \/>\n<meta property=\"og:title\" content=\"TuS Eschringen II - FC Neuweiler II - TuS Eschringen\" \/>\n<meta property=\"og:description\" content=\"Kreisliga A S\u00fcd 11. Spieltag TuS Eschringen II &#8211; FC Neuweiler II 1:9 (1:4) Tore: 0:1 Luca Udo Disch (15. Min) 1:1 Sebastian Beck (22. Min) 1:2 Carsten Str\u00e4\u00dfer (29. Min) 1:3 Marvin Bley (32. Min) 1:4 Marvin Bley (35. Min) 1:5 Carsten Str\u00e4\u00dfer (53. Min) 1:6 Marvin Bley (65. Min) 1:7 Luca Udo Disch ... alles lesen\" \/>\n<meta property=\"og:url\" content=\"https:\/\/tus.eschringen.de\/wordpress\/event\/tus-eschringen-ii-fc-neuweiler-ii\/\" \/>\n<meta property=\"og:site_name\" content=\"TuS Eschringen\" \/>\n<meta property=\"article:publisher\" content=\"https:\/\/www.facebook.com\/TuS.Eschringen\/\" \/>\n<meta property=\"article:modified_time\" content=\"2025-10-06T13:43:35+00:00\" \/>\n<meta name=\"twitter:card\" content=\"summary_large_image\" \/>\n<meta name=\"twitter:label1\" content=\"Gesch\u00e4tzte Lesezeit\" \/>\n\t<meta name=\"twitter:data1\" content=\"1\u00a0Minute\" \/>\n<script type=\"application\/ld+json\" class=\"yoast-schema-graph\">{\"@context\":\"https:\\\/\\\/schema.org\",\"@graph\":[{\"@type\":\"WebPage\",\"@id\":\"https:\\\/\\\/tus.eschringen.de\\\/wordpress\\\/event\\\/tus-eschringen-ii-fc-neuweiler-ii\\\/\",\"url\":\"https:\\\/\\\/tus.eschringen.de\\\/wordpress\\\/event\\\/tus-eschringen-ii-fc-neuweiler-ii\\\/\",\"name\":\"TuS Eschringen II - FC Neuweiler II - TuS Eschringen\",\"isPartOf\":{\"@id\":\"https:\\\/\\\/tus.eschringen.de\\\/wordpress\\\/#website\"},\"datePublished\":\"2025-08-16T07:07:19+00:00\",\"dateModified\":\"2025-10-06T13:43:35+00:00\",\"breadcrumb\":{\"@id\":\"https:\\\/\\\/tus.eschringen.de\\\/wordpress\\\/event\\\/tus-eschringen-ii-fc-neuweiler-ii\\\/#breadcrumb\"},\"inLanguage\":\"de\",\"potentialAction\":[{\"@type\":\"ReadAction\",\"target\":[\"https:\\\/\\\/tus.eschringen.de\\\/wordpress\\\/event\\\/tus-eschringen-ii-fc-neuweiler-ii\\\/\"]}]},{\"@type\":\"BreadcrumbList\",\"@id\":\"https:\\\/\\\/tus.eschringen.de\\\/wordpress\\\/event\\\/tus-eschringen-ii-fc-neuweiler-ii\\\/#breadcrumb\",\"itemListElement\":[{\"@type\":\"ListItem\",\"position\":1,\"name\":\"Startseite\",\"item\":\"https:\\\/\\\/tus.eschringen.de\\\/wordpress\\\/\"},{\"@type\":\"ListItem\",\"position\":2,\"name\":\"Veranstaltungen\",\"item\":\"https:\\\/\\\/tus.eschringen.de\\\/wordpress\\\/events\\\/\"},{\"@type\":\"ListItem\",\"position\":3,\"name\":\"TuS Eschringen II &#8211; FC Neuweiler II\"}]},{\"@type\":\"WebSite\",\"@id\":\"https:\\\/\\\/tus.eschringen.de\\\/wordpress\\\/#website\",\"url\":\"https:\\\/\\\/tus.eschringen.de\\\/wordpress\\\/\",\"name\":\"TuS Eschringen\",\"description\":\"\",\"publisher\":{\"@id\":\"https:\\\/\\\/tus.eschringen.de\\\/wordpress\\\/#organization\"},\"potentialAction\":[{\"@type\":\"SearchAction\",\"target\":{\"@type\":\"EntryPoint\",\"urlTemplate\":\"https:\\\/\\\/tus.eschringen.de\\\/wordpress\\\/?s={search_term_string}\"},\"query-input\":{\"@type\":\"PropertyValueSpecification\",\"valueRequired\":true,\"valueName\":\"search_term_string\"}}],\"inLanguage\":\"de\"},{\"@type\":\"Organization\",\"@id\":\"https:\\\/\\\/tus.eschringen.de\\\/wordpress\\\/#organization\",\"name\":\"TuS Eschringen\",\"url\":\"https:\\\/\\\/tus.eschringen.de\\\/wordpress\\\/\",\"logo\":{\"@type\":\"ImageObject\",\"inLanguage\":\"de\",\"@id\":\"https:\\\/\\\/tus.eschringen.de\\\/wordpress\\\/#\\\/schema\\\/logo\\\/image\\\/\",\"url\":\"https:\\\/\\\/i0.wp.com\\\/tus.eschringen.de\\\/wordpress\\\/wp-content\\\/uploads\\\/2025\\\/07\\\/Web_kopf.jpg?fit=1260%2C240&ssl=1\",\"contentUrl\":\"https:\\\/\\\/i0.wp.com\\\/tus.eschringen.de\\\/wordpress\\\/wp-content\\\/uploads\\\/2025\\\/07\\\/Web_kopf.jpg?fit=1260%2C240&ssl=1\",\"width\":1260,\"height\":240,\"caption\":\"TuS Eschringen\"},\"image\":{\"@id\":\"https:\\\/\\\/tus.eschringen.de\\\/wordpress\\\/#\\\/schema\\\/logo\\\/image\\\/\"},\"sameAs\":[\"https:\\\/\\\/www.facebook.com\\\/TuS.Eschringen\\\/\",\"https:\\\/\\\/www.instagram.com\\\/tus.eschringen\\\/\"]}]}<\/script>\n<!-- \/ Yoast SEO plugin. -->","yoast_head_json":{"title":"TuS Eschringen II - FC Neuweiler II - TuS Eschringen","robots":{"index":"index","follow":"follow","max-snippet":"max-snippet:-1","max-image-preview":"max-image-preview:large","max-video-preview":"max-video-preview:-1"},"canonical":"https:\/\/tus.eschringen.de\/wordpress\/event\/tus-eschringen-ii-fc-neuweiler-ii\/","og_locale":"de_DE","og_type":"article","og_title":"TuS Eschringen II - FC Neuweiler II - TuS Eschringen","og_description":"Kreisliga A S\u00fcd 11. Spieltag TuS Eschringen II &#8211; FC Neuweiler II 1:9 (1:4) Tore: 0:1 Luca Udo Disch (15. Min) 1:1 Sebastian Beck (22. Min) 1:2 Carsten Str\u00e4\u00dfer (29. Min) 1:3 Marvin Bley (32. Min) 1:4 Marvin Bley (35. Min) 1:5 Carsten Str\u00e4\u00dfer (53. Min) 1:6 Marvin Bley (65. Min) 1:7 Luca Udo Disch ... alles lesen","og_url":"https:\/\/tus.eschringen.de\/wordpress\/event\/tus-eschringen-ii-fc-neuweiler-ii\/","og_site_name":"TuS Eschringen","article_publisher":"https:\/\/www.facebook.com\/TuS.Eschringen\/","article_modified_time":"2025-10-06T13:43:35+00:00","twitter_card":"summary_large_image","twitter_misc":{"Gesch\u00e4tzte Lesezeit":"1\u00a0Minute"},"schema":{"@context":"https:\/\/schema.org","@graph":[{"@type":"WebPage","@id":"https:\/\/tus.eschringen.de\/wordpress\/event\/tus-eschringen-ii-fc-neuweiler-ii\/","url":"https:\/\/tus.eschringen.de\/wordpress\/event\/tus-eschringen-ii-fc-neuweiler-ii\/","name":"TuS Eschringen II - FC Neuweiler II - TuS Eschringen","isPartOf":{"@id":"https:\/\/tus.eschringen.de\/wordpress\/#website"},"datePublished":"2025-08-16T07:07:19+00:00","dateModified":"2025-10-06T13:43:35+00:00","breadcrumb":{"@id":"https:\/\/tus.eschringen.de\/wordpress\/event\/tus-eschringen-ii-fc-neuweiler-ii\/#breadcrumb"},"inLanguage":"de","potentialAction":[{"@type":"ReadAction","target":["https:\/\/tus.eschringen.de\/wordpress\/event\/tus-eschringen-ii-fc-neuweiler-ii\/"]}]},{"@type":"BreadcrumbList","@id":"https:\/\/tus.eschringen.de\/wordpress\/event\/tus-eschringen-ii-fc-neuweiler-ii\/#breadcrumb","itemListElement":[{"@type":"ListItem","position":1,"name":"Startseite","item":"https:\/\/tus.eschringen.de\/wordpress\/"},{"@type":"ListItem","position":2,"name":"Veranstaltungen","item":"https:\/\/tus.eschringen.de\/wordpress\/events\/"},{"@type":"ListItem","position":3,"name":"TuS Eschringen II &#8211; FC Neuweiler II"}]},{"@type":"WebSite","@id":"https:\/\/tus.eschringen.de\/wordpress\/#website","url":"https:\/\/tus.eschringen.de\/wordpress\/","name":"TuS Eschringen","description":"","publisher":{"@id":"https:\/\/tus.eschringen.de\/wordpress\/#organization"},"potentialAction":[{"@type":"SearchAction","target":{"@type":"EntryPoint","urlTemplate":"https:\/\/tus.eschringen.de\/wordpress\/?s={search_term_string}"},"query-input":{"@type":"PropertyValueSpecification","valueRequired":true,"valueName":"search_term_string"}}],"inLanguage":"de"},{"@type":"Organization","@id":"https:\/\/tus.eschringen.de\/wordpress\/#organization","name":"TuS Eschringen","url":"https:\/\/tus.eschringen.de\/wordpress\/","logo":{"@type":"ImageObject","inLanguage":"de","@id":"https:\/\/tus.eschringen.de\/wordpress\/#\/schema\/logo\/image\/","url":"https:\/\/i0.wp.com\/tus.eschringen.de\/wordpress\/wp-content\/uploads\/2025\/07\/Web_kopf.jpg?fit=1260%2C240&ssl=1","contentUrl":"https:\/\/i0.wp.com\/tus.eschringen.de\/wordpress\/wp-content\/uploads\/2025\/07\/Web_kopf.jpg?fit=1260%2C240&ssl=1","width":1260,"height":240,"caption":"TuS Eschringen"},"image":{"@id":"https:\/\/tus.eschringen.de\/wordpress\/#\/schema\/logo\/image\/"},"sameAs":["https:\/\/www.facebook.com\/TuS.Eschringen\/","https:\/\/www.instagram.com\/tus.eschringen\/"]}]}},"jetpack_sharing_enabled":true,"_links":{"self":[{"href":"https:\/\/tus.eschringen.de\/wordpress\/wp-json\/wp\/v2\/tribe_events\/6353","targetHints":{"allow":["GET"]}}],"collection":[{"href":"https:\/\/tus.eschringen.de\/wordpress\/wp-json\/wp\/v2\/tribe_events"}],"about":[{"href":"https:\/\/tus.eschringen.de\/wordpress\/wp-json\/wp\/v2\/types\/tribe_events"}],"author":[{"embeddable":true,"href":"https:\/\/tus.eschringen.de\/wordpress\/wp-json\/wp\/v2\/users\/1"}],"version-history":[{"count":4,"href":"https:\/\/tus.eschringen.de\/wordpress\/wp-json\/wp\/v2\/tribe_events\/6353\/revisions"}],"predecessor-version":[{"id":6557,"href":"https:\/\/tus.eschringen.de\/wordpress\/wp-json\/wp\/v2\/tribe_events\/6353\/revisions\/6557"}],"wp:attachment":[{"href":"https:\/\/tus.eschringen.de\/wordpress\/wp-json\/wp\/v2\/media?parent=6353"}],"wp:term":[{"taxonomy":"post_tag","embeddable":true,"href":"https:\/\/tus.eschringen.de\/wordpress\/wp-json\/wp\/v2\/tags?post=6353"},{"taxonomy":"tribe_events_cat","embeddable":true,"href":"https:\/\/tus.eschringen.de\/wordpress\/wp-json\/wp\/v2\/tribe_events_cat?post=6353"}],"curies":[{"name":"wp","href":"https:\/\/api.w.org\/{rel}","templated":true}]}}

<p>Kreisliga A Süd</p>
<p>11. Spieltag</p>
<p>TuS Eschringen II &#8211; FC Neuweiler II <span style="color: #ff0000;"><strong>1:9</strong></span> (1:4)</p>
<p>Tore:</p>
<p>0:1 Luca Udo Disch (15. Min)<br />
<strong><span style="color: #ff0000;">1:1</span> Sebastian Beck (22. Min)</strong><br />
1:2 Carsten Sträßer (29. Min)<br />
1:3 Marvin Bley (32. Min)<br />
1:4 Marvin Bley (35. Min)<br />
1:5 Carsten Sträßer (53. Min)<br />
1:6 Marvin Bley (65. Min)<br />
1:7 Luca Udo Disch (73. Min)<br />
1:8 Luca Udo Disch (75. Min)<br />
1:9 Dominik Zentz (88. Min)</p>
<p>Spielbericht:</p>
<p><strong>Zweite unterliegt FC Neuweiler II deutlich</strong></p>
<p>Gegen einen Gast, der von der ersten Minute an nicht wie eine Mannschaft agierte, die im bisherigen Saisonverlauf erst vier Punkte erreicht hatte, war unser TuS ab einer halben Stunde Spielzeit chancenlos. Bis dahin hatte der FC Neuweiler II zwar mehr Spielanteile, unser Team wusste sich beim unentschiedenen Spielstand von 1:1 aber noch erfolgreich zur Wehr zu setzen. Nach einem Dreifachschlag durch Neuweiler von der 29. bis zur 35. Spielminute war das Spiel mit 1:4 vorentschieden. Auch in der zweiten Halbzeit ließ die Gastmannschaft nichts mehr anbrennen und erhöhte auf 1:9.</p>

<p>Kreisliga A Süd 11. Spieltag TuS Eschringen II &#8211; FC Neuweiler II 1:9 (1:4) Tore: 0:1 Luca Udo Disch (15. Min) 1:1 Sebastian Beck (22. Min) 1:2 Carsten Sträßer (29. Min) 1:3 Marvin Bley (32. Min) 1:4 Marvin Bley (35. Min) 1:5 Carsten Sträßer (53. Min) 1:6 Marvin Bley (65. Min) 1:7 Luca Udo Disch &#8230; </p>
<p class="read-more-container"><a title="TuS Eschringen II &#8211; FC Neuweiler II" class="read-more button" href="https://tus.eschringen.de/wordpress/event/tus-eschringen-ii-fc-neuweiler-ii/#more-6353" aria-label="Mehr Informationen über TuS Eschringen II &#8211; FC Neuweiler II">alles lesen</a></p>

<!-- This site is optimized with the Yoast SEO plugin v27.4 - https://yoast.com/product/yoast-seo-wordpress/ -->
<title>TuS Eschringen II - FC Neuweiler II - TuS Eschringen</title>
<meta name="robots" content="index, follow, max-snippet:-1, max-image-preview:large, max-video-preview:-1" />
<link rel="canonical" href="https://tus.eschringen.de/wordpress/event/tus-eschringen-ii-fc-neuweiler-ii/" />
<meta property="og:locale" content="de_DE" />
<meta property="og:type" content="article" />
<meta property="og:title" content="TuS Eschringen II - FC Neuweiler II - TuS Eschringen" />
<meta property="og:description" content="Kreisliga A Süd 11. Spieltag TuS Eschringen II &#8211; FC Neuweiler II 1:9 (1:4) Tore: 0:1 Luca Udo Disch (15. Min) 1:1 Sebastian Beck (22. Min) 1:2 Carsten Sträßer (29. Min) 1:3 Marvin Bley (32. Min) 1:4 Marvin Bley (35. Min) 1:5 Carsten Sträßer (53. Min) 1:6 Marvin Bley (65. Min) 1:7 Luca Udo Disch ... alles lesen" />
<meta property="og:url" content="https://tus.eschringen.de/wordpress/event/tus-eschringen-ii-fc-neuweiler-ii/" />
<meta property="og:site_name" content="TuS Eschringen" />
<meta property="article:publisher" content="https://www.facebook.com/TuS.Eschringen/" />
<meta property="article:modified_time" content="2025-10-06T13:43:35+00:00" />
<meta name="twitter:card" content="summary_large_image" />
<meta name="twitter:label1" content="Geschätzte Lesezeit" />
	<meta name="twitter:data1" content="1 Minute" />
<script type="application/ld+json" class="yoast-schema-graph">{"@context":"https:\/\/schema.org","@graph":[{"@type":"WebPage","@id":"https:\/\/tus.eschringen.de\/wordpress\/event\/tus-eschringen-ii-fc-neuweiler-ii\/","url":"https:\/\/tus.eschringen.de\/wordpress\/event\/tus-eschringen-ii-fc-neuweiler-ii\/","name":"TuS Eschringen II - FC Neuweiler II - TuS Eschringen","isPartOf":{"@id":"https:\/\/tus.eschringen.de\/wordpress\/#website"},"datePublished":"2025-08-16T07:07:19+00:00","dateModified":"2025-10-06T13:43:35+00:00","breadcrumb":{"@id":"https:\/\/tus.eschringen.de\/wordpress\/event\/tus-eschringen-ii-fc-neuweiler-ii\/#breadcrumb"},"inLanguage":"de","potentialAction":[{"@type":"ReadAction","target":["https:\/\/tus.eschringen.de\/wordpress\/event\/tus-eschringen-ii-fc-neuweiler-ii\/"]}]},{"@type":"BreadcrumbList","@id":"https:\/\/tus.eschringen.de\/wordpress\/event\/tus-eschringen-ii-fc-neuweiler-ii\/#breadcrumb","itemListElement":[{"@type":"ListItem","position":1,"name":"Startseite","item":"https:\/\/tus.eschringen.de\/wordpress\/"},{"@type":"ListItem","position":2,"name":"Veranstaltungen","item":"https:\/\/tus.eschringen.de\/wordpress\/events\/"},{"@type":"ListItem","position":3,"name":"TuS Eschringen II &#8211; FC Neuweiler II"}]},{"@type":"WebSite","@id":"https:\/\/tus.eschringen.de\/wordpress\/#website","url":"https:\/\/tus.eschringen.de\/wordpress\/","name":"TuS Eschringen","description":"","publisher":{"@id":"https:\/\/tus.eschringen.de\/wordpress\/#organization"},"potentialAction":[{"@type":"SearchAction","target":{"@type":"EntryPoint","urlTemplate":"https:\/\/tus.eschringen.de\/wordpress\/?s={search_term_string}"},"query-input":{"@type":"PropertyValueSpecification","valueRequired":true,"valueName":"search_term_string"}}],"inLanguage":"de"},{"@type":"Organization","@id":"https:\/\/tus.eschringen.de\/wordpress\/#organization","name":"TuS Eschringen","url":"https:\/\/tus.eschringen.de\/wordpress\/","logo":{"@type":"ImageObject","inLanguage":"de","@id":"https:\/\/tus.eschringen.de\/wordpress\/#\/schema\/logo\/image\/","url":"https:\/\/i0.wp.com\/tus.eschringen.de\/wordpress\/wp-content\/uploads\/2025\/07\/Web_kopf.jpg?fit=1260%2C240&ssl=1","contentUrl":"https:\/\/i0.wp.com\/tus.eschringen.de\/wordpress\/wp-content\/uploads\/2025\/07\/Web_kopf.jpg?fit=1260%2C240&ssl=1","width":1260,"height":240,"caption":"TuS Eschringen"},"image":{"@id":"https:\/\/tus.eschringen.de\/wordpress\/#\/schema\/logo\/image\/"},"sameAs":["https:\/\/www.facebook.com\/TuS.Eschringen\/","https:\/\/www.instagram.com\/tus.eschringen\/"]}]}</script>
<!-- / Yoast SEO plugin. -->

Kreisliga A Süd 11. Spieltag TuS Eschringen II &#8211; FC Neuweiler II 1:9 (1:4) Tore: 0:1 Luca Udo Disch (15. Min) 1:1 Sebastian Beck (22. Min) 1:2 Carsten Sträßer (29. Min) 1:3 Marvin Bley (32. Min) 1:4 Marvin Bley (35. Min) 1:5 Carsten Sträßer (53. Min) 1:6 Marvin Bley (65. Min) 1:7 Luca Udo Disch ... alles lesen
