{"id":6258,"date":"2025-07-30T22:06:26","date_gmt":"2025-07-30T20:06:26","guid":{"rendered":"https:\/\/tus.eschringen.de\/wordpress\/event\/sv-emmersweiler-tus-eschringen-4\/"},"modified":"2025-08-18T08:45:37","modified_gmt":"2025-08-18T06:45:37","slug":"sv-emmersweiler-tus-eschringen-4","status":"publish","type":"tribe_events","link":"https:\/\/tus.eschringen.de\/wordpress\/event\/sv-emmersweiler-tus-eschringen-4\/","title":{"rendered":"SV Emmersweiler &#8211; TuS Eschringen"},"content":{"rendered":"<p>Landesliga S\u00fcd<\/p>\n<p>5. Spieltag<\/p>\n<p>SV Emmersweiler &#8211; TuS Eschringen <strong><span style=\"color: #ff0000;\">3:1<\/span><\/strong> (1:1)<\/p>\n<p>Torsch\u00fctzen:<\/p>\n<p>1:0 Lucas Casin (10. Min)<br \/>\n<strong><span style=\"color: #ff0000;\">1:1<\/span> Lucas Forte (43. Min)<\/strong><br \/>\n2:1 Vincent Chiarello (61. Min)<br \/>\n3:1 Vincent Chiarello (63. Min)<\/p>\n<p>Spielbericht:<\/p>\n<p><strong>TuS I unterliegt verdient<\/strong><\/p>\n<p>Dass uns beim Aufsteiger in Emmersweiler ein schweres Spiel bevorstehen w\u00fcrde, war von vorneherein klar. Der gastgebende Verein agierte von der ersten Minute an mit hoher Intensit\u00e4t und Aggressivit\u00e4t. Insbesondere bei den blitzartig vorgetragenen Umschaltsituationen wurde unser Team mehrfach auf dem linken Fu\u00df erwischt. Als die Heimmannschaft bereits nach 10 Minuten mit 1:0 in F\u00fchrung ging, schwante dem geneigten TuS-Fan nichts Gutes. Mit zunehmender Spieldauer fand unser Team aber immer besser ins Spiel. Nach tollem Steckpass von Cyril Hamann gelang Lucas Forte mit einem Heber \u00fcber den Torwart noch vor der Pause der zu diesem Zeitpunkt verdiente Ausgleich. Und in der besten Phase des TuS h\u00e4tte es mit ein wenig Gl\u00fcck auch noch mehr sein k\u00f6nnen. Die Halbzeit half den Gastgebern dabei, sich wieder zu sammeln. Nach der Pause fanden sie wieder besser in ihr Spiel und setzten unsere Mannschaft wieder mehr unter Druck. Als wir daran glaubten, die erste Welle \u00fcberstanden zu haben, brachte ein Doppelschlag die Vorentscheidung zugunsten der Gastgeber. In beiden Situationen f\u00fchrte ein nicht konsequentes Defensivverhalten dazu, dass die Gastgeber noch einmal an den Ball kamen und ihn letztlich verwandeln konnten. Der TuS b\u00e4umte sich anschlie\u00dfend auf, kam aber kaum zu klaren Torchancen. Die Heimmannschaft lie\u00df bei den sich bietenden R\u00e4umen einige Hochkar\u00e4ter liegen oder scheiterte an unserem Torwart Justin Stra\u00dfner. Unterm Strich stand eine vermeidbare aber verdiente Niederlage.<\/p>\n","protected":false},"excerpt":{"rendered":"<p>Landesliga S\u00fcd 5. Spieltag SV Emmersweiler &#8211; TuS Eschringen 3:1 (1:1) Torsch\u00fctzen: 1:0 Lucas Casin (10. Min) 1:1 Lucas Forte (43. Min) 2:1 Vincent Chiarello (61. Min) 3:1 Vincent Chiarello (63. Min) Spielbericht: TuS I unterliegt verdient Dass uns beim Aufsteiger in Emmersweiler ein schweres Spiel bevorstehen w\u00fcrde, war von vorneherein klar. Der gastgebende Verein &#8230; <\/p>\n<p class=\"read-more-container\"><a title=\"SV Emmersweiler &#8211; TuS Eschringen\" class=\"read-more button\" href=\"https:\/\/tus.eschringen.de\/wordpress\/event\/sv-emmersweiler-tus-eschringen-4\/#more-6258\" aria-label=\"Mehr Informationen \u00fcber SV Emmersweiler &#8211; TuS Eschringen\">alles lesen<\/a><\/p>\n","protected":false},"author":1,"featured_media":0,"template":"","meta":{"generate_page_header":"","_tribe_events_status":"","_tribe_events_status_reason":"","footnotes":""},"tags":[],"tribe_events_cat":[11],"class_list":["post-6258","tribe_events","type-tribe_events","status-publish","hentry","tribe_events_cat-landesliga-sued","cat_landesliga-sued"],"yoast_head":"<!-- This site is optimized with the Yoast SEO plugin v27.5 - https:\/\/yoast.com\/product\/yoast-seo-wordpress\/ -->\n<title>SV Emmersweiler - TuS Eschringen - TuS Eschringen<\/title>\n<meta name=\"robots\" content=\"index, follow, max-snippet:-1, max-image-preview:large, max-video-preview:-1\" \/>\n<link rel=\"canonical\" href=\"https:\/\/tus.eschringen.de\/wordpress\/event\/sv-emmersweiler-tus-eschringen-4\/\" \/>\n<meta property=\"og:locale\" content=\"de_DE\" \/>\n<meta property=\"og:type\" content=\"article\" \/>\n<meta property=\"og:title\" content=\"SV Emmersweiler - TuS Eschringen - TuS Eschringen\" \/>\n<meta property=\"og:description\" content=\"Landesliga S\u00fcd 5. Spieltag SV Emmersweiler &#8211; TuS Eschringen 3:1 (1:1) Torsch\u00fctzen: 1:0 Lucas Casin (10. Min) 1:1 Lucas Forte (43. Min) 2:1 Vincent Chiarello (61. Min) 3:1 Vincent Chiarello (63. Min) Spielbericht: TuS I unterliegt verdient Dass uns beim Aufsteiger in Emmersweiler ein schweres Spiel bevorstehen w\u00fcrde, war von vorneherein klar. Der gastgebende Verein ... alles lesen\" \/>\n<meta property=\"og:url\" content=\"https:\/\/tus.eschringen.de\/wordpress\/event\/sv-emmersweiler-tus-eschringen-4\/\" \/>\n<meta property=\"og:site_name\" content=\"TuS Eschringen\" \/>\n<meta property=\"article:publisher\" content=\"https:\/\/www.facebook.com\/TuS.Eschringen\/\" \/>\n<meta property=\"article:modified_time\" content=\"2025-08-18T06:45:37+00:00\" \/>\n<meta name=\"twitter:card\" content=\"summary_large_image\" \/>\n<meta name=\"twitter:label1\" content=\"Gesch\u00e4tzte Lesezeit\" \/>\n\t<meta name=\"twitter:data1\" content=\"2\u00a0Minuten\" \/>\n<script type=\"application\/ld+json\" class=\"yoast-schema-graph\">{\"@context\":\"https:\\\/\\\/schema.org\",\"@graph\":[{\"@type\":\"WebPage\",\"@id\":\"https:\\\/\\\/tus.eschringen.de\\\/wordpress\\\/event\\\/sv-emmersweiler-tus-eschringen-4\\\/\",\"url\":\"https:\\\/\\\/tus.eschringen.de\\\/wordpress\\\/event\\\/sv-emmersweiler-tus-eschringen-4\\\/\",\"name\":\"SV Emmersweiler - TuS Eschringen - TuS Eschringen\",\"isPartOf\":{\"@id\":\"https:\\\/\\\/tus.eschringen.de\\\/wordpress\\\/#website\"},\"datePublished\":\"2025-07-30T20:06:26+00:00\",\"dateModified\":\"2025-08-18T06:45:37+00:00\",\"breadcrumb\":{\"@id\":\"https:\\\/\\\/tus.eschringen.de\\\/wordpress\\\/event\\\/sv-emmersweiler-tus-eschringen-4\\\/#breadcrumb\"},\"inLanguage\":\"de\",\"potentialAction\":[{\"@type\":\"ReadAction\",\"target\":[\"https:\\\/\\\/tus.eschringen.de\\\/wordpress\\\/event\\\/sv-emmersweiler-tus-eschringen-4\\\/\"]}]},{\"@type\":\"BreadcrumbList\",\"@id\":\"https:\\\/\\\/tus.eschringen.de\\\/wordpress\\\/event\\\/sv-emmersweiler-tus-eschringen-4\\\/#breadcrumb\",\"itemListElement\":[{\"@type\":\"ListItem\",\"position\":1,\"name\":\"Startseite\",\"item\":\"https:\\\/\\\/tus.eschringen.de\\\/wordpress\\\/\"},{\"@type\":\"ListItem\",\"position\":2,\"name\":\"Veranstaltungen\",\"item\":\"https:\\\/\\\/tus.eschringen.de\\\/wordpress\\\/events\\\/\"},{\"@type\":\"ListItem\",\"position\":3,\"name\":\"SV Emmersweiler &#8211; TuS Eschringen\"}]},{\"@type\":\"WebSite\",\"@id\":\"https:\\\/\\\/tus.eschringen.de\\\/wordpress\\\/#website\",\"url\":\"https:\\\/\\\/tus.eschringen.de\\\/wordpress\\\/\",\"name\":\"TuS Eschringen\",\"description\":\"\",\"publisher\":{\"@id\":\"https:\\\/\\\/tus.eschringen.de\\\/wordpress\\\/#organization\"},\"potentialAction\":[{\"@type\":\"SearchAction\",\"target\":{\"@type\":\"EntryPoint\",\"urlTemplate\":\"https:\\\/\\\/tus.eschringen.de\\\/wordpress\\\/?s={search_term_string}\"},\"query-input\":{\"@type\":\"PropertyValueSpecification\",\"valueRequired\":true,\"valueName\":\"search_term_string\"}}],\"inLanguage\":\"de\"},{\"@type\":\"Organization\",\"@id\":\"https:\\\/\\\/tus.eschringen.de\\\/wordpress\\\/#organization\",\"name\":\"TuS Eschringen\",\"url\":\"https:\\\/\\\/tus.eschringen.de\\\/wordpress\\\/\",\"logo\":{\"@type\":\"ImageObject\",\"inLanguage\":\"de\",\"@id\":\"https:\\\/\\\/tus.eschringen.de\\\/wordpress\\\/#\\\/schema\\\/logo\\\/image\\\/\",\"url\":\"https:\\\/\\\/i0.wp.com\\\/tus.eschringen.de\\\/wordpress\\\/wp-content\\\/uploads\\\/2025\\\/07\\\/Web_kopf.jpg?fit=1260%2C240&ssl=1\",\"contentUrl\":\"https:\\\/\\\/i0.wp.com\\\/tus.eschringen.de\\\/wordpress\\\/wp-content\\\/uploads\\\/2025\\\/07\\\/Web_kopf.jpg?fit=1260%2C240&ssl=1\",\"width\":1260,\"height\":240,\"caption\":\"TuS Eschringen\"},\"image\":{\"@id\":\"https:\\\/\\\/tus.eschringen.de\\\/wordpress\\\/#\\\/schema\\\/logo\\\/image\\\/\"},\"sameAs\":[\"https:\\\/\\\/www.facebook.com\\\/TuS.Eschringen\\\/\",\"https:\\\/\\\/www.instagram.com\\\/tus.eschringen\\\/\"]}]}<\/script>\n<!-- \/ Yoast SEO plugin. -->","yoast_head_json":{"title":"SV Emmersweiler - TuS Eschringen - TuS Eschringen","robots":{"index":"index","follow":"follow","max-snippet":"max-snippet:-1","max-image-preview":"max-image-preview:large","max-video-preview":"max-video-preview:-1"},"canonical":"https:\/\/tus.eschringen.de\/wordpress\/event\/sv-emmersweiler-tus-eschringen-4\/","og_locale":"de_DE","og_type":"article","og_title":"SV Emmersweiler - TuS Eschringen - TuS Eschringen","og_description":"Landesliga S\u00fcd 5. Spieltag SV Emmersweiler &#8211; TuS Eschringen 3:1 (1:1) Torsch\u00fctzen: 1:0 Lucas Casin (10. Min) 1:1 Lucas Forte (43. Min) 2:1 Vincent Chiarello (61. Min) 3:1 Vincent Chiarello (63. Min) Spielbericht: TuS I unterliegt verdient Dass uns beim Aufsteiger in Emmersweiler ein schweres Spiel bevorstehen w\u00fcrde, war von vorneherein klar. Der gastgebende Verein ... alles lesen","og_url":"https:\/\/tus.eschringen.de\/wordpress\/event\/sv-emmersweiler-tus-eschringen-4\/","og_site_name":"TuS Eschringen","article_publisher":"https:\/\/www.facebook.com\/TuS.Eschringen\/","article_modified_time":"2025-08-18T06:45:37+00:00","twitter_card":"summary_large_image","twitter_misc":{"Gesch\u00e4tzte Lesezeit":"2\u00a0Minuten"},"schema":{"@context":"https:\/\/schema.org","@graph":[{"@type":"WebPage","@id":"https:\/\/tus.eschringen.de\/wordpress\/event\/sv-emmersweiler-tus-eschringen-4\/","url":"https:\/\/tus.eschringen.de\/wordpress\/event\/sv-emmersweiler-tus-eschringen-4\/","name":"SV Emmersweiler - TuS Eschringen - TuS Eschringen","isPartOf":{"@id":"https:\/\/tus.eschringen.de\/wordpress\/#website"},"datePublished":"2025-07-30T20:06:26+00:00","dateModified":"2025-08-18T06:45:37+00:00","breadcrumb":{"@id":"https:\/\/tus.eschringen.de\/wordpress\/event\/sv-emmersweiler-tus-eschringen-4\/#breadcrumb"},"inLanguage":"de","potentialAction":[{"@type":"ReadAction","target":["https:\/\/tus.eschringen.de\/wordpress\/event\/sv-emmersweiler-tus-eschringen-4\/"]}]},{"@type":"BreadcrumbList","@id":"https:\/\/tus.eschringen.de\/wordpress\/event\/sv-emmersweiler-tus-eschringen-4\/#breadcrumb","itemListElement":[{"@type":"ListItem","position":1,"name":"Startseite","item":"https:\/\/tus.eschringen.de\/wordpress\/"},{"@type":"ListItem","position":2,"name":"Veranstaltungen","item":"https:\/\/tus.eschringen.de\/wordpress\/events\/"},{"@type":"ListItem","position":3,"name":"SV Emmersweiler &#8211; TuS Eschringen"}]},{"@type":"WebSite","@id":"https:\/\/tus.eschringen.de\/wordpress\/#website","url":"https:\/\/tus.eschringen.de\/wordpress\/","name":"TuS Eschringen","description":"","publisher":{"@id":"https:\/\/tus.eschringen.de\/wordpress\/#organization"},"potentialAction":[{"@type":"SearchAction","target":{"@type":"EntryPoint","urlTemplate":"https:\/\/tus.eschringen.de\/wordpress\/?s={search_term_string}"},"query-input":{"@type":"PropertyValueSpecification","valueRequired":true,"valueName":"search_term_string"}}],"inLanguage":"de"},{"@type":"Organization","@id":"https:\/\/tus.eschringen.de\/wordpress\/#organization","name":"TuS Eschringen","url":"https:\/\/tus.eschringen.de\/wordpress\/","logo":{"@type":"ImageObject","inLanguage":"de","@id":"https:\/\/tus.eschringen.de\/wordpress\/#\/schema\/logo\/image\/","url":"https:\/\/i0.wp.com\/tus.eschringen.de\/wordpress\/wp-content\/uploads\/2025\/07\/Web_kopf.jpg?fit=1260%2C240&ssl=1","contentUrl":"https:\/\/i0.wp.com\/tus.eschringen.de\/wordpress\/wp-content\/uploads\/2025\/07\/Web_kopf.jpg?fit=1260%2C240&ssl=1","width":1260,"height":240,"caption":"TuS Eschringen"},"image":{"@id":"https:\/\/tus.eschringen.de\/wordpress\/#\/schema\/logo\/image\/"},"sameAs":["https:\/\/www.facebook.com\/TuS.Eschringen\/","https:\/\/www.instagram.com\/tus.eschringen\/"]}]}},"jetpack_sharing_enabled":true,"_links":{"self":[{"href":"https:\/\/tus.eschringen.de\/wordpress\/wp-json\/wp\/v2\/tribe_events\/6258","targetHints":{"allow":["GET"]}}],"collection":[{"href":"https:\/\/tus.eschringen.de\/wordpress\/wp-json\/wp\/v2\/tribe_events"}],"about":[{"href":"https:\/\/tus.eschringen.de\/wordpress\/wp-json\/wp\/v2\/types\/tribe_events"}],"author":[{"embeddable":true,"href":"https:\/\/tus.eschringen.de\/wordpress\/wp-json\/wp\/v2\/users\/1"}],"version-history":[{"count":3,"href":"https:\/\/tus.eschringen.de\/wordpress\/wp-json\/wp\/v2\/tribe_events\/6258\/revisions"}],"predecessor-version":[{"id":6375,"href":"https:\/\/tus.eschringen.de\/wordpress\/wp-json\/wp\/v2\/tribe_events\/6258\/revisions\/6375"}],"wp:attachment":[{"href":"https:\/\/tus.eschringen.de\/wordpress\/wp-json\/wp\/v2\/media?parent=6258"}],"wp:term":[{"taxonomy":"post_tag","embeddable":true,"href":"https:\/\/tus.eschringen.de\/wordpress\/wp-json\/wp\/v2\/tags?post=6258"},{"taxonomy":"tribe_events_cat","embeddable":true,"href":"https:\/\/tus.eschringen.de\/wordpress\/wp-json\/wp\/v2\/tribe_events_cat?post=6258"}],"curies":[{"name":"wp","href":"https:\/\/api.w.org\/{rel}","templated":true}]}}

<p>Landesliga Süd</p>
<p>5. Spieltag</p>
<p>SV Emmersweiler &#8211; TuS Eschringen <strong><span style="color: #ff0000;">3:1</span></strong> (1:1)</p>
<p>Torschützen:</p>
<p>1:0 Lucas Casin (10. Min)<br />
<strong><span style="color: #ff0000;">1:1</span> Lucas Forte (43. Min)</strong><br />
2:1 Vincent Chiarello (61. Min)<br />
3:1 Vincent Chiarello (63. Min)</p>
<p>Spielbericht:</p>
<p><strong>TuS I unterliegt verdient</strong></p>
<p>Dass uns beim Aufsteiger in Emmersweiler ein schweres Spiel bevorstehen würde, war von vorneherein klar. Der gastgebende Verein agierte von der ersten Minute an mit hoher Intensität und Aggressivität. Insbesondere bei den blitzartig vorgetragenen Umschaltsituationen wurde unser Team mehrfach auf dem linken Fuß erwischt. Als die Heimmannschaft bereits nach 10 Minuten mit 1:0 in Führung ging, schwante dem geneigten TuS-Fan nichts Gutes. Mit zunehmender Spieldauer fand unser Team aber immer besser ins Spiel. Nach tollem Steckpass von Cyril Hamann gelang Lucas Forte mit einem Heber über den Torwart noch vor der Pause der zu diesem Zeitpunkt verdiente Ausgleich. Und in der besten Phase des TuS hätte es mit ein wenig Glück auch noch mehr sein können. Die Halbzeit half den Gastgebern dabei, sich wieder zu sammeln. Nach der Pause fanden sie wieder besser in ihr Spiel und setzten unsere Mannschaft wieder mehr unter Druck. Als wir daran glaubten, die erste Welle überstanden zu haben, brachte ein Doppelschlag die Vorentscheidung zugunsten der Gastgeber. In beiden Situationen führte ein nicht konsequentes Defensivverhalten dazu, dass die Gastgeber noch einmal an den Ball kamen und ihn letztlich verwandeln konnten. Der TuS bäumte sich anschließend auf, kam aber kaum zu klaren Torchancen. Die Heimmannschaft ließ bei den sich bietenden Räumen einige Hochkaräter liegen oder scheiterte an unserem Torwart Justin Straßner. Unterm Strich stand eine vermeidbare aber verdiente Niederlage.</p>

<p>Landesliga Süd 5. Spieltag SV Emmersweiler &#8211; TuS Eschringen 3:1 (1:1) Torschützen: 1:0 Lucas Casin (10. Min) 1:1 Lucas Forte (43. Min) 2:1 Vincent Chiarello (61. Min) 3:1 Vincent Chiarello (63. Min) Spielbericht: TuS I unterliegt verdient Dass uns beim Aufsteiger in Emmersweiler ein schweres Spiel bevorstehen würde, war von vorneherein klar. Der gastgebende Verein &#8230; </p>
<p class="read-more-container"><a title="SV Emmersweiler &#8211; TuS Eschringen" class="read-more button" href="https://tus.eschringen.de/wordpress/event/sv-emmersweiler-tus-eschringen-4/#more-6258" aria-label="Mehr Informationen über SV Emmersweiler &#8211; TuS Eschringen">alles lesen</a></p>

<!-- This site is optimized with the Yoast SEO plugin v27.5 - https://yoast.com/product/yoast-seo-wordpress/ -->
<title>SV Emmersweiler - TuS Eschringen - TuS Eschringen</title>
<meta name="robots" content="index, follow, max-snippet:-1, max-image-preview:large, max-video-preview:-1" />
<link rel="canonical" href="https://tus.eschringen.de/wordpress/event/sv-emmersweiler-tus-eschringen-4/" />
<meta property="og:locale" content="de_DE" />
<meta property="og:type" content="article" />
<meta property="og:title" content="SV Emmersweiler - TuS Eschringen - TuS Eschringen" />
<meta property="og:description" content="Landesliga Süd 5. Spieltag SV Emmersweiler &#8211; TuS Eschringen 3:1 (1:1) Torschützen: 1:0 Lucas Casin (10. Min) 1:1 Lucas Forte (43. Min) 2:1 Vincent Chiarello (61. Min) 3:1 Vincent Chiarello (63. Min) Spielbericht: TuS I unterliegt verdient Dass uns beim Aufsteiger in Emmersweiler ein schweres Spiel bevorstehen würde, war von vorneherein klar. Der gastgebende Verein ... alles lesen" />
<meta property="og:url" content="https://tus.eschringen.de/wordpress/event/sv-emmersweiler-tus-eschringen-4/" />
<meta property="og:site_name" content="TuS Eschringen" />
<meta property="article:publisher" content="https://www.facebook.com/TuS.Eschringen/" />
<meta property="article:modified_time" content="2025-08-18T06:45:37+00:00" />
<meta name="twitter:card" content="summary_large_image" />
<meta name="twitter:label1" content="Geschätzte Lesezeit" />
	<meta name="twitter:data1" content="2 Minuten" />
<script type="application/ld+json" class="yoast-schema-graph">{"@context":"https:\/\/schema.org","@graph":[{"@type":"WebPage","@id":"https:\/\/tus.eschringen.de\/wordpress\/event\/sv-emmersweiler-tus-eschringen-4\/","url":"https:\/\/tus.eschringen.de\/wordpress\/event\/sv-emmersweiler-tus-eschringen-4\/","name":"SV Emmersweiler - TuS Eschringen - TuS Eschringen","isPartOf":{"@id":"https:\/\/tus.eschringen.de\/wordpress\/#website"},"datePublished":"2025-07-30T20:06:26+00:00","dateModified":"2025-08-18T06:45:37+00:00","breadcrumb":{"@id":"https:\/\/tus.eschringen.de\/wordpress\/event\/sv-emmersweiler-tus-eschringen-4\/#breadcrumb"},"inLanguage":"de","potentialAction":[{"@type":"ReadAction","target":["https:\/\/tus.eschringen.de\/wordpress\/event\/sv-emmersweiler-tus-eschringen-4\/"]}]},{"@type":"BreadcrumbList","@id":"https:\/\/tus.eschringen.de\/wordpress\/event\/sv-emmersweiler-tus-eschringen-4\/#breadcrumb","itemListElement":[{"@type":"ListItem","position":1,"name":"Startseite","item":"https:\/\/tus.eschringen.de\/wordpress\/"},{"@type":"ListItem","position":2,"name":"Veranstaltungen","item":"https:\/\/tus.eschringen.de\/wordpress\/events\/"},{"@type":"ListItem","position":3,"name":"SV Emmersweiler &#8211; TuS Eschringen"}]},{"@type":"WebSite","@id":"https:\/\/tus.eschringen.de\/wordpress\/#website","url":"https:\/\/tus.eschringen.de\/wordpress\/","name":"TuS Eschringen","description":"","publisher":{"@id":"https:\/\/tus.eschringen.de\/wordpress\/#organization"},"potentialAction":[{"@type":"SearchAction","target":{"@type":"EntryPoint","urlTemplate":"https:\/\/tus.eschringen.de\/wordpress\/?s={search_term_string}"},"query-input":{"@type":"PropertyValueSpecification","valueRequired":true,"valueName":"search_term_string"}}],"inLanguage":"de"},{"@type":"Organization","@id":"https:\/\/tus.eschringen.de\/wordpress\/#organization","name":"TuS Eschringen","url":"https:\/\/tus.eschringen.de\/wordpress\/","logo":{"@type":"ImageObject","inLanguage":"de","@id":"https:\/\/tus.eschringen.de\/wordpress\/#\/schema\/logo\/image\/","url":"https:\/\/i0.wp.com\/tus.eschringen.de\/wordpress\/wp-content\/uploads\/2025\/07\/Web_kopf.jpg?fit=1260%2C240&ssl=1","contentUrl":"https:\/\/i0.wp.com\/tus.eschringen.de\/wordpress\/wp-content\/uploads\/2025\/07\/Web_kopf.jpg?fit=1260%2C240&ssl=1","width":1260,"height":240,"caption":"TuS Eschringen"},"image":{"@id":"https:\/\/tus.eschringen.de\/wordpress\/#\/schema\/logo\/image\/"},"sameAs":["https:\/\/www.facebook.com\/TuS.Eschringen\/","https:\/\/www.instagram.com\/tus.eschringen\/"]}]}</script>
<!-- / Yoast SEO plugin. -->

Landesliga Süd 5. Spieltag SV Emmersweiler &#8211; TuS Eschringen 3:1 (1:1) Torschützen: 1:0 Lucas Casin (10. Min) 1:1 Lucas Forte (43. Min) 2:1 Vincent Chiarello (61. Min) 3:1 Vincent Chiarello (63. Min) Spielbericht: TuS I unterliegt verdient Dass uns beim Aufsteiger in Emmersweiler ein schweres Spiel bevorstehen würde, war von vorneherein klar. Der gastgebende Verein ... alles lesen
