{"id":6154,"date":"2025-07-10T19:19:33","date_gmt":"2025-07-10T17:19:33","guid":{"rendered":"https:\/\/tus.eschringen.de\/wordpress\/event\/tus-eschringen-ii-tus-jaegersfreude\/"},"modified":"2025-08-11T17:00:19","modified_gmt":"2025-08-11T15:00:19","slug":"tus-eschringen-ii-tus-jaegersfreude","status":"publish","type":"tribe_events","link":"https:\/\/tus.eschringen.de\/wordpress\/event\/tus-eschringen-ii-tus-jaegersfreude\/","title":{"rendered":"TuS Eschringen II &#8211; TuS J\u00e4gersfreude"},"content":{"rendered":"<p>Kreisliga A S\u00fcd<\/p>\n<p>4. Spieltag<\/p>\n<p>TuS Eschringen II &#8211; TuS J\u00e4gersfreude <strong><span style=\"color: #ff0000;\">4:2<\/span><\/strong> (1:2)<\/p>\n<p>Torsch\u00fctzen:<\/p>\n<p>0:1<br \/>\n0:2<br \/>\n1:2<br \/>\n2:2<br \/>\n3:2<br \/>\n4:2<\/p>\n<p>Spielbericht:<\/p>\n<p>Das Spiel unserer zweiten Mannschaft mussten wir mit einem Spieler in Unterzahl beginnen, was zu einem fr\u00fchen 0.2 R\u00fcckstand f\u00fchrte. Nachdem unsere Mannschaft dann mit elf Spielern auf dem Platz stand, wurde unser Spiel sp\u00fcrbar besser und folgerichtig noch vor der Halbzeit mit dem Anschlusstreffer zum 1:2 belohnt. In der zweiten Halbzeit entwickelte sich dann ein \u201eoffener Schlagabtausch\u201c, bei dem der TuS eine Vielzahl von hundertprozentigen Torchancen liegen lie\u00df, sich aber kurz vor Schluss noch mit zwei sehenswerten Treffern den Sieg sichern konnte.<\/p>\n","protected":false},"excerpt":{"rendered":"<p>Kreisliga A S\u00fcd 4. Spieltag TuS Eschringen II &#8211; TuS J\u00e4gersfreude 4:2 (1:2) Torsch\u00fctzen: 0:1 0:2 1:2 2:2 3:2 4:2 Spielbericht: Das Spiel unserer zweiten Mannschaft mussten wir mit einem Spieler in Unterzahl beginnen, was zu einem fr\u00fchen 0.2 R\u00fcckstand f\u00fchrte. Nachdem unsere Mannschaft dann mit elf Spielern auf dem Platz stand, wurde unser Spiel &#8230; <\/p>\n<p class=\"read-more-container\"><a title=\"TuS Eschringen II &#8211; TuS J\u00e4gersfreude\" class=\"read-more button\" href=\"https:\/\/tus.eschringen.de\/wordpress\/event\/tus-eschringen-ii-tus-jaegersfreude\/#more-6154\" aria-label=\"Mehr Informationen \u00fcber TuS Eschringen II &#8211; TuS J\u00e4gersfreude\">alles lesen<\/a><\/p>\n","protected":false},"author":1,"featured_media":0,"template":"","meta":{"generate_page_header":"","_tribe_events_status":"","_tribe_events_status_reason":"","footnotes":""},"tags":[],"tribe_events_cat":[12],"class_list":["post-6154","tribe_events","type-tribe_events","status-publish","hentry","tribe_events_cat-kreisliga-a-sued","cat_kreisliga-a-sued"],"yoast_head":"<!-- This site is optimized with the Yoast SEO plugin v27.4 - https:\/\/yoast.com\/product\/yoast-seo-wordpress\/ -->\n<title>TuS Eschringen II - TuS J\u00e4gersfreude - TuS Eschringen<\/title>\n<meta name=\"robots\" content=\"index, follow, max-snippet:-1, max-image-preview:large, max-video-preview:-1\" \/>\n<link rel=\"canonical\" href=\"https:\/\/tus.eschringen.de\/wordpress\/event\/tus-eschringen-ii-tus-jaegersfreude\/\" \/>\n<meta property=\"og:locale\" content=\"de_DE\" \/>\n<meta property=\"og:type\" content=\"article\" \/>\n<meta property=\"og:title\" content=\"TuS Eschringen II - TuS J\u00e4gersfreude - TuS Eschringen\" \/>\n<meta property=\"og:description\" content=\"Kreisliga A S\u00fcd 4. Spieltag TuS Eschringen II &#8211; TuS J\u00e4gersfreude 4:2 (1:2) Torsch\u00fctzen: 0:1 0:2 1:2 2:2 3:2 4:2 Spielbericht: Das Spiel unserer zweiten Mannschaft mussten wir mit einem Spieler in Unterzahl beginnen, was zu einem fr\u00fchen 0.2 R\u00fcckstand f\u00fchrte. Nachdem unsere Mannschaft dann mit elf Spielern auf dem Platz stand, wurde unser Spiel ... alles lesen\" \/>\n<meta property=\"og:url\" content=\"https:\/\/tus.eschringen.de\/wordpress\/event\/tus-eschringen-ii-tus-jaegersfreude\/\" \/>\n<meta property=\"og:site_name\" content=\"TuS Eschringen\" \/>\n<meta property=\"article:publisher\" content=\"https:\/\/www.facebook.com\/TuS.Eschringen\/\" \/>\n<meta property=\"article:modified_time\" content=\"2025-08-11T15:00:19+00:00\" \/>\n<meta name=\"twitter:card\" content=\"summary_large_image\" \/>\n<meta name=\"twitter:label1\" content=\"Gesch\u00e4tzte Lesezeit\" \/>\n\t<meta name=\"twitter:data1\" content=\"1\u00a0Minute\" \/>\n<script type=\"application\/ld+json\" class=\"yoast-schema-graph\">{\"@context\":\"https:\\\/\\\/schema.org\",\"@graph\":[{\"@type\":\"WebPage\",\"@id\":\"https:\\\/\\\/tus.eschringen.de\\\/wordpress\\\/event\\\/tus-eschringen-ii-tus-jaegersfreude\\\/\",\"url\":\"https:\\\/\\\/tus.eschringen.de\\\/wordpress\\\/event\\\/tus-eschringen-ii-tus-jaegersfreude\\\/\",\"name\":\"TuS Eschringen II - TuS J\u00e4gersfreude - TuS Eschringen\",\"isPartOf\":{\"@id\":\"https:\\\/\\\/tus.eschringen.de\\\/wordpress\\\/#website\"},\"datePublished\":\"2025-07-10T17:19:33+00:00\",\"dateModified\":\"2025-08-11T15:00:19+00:00\",\"breadcrumb\":{\"@id\":\"https:\\\/\\\/tus.eschringen.de\\\/wordpress\\\/event\\\/tus-eschringen-ii-tus-jaegersfreude\\\/#breadcrumb\"},\"inLanguage\":\"de\",\"potentialAction\":[{\"@type\":\"ReadAction\",\"target\":[\"https:\\\/\\\/tus.eschringen.de\\\/wordpress\\\/event\\\/tus-eschringen-ii-tus-jaegersfreude\\\/\"]}]},{\"@type\":\"BreadcrumbList\",\"@id\":\"https:\\\/\\\/tus.eschringen.de\\\/wordpress\\\/event\\\/tus-eschringen-ii-tus-jaegersfreude\\\/#breadcrumb\",\"itemListElement\":[{\"@type\":\"ListItem\",\"position\":1,\"name\":\"Startseite\",\"item\":\"https:\\\/\\\/tus.eschringen.de\\\/wordpress\\\/\"},{\"@type\":\"ListItem\",\"position\":2,\"name\":\"Veranstaltungen\",\"item\":\"https:\\\/\\\/tus.eschringen.de\\\/wordpress\\\/events\\\/\"},{\"@type\":\"ListItem\",\"position\":3,\"name\":\"TuS Eschringen II &#8211; TuS J\u00e4gersfreude\"}]},{\"@type\":\"WebSite\",\"@id\":\"https:\\\/\\\/tus.eschringen.de\\\/wordpress\\\/#website\",\"url\":\"https:\\\/\\\/tus.eschringen.de\\\/wordpress\\\/\",\"name\":\"TuS Eschringen\",\"description\":\"\",\"publisher\":{\"@id\":\"https:\\\/\\\/tus.eschringen.de\\\/wordpress\\\/#organization\"},\"potentialAction\":[{\"@type\":\"SearchAction\",\"target\":{\"@type\":\"EntryPoint\",\"urlTemplate\":\"https:\\\/\\\/tus.eschringen.de\\\/wordpress\\\/?s={search_term_string}\"},\"query-input\":{\"@type\":\"PropertyValueSpecification\",\"valueRequired\":true,\"valueName\":\"search_term_string\"}}],\"inLanguage\":\"de\"},{\"@type\":\"Organization\",\"@id\":\"https:\\\/\\\/tus.eschringen.de\\\/wordpress\\\/#organization\",\"name\":\"TuS Eschringen\",\"url\":\"https:\\\/\\\/tus.eschringen.de\\\/wordpress\\\/\",\"logo\":{\"@type\":\"ImageObject\",\"inLanguage\":\"de\",\"@id\":\"https:\\\/\\\/tus.eschringen.de\\\/wordpress\\\/#\\\/schema\\\/logo\\\/image\\\/\",\"url\":\"https:\\\/\\\/i0.wp.com\\\/tus.eschringen.de\\\/wordpress\\\/wp-content\\\/uploads\\\/2025\\\/07\\\/Web_kopf.jpg?fit=1260%2C240&ssl=1\",\"contentUrl\":\"https:\\\/\\\/i0.wp.com\\\/tus.eschringen.de\\\/wordpress\\\/wp-content\\\/uploads\\\/2025\\\/07\\\/Web_kopf.jpg?fit=1260%2C240&ssl=1\",\"width\":1260,\"height\":240,\"caption\":\"TuS Eschringen\"},\"image\":{\"@id\":\"https:\\\/\\\/tus.eschringen.de\\\/wordpress\\\/#\\\/schema\\\/logo\\\/image\\\/\"},\"sameAs\":[\"https:\\\/\\\/www.facebook.com\\\/TuS.Eschringen\\\/\",\"https:\\\/\\\/www.instagram.com\\\/tus.eschringen\\\/\"]}]}<\/script>\n<!-- \/ Yoast SEO plugin. -->","yoast_head_json":{"title":"TuS Eschringen II - TuS J\u00e4gersfreude - TuS Eschringen","robots":{"index":"index","follow":"follow","max-snippet":"max-snippet:-1","max-image-preview":"max-image-preview:large","max-video-preview":"max-video-preview:-1"},"canonical":"https:\/\/tus.eschringen.de\/wordpress\/event\/tus-eschringen-ii-tus-jaegersfreude\/","og_locale":"de_DE","og_type":"article","og_title":"TuS Eschringen II - TuS J\u00e4gersfreude - TuS Eschringen","og_description":"Kreisliga A S\u00fcd 4. Spieltag TuS Eschringen II &#8211; TuS J\u00e4gersfreude 4:2 (1:2) Torsch\u00fctzen: 0:1 0:2 1:2 2:2 3:2 4:2 Spielbericht: Das Spiel unserer zweiten Mannschaft mussten wir mit einem Spieler in Unterzahl beginnen, was zu einem fr\u00fchen 0.2 R\u00fcckstand f\u00fchrte. Nachdem unsere Mannschaft dann mit elf Spielern auf dem Platz stand, wurde unser Spiel ... alles lesen","og_url":"https:\/\/tus.eschringen.de\/wordpress\/event\/tus-eschringen-ii-tus-jaegersfreude\/","og_site_name":"TuS Eschringen","article_publisher":"https:\/\/www.facebook.com\/TuS.Eschringen\/","article_modified_time":"2025-08-11T15:00:19+00:00","twitter_card":"summary_large_image","twitter_misc":{"Gesch\u00e4tzte Lesezeit":"1\u00a0Minute"},"schema":{"@context":"https:\/\/schema.org","@graph":[{"@type":"WebPage","@id":"https:\/\/tus.eschringen.de\/wordpress\/event\/tus-eschringen-ii-tus-jaegersfreude\/","url":"https:\/\/tus.eschringen.de\/wordpress\/event\/tus-eschringen-ii-tus-jaegersfreude\/","name":"TuS Eschringen II - TuS J\u00e4gersfreude - TuS Eschringen","isPartOf":{"@id":"https:\/\/tus.eschringen.de\/wordpress\/#website"},"datePublished":"2025-07-10T17:19:33+00:00","dateModified":"2025-08-11T15:00:19+00:00","breadcrumb":{"@id":"https:\/\/tus.eschringen.de\/wordpress\/event\/tus-eschringen-ii-tus-jaegersfreude\/#breadcrumb"},"inLanguage":"de","potentialAction":[{"@type":"ReadAction","target":["https:\/\/tus.eschringen.de\/wordpress\/event\/tus-eschringen-ii-tus-jaegersfreude\/"]}]},{"@type":"BreadcrumbList","@id":"https:\/\/tus.eschringen.de\/wordpress\/event\/tus-eschringen-ii-tus-jaegersfreude\/#breadcrumb","itemListElement":[{"@type":"ListItem","position":1,"name":"Startseite","item":"https:\/\/tus.eschringen.de\/wordpress\/"},{"@type":"ListItem","position":2,"name":"Veranstaltungen","item":"https:\/\/tus.eschringen.de\/wordpress\/events\/"},{"@type":"ListItem","position":3,"name":"TuS Eschringen II &#8211; TuS J\u00e4gersfreude"}]},{"@type":"WebSite","@id":"https:\/\/tus.eschringen.de\/wordpress\/#website","url":"https:\/\/tus.eschringen.de\/wordpress\/","name":"TuS Eschringen","description":"","publisher":{"@id":"https:\/\/tus.eschringen.de\/wordpress\/#organization"},"potentialAction":[{"@type":"SearchAction","target":{"@type":"EntryPoint","urlTemplate":"https:\/\/tus.eschringen.de\/wordpress\/?s={search_term_string}"},"query-input":{"@type":"PropertyValueSpecification","valueRequired":true,"valueName":"search_term_string"}}],"inLanguage":"de"},{"@type":"Organization","@id":"https:\/\/tus.eschringen.de\/wordpress\/#organization","name":"TuS Eschringen","url":"https:\/\/tus.eschringen.de\/wordpress\/","logo":{"@type":"ImageObject","inLanguage":"de","@id":"https:\/\/tus.eschringen.de\/wordpress\/#\/schema\/logo\/image\/","url":"https:\/\/i0.wp.com\/tus.eschringen.de\/wordpress\/wp-content\/uploads\/2025\/07\/Web_kopf.jpg?fit=1260%2C240&ssl=1","contentUrl":"https:\/\/i0.wp.com\/tus.eschringen.de\/wordpress\/wp-content\/uploads\/2025\/07\/Web_kopf.jpg?fit=1260%2C240&ssl=1","width":1260,"height":240,"caption":"TuS Eschringen"},"image":{"@id":"https:\/\/tus.eschringen.de\/wordpress\/#\/schema\/logo\/image\/"},"sameAs":["https:\/\/www.facebook.com\/TuS.Eschringen\/","https:\/\/www.instagram.com\/tus.eschringen\/"]}]}},"jetpack_sharing_enabled":true,"_links":{"self":[{"href":"https:\/\/tus.eschringen.de\/wordpress\/wp-json\/wp\/v2\/tribe_events\/6154","targetHints":{"allow":["GET"]}}],"collection":[{"href":"https:\/\/tus.eschringen.de\/wordpress\/wp-json\/wp\/v2\/tribe_events"}],"about":[{"href":"https:\/\/tus.eschringen.de\/wordpress\/wp-json\/wp\/v2\/types\/tribe_events"}],"author":[{"embeddable":true,"href":"https:\/\/tus.eschringen.de\/wordpress\/wp-json\/wp\/v2\/users\/1"}],"version-history":[{"count":2,"href":"https:\/\/tus.eschringen.de\/wordpress\/wp-json\/wp\/v2\/tribe_events\/6154\/revisions"}],"predecessor-version":[{"id":6335,"href":"https:\/\/tus.eschringen.de\/wordpress\/wp-json\/wp\/v2\/tribe_events\/6154\/revisions\/6335"}],"wp:attachment":[{"href":"https:\/\/tus.eschringen.de\/wordpress\/wp-json\/wp\/v2\/media?parent=6154"}],"wp:term":[{"taxonomy":"post_tag","embeddable":true,"href":"https:\/\/tus.eschringen.de\/wordpress\/wp-json\/wp\/v2\/tags?post=6154"},{"taxonomy":"tribe_events_cat","embeddable":true,"href":"https:\/\/tus.eschringen.de\/wordpress\/wp-json\/wp\/v2\/tribe_events_cat?post=6154"}],"curies":[{"name":"wp","href":"https:\/\/api.w.org\/{rel}","templated":true}]}}

TuS Eschringen II &#8211; TuS Jägersfreude

<p>Kreisliga A Süd</p>
<p>4. Spieltag</p>
<p>TuS Eschringen II &#8211; TuS Jägersfreude <strong><span style="color: #ff0000;">4:2</span></strong> (1:2)</p>
<p>Torschützen:</p>
<p>0:1<br />
0:2<br />
1:2<br />
2:2<br />
3:2<br />
4:2</p>
<p>Spielbericht:</p>
<p>Das Spiel unserer zweiten Mannschaft mussten wir mit einem Spieler in Unterzahl beginnen, was zu einem frühen 0.2 Rückstand führte. Nachdem unsere Mannschaft dann mit elf Spielern auf dem Platz stand, wurde unser Spiel spürbar besser und folgerichtig noch vor der Halbzeit mit dem Anschlusstreffer zum 1:2 belohnt. In der zweiten Halbzeit entwickelte sich dann ein „offener Schlagabtausch“, bei dem der TuS eine Vielzahl von hundertprozentigen Torchancen liegen ließ, sich aber kurz vor Schluss noch mit zwei sehenswerten Treffern den Sieg sichern konnte.</p>

<p>Kreisliga A Süd 4. Spieltag TuS Eschringen II &#8211; TuS Jägersfreude 4:2 (1:2) Torschützen: 0:1 0:2 1:2 2:2 3:2 4:2 Spielbericht: Das Spiel unserer zweiten Mannschaft mussten wir mit einem Spieler in Unterzahl beginnen, was zu einem frühen 0.2 Rückstand führte. Nachdem unsere Mannschaft dann mit elf Spielern auf dem Platz stand, wurde unser Spiel &#8230; </p>
<p class="read-more-container"><a title="TuS Eschringen II &#8211; TuS Jägersfreude" class="read-more button" href="https://tus.eschringen.de/wordpress/event/tus-eschringen-ii-tus-jaegersfreude/#more-6154" aria-label="Mehr Informationen über TuS Eschringen II &#8211; TuS Jägersfreude">alles lesen</a></p>

<!-- This site is optimized with the Yoast SEO plugin v27.4 - https://yoast.com/product/yoast-seo-wordpress/ -->
<title>TuS Eschringen II - TuS Jägersfreude - TuS Eschringen</title>
<meta name="robots" content="index, follow, max-snippet:-1, max-image-preview:large, max-video-preview:-1" />
<link rel="canonical" href="https://tus.eschringen.de/wordpress/event/tus-eschringen-ii-tus-jaegersfreude/" />
<meta property="og:locale" content="de_DE" />
<meta property="og:type" content="article" />
<meta property="og:title" content="TuS Eschringen II - TuS Jägersfreude - TuS Eschringen" />
<meta property="og:description" content="Kreisliga A Süd 4. Spieltag TuS Eschringen II &#8211; TuS Jägersfreude 4:2 (1:2) Torschützen: 0:1 0:2 1:2 2:2 3:2 4:2 Spielbericht: Das Spiel unserer zweiten Mannschaft mussten wir mit einem Spieler in Unterzahl beginnen, was zu einem frühen 0.2 Rückstand führte. Nachdem unsere Mannschaft dann mit elf Spielern auf dem Platz stand, wurde unser Spiel ... alles lesen" />
<meta property="og:url" content="https://tus.eschringen.de/wordpress/event/tus-eschringen-ii-tus-jaegersfreude/" />
<meta property="og:site_name" content="TuS Eschringen" />
<meta property="article:publisher" content="https://www.facebook.com/TuS.Eschringen/" />
<meta property="article:modified_time" content="2025-08-11T15:00:19+00:00" />
<meta name="twitter:card" content="summary_large_image" />
<meta name="twitter:label1" content="Geschätzte Lesezeit" />
	<meta name="twitter:data1" content="1 Minute" />
<script type="application/ld+json" class="yoast-schema-graph">{"@context":"https:\/\/schema.org","@graph":[{"@type":"WebPage","@id":"https:\/\/tus.eschringen.de\/wordpress\/event\/tus-eschringen-ii-tus-jaegersfreude\/","url":"https:\/\/tus.eschringen.de\/wordpress\/event\/tus-eschringen-ii-tus-jaegersfreude\/","name":"TuS Eschringen II - TuS Jägersfreude - TuS Eschringen","isPartOf":{"@id":"https:\/\/tus.eschringen.de\/wordpress\/#website"},"datePublished":"2025-07-10T17:19:33+00:00","dateModified":"2025-08-11T15:00:19+00:00","breadcrumb":{"@id":"https:\/\/tus.eschringen.de\/wordpress\/event\/tus-eschringen-ii-tus-jaegersfreude\/#breadcrumb"},"inLanguage":"de","potentialAction":[{"@type":"ReadAction","target":["https:\/\/tus.eschringen.de\/wordpress\/event\/tus-eschringen-ii-tus-jaegersfreude\/"]}]},{"@type":"BreadcrumbList","@id":"https:\/\/tus.eschringen.de\/wordpress\/event\/tus-eschringen-ii-tus-jaegersfreude\/#breadcrumb","itemListElement":[{"@type":"ListItem","position":1,"name":"Startseite","item":"https:\/\/tus.eschringen.de\/wordpress\/"},{"@type":"ListItem","position":2,"name":"Veranstaltungen","item":"https:\/\/tus.eschringen.de\/wordpress\/events\/"},{"@type":"ListItem","position":3,"name":"TuS Eschringen II &#8211; TuS Jägersfreude"}]},{"@type":"WebSite","@id":"https:\/\/tus.eschringen.de\/wordpress\/#website","url":"https:\/\/tus.eschringen.de\/wordpress\/","name":"TuS Eschringen","description":"","publisher":{"@id":"https:\/\/tus.eschringen.de\/wordpress\/#organization"},"potentialAction":[{"@type":"SearchAction","target":{"@type":"EntryPoint","urlTemplate":"https:\/\/tus.eschringen.de\/wordpress\/?s={search_term_string}"},"query-input":{"@type":"PropertyValueSpecification","valueRequired":true,"valueName":"search_term_string"}}],"inLanguage":"de"},{"@type":"Organization","@id":"https:\/\/tus.eschringen.de\/wordpress\/#organization","name":"TuS Eschringen","url":"https:\/\/tus.eschringen.de\/wordpress\/","logo":{"@type":"ImageObject","inLanguage":"de","@id":"https:\/\/tus.eschringen.de\/wordpress\/#\/schema\/logo\/image\/","url":"https:\/\/i0.wp.com\/tus.eschringen.de\/wordpress\/wp-content\/uploads\/2025\/07\/Web_kopf.jpg?fit=1260%2C240&ssl=1","contentUrl":"https:\/\/i0.wp.com\/tus.eschringen.de\/wordpress\/wp-content\/uploads\/2025\/07\/Web_kopf.jpg?fit=1260%2C240&ssl=1","width":1260,"height":240,"caption":"TuS Eschringen"},"image":{"@id":"https:\/\/tus.eschringen.de\/wordpress\/#\/schema\/logo\/image\/"},"sameAs":["https:\/\/www.facebook.com\/TuS.Eschringen\/","https:\/\/www.instagram.com\/tus.eschringen\/"]}]}</script>
<!-- / Yoast SEO plugin. -->

TuS Eschringen II - TuS Jägersfreude - TuS Eschringen

Kreisliga A Süd 4. Spieltag TuS Eschringen II &#8211; TuS Jägersfreude 4:2 (1:2) Torschützen: 0:1 0:2 1:2 2:2 3:2 4:2 Spielbericht: Das Spiel unserer zweiten Mannschaft mussten wir mit einem Spieler in Unterzahl beginnen, was zu einem frühen 0.2 Rückstand führte. Nachdem unsere Mannschaft dann mit elf Spielern auf dem Platz stand, wurde unser Spiel ... alles lesen
