{"id":6152,"date":"2025-07-10T19:19:32","date_gmt":"2025-07-10T17:19:32","guid":{"rendered":"https:\/\/tus.eschringen.de\/wordpress\/event\/tus-eschringen-ii-sc-altenkessel-ii-2\/"},"modified":"2025-07-31T13:10:52","modified_gmt":"2025-07-31T11:10:52","slug":"tus-eschringen-ii-sc-altenkessel-ii-2","status":"publish","type":"tribe_events","link":"https:\/\/tus.eschringen.de\/wordpress\/event\/tus-eschringen-ii-sc-altenkessel-ii-2\/","title":{"rendered":"TuS Eschringen II &#8211; SC Altenkessel II"},"content":{"rendered":"<p>Kreisliga A S\u00fcd<\/p>\n<p>2. Spieltag<\/p>\n<p>TuS Eschringen II &#8211; SC Altenkessel II <span style=\"color: #ff0000;\"><strong>0:13<\/strong><\/span>\u00a0(0:6)<\/p>\n<p>Torsch\u00fctzen:<\/p>\n<p>0:1 Yaroslav Maslianyk (4. Min)<br \/>\n0:2 Danylo Musolitin (20. Min)<br \/>\n0:3 Serhii Ratushnyi (25. Min)<br \/>\n0:4 Mykyta Hrishylov (34. Min)<br \/>\n0:5 Yaroslav Maslianyk (36. Min)<br \/>\n0:6 Rafael Musayev (39. Min)<br \/>\n0:7 Kyrylo Falko (47. Min)<br \/>\n0:8 Mykyta Hrishylov (52. Min)<br \/>\n0:9 Mykyta Hrishylov (70. Min)<br \/>\n0:10 Oleh Savranskyi (78. Min)<br \/>\n0:11 Kyrylo Falko (83. Min)<br \/>\n0:12 Kyrylo Falko (85. Min)<br \/>\n0:13 Mykyta Hrishylov (88. Min)<\/p>\n<p>Spielbericht:<\/p>\n<p><strong>TuS II unterliegt Altenkessel II deutlich<\/strong><\/p>\n<p>Das Ergebnis von 0:13 (0:6) sagt alles zum Spielerverlauf. Von Beginn an startete die gute Mannschaft von Altenkessel II einen Sturmlauf auf das Tor unserer Zweiten. Unser Team schaffte es leider nur phasenweise dagegenzuhalten. Ansonsten war es ein rabenschwarzer Tag f\u00fcr den TuS. Die urlaubs- und arbeitsbedingte Abwesenheit einiger Spieler tat ihr \u00fcbriges. Da kann es nur hei\u00dfen: Kopf hoch und das n\u00e4chste Spiel in den Fokus nehmen!<\/p>\n","protected":false},"excerpt":{"rendered":"<p>Kreisliga A S\u00fcd 2. Spieltag TuS Eschringen II &#8211; SC Altenkessel II 0:13\u00a0(0:6) Torsch\u00fctzen: 0:1 Yaroslav Maslianyk (4. Min) 0:2 Danylo Musolitin (20. Min) 0:3 Serhii Ratushnyi (25. Min) 0:4 Mykyta Hrishylov (34. Min) 0:5 Yaroslav Maslianyk (36. Min) 0:6 Rafael Musayev (39. Min) 0:7 Kyrylo Falko (47. Min) 0:8 Mykyta Hrishylov (52. Min) 0:9 &#8230; <\/p>\n<p class=\"read-more-container\"><a title=\"TuS Eschringen II &#8211; SC Altenkessel II\" class=\"read-more button\" href=\"https:\/\/tus.eschringen.de\/wordpress\/event\/tus-eschringen-ii-sc-altenkessel-ii-2\/#more-6152\" aria-label=\"Mehr Informationen \u00fcber TuS Eschringen II &#8211; SC Altenkessel II\">alles lesen<\/a><\/p>\n","protected":false},"author":1,"featured_media":0,"template":"","meta":{"generate_page_header":"","_tribe_events_status":"","_tribe_events_status_reason":"","footnotes":""},"tags":[],"tribe_events_cat":[12],"class_list":["post-6152","tribe_events","type-tribe_events","status-publish","hentry","tribe_events_cat-kreisliga-a-sued","cat_kreisliga-a-sued"],"yoast_head":"<!-- This site is optimized with the Yoast SEO plugin v27.4 - https:\/\/yoast.com\/product\/yoast-seo-wordpress\/ -->\n<title>TuS Eschringen II - SC Altenkessel II - TuS Eschringen<\/title>\n<meta name=\"robots\" content=\"index, follow, max-snippet:-1, max-image-preview:large, max-video-preview:-1\" \/>\n<link rel=\"canonical\" href=\"https:\/\/tus.eschringen.de\/wordpress\/event\/tus-eschringen-ii-sc-altenkessel-ii-2\/\" \/>\n<meta property=\"og:locale\" content=\"de_DE\" \/>\n<meta property=\"og:type\" content=\"article\" \/>\n<meta property=\"og:title\" content=\"TuS Eschringen II - SC Altenkessel II - TuS Eschringen\" \/>\n<meta property=\"og:description\" content=\"Kreisliga A S\u00fcd 2. Spieltag TuS Eschringen II &#8211; SC Altenkessel II 0:13\u00a0(0:6) Torsch\u00fctzen: 0:1 Yaroslav Maslianyk (4. Min) 0:2 Danylo Musolitin (20. Min) 0:3 Serhii Ratushnyi (25. Min) 0:4 Mykyta Hrishylov (34. Min) 0:5 Yaroslav Maslianyk (36. Min) 0:6 Rafael Musayev (39. Min) 0:7 Kyrylo Falko (47. Min) 0:8 Mykyta Hrishylov (52. Min) 0:9 ... alles lesen\" \/>\n<meta property=\"og:url\" content=\"https:\/\/tus.eschringen.de\/wordpress\/event\/tus-eschringen-ii-sc-altenkessel-ii-2\/\" \/>\n<meta property=\"og:site_name\" content=\"TuS Eschringen\" \/>\n<meta property=\"article:publisher\" content=\"https:\/\/www.facebook.com\/TuS.Eschringen\/\" \/>\n<meta property=\"article:modified_time\" content=\"2025-07-31T11:10:52+00:00\" \/>\n<meta name=\"twitter:card\" content=\"summary_large_image\" \/>\n<meta name=\"twitter:label1\" content=\"Gesch\u00e4tzte Lesezeit\" \/>\n\t<meta name=\"twitter:data1\" content=\"1\u00a0Minute\" \/>\n<script type=\"application\/ld+json\" class=\"yoast-schema-graph\">{\"@context\":\"https:\\\/\\\/schema.org\",\"@graph\":[{\"@type\":\"WebPage\",\"@id\":\"https:\\\/\\\/tus.eschringen.de\\\/wordpress\\\/event\\\/tus-eschringen-ii-sc-altenkessel-ii-2\\\/\",\"url\":\"https:\\\/\\\/tus.eschringen.de\\\/wordpress\\\/event\\\/tus-eschringen-ii-sc-altenkessel-ii-2\\\/\",\"name\":\"TuS Eschringen II - SC Altenkessel II - TuS Eschringen\",\"isPartOf\":{\"@id\":\"https:\\\/\\\/tus.eschringen.de\\\/wordpress\\\/#website\"},\"datePublished\":\"2025-07-10T17:19:32+00:00\",\"dateModified\":\"2025-07-31T11:10:52+00:00\",\"breadcrumb\":{\"@id\":\"https:\\\/\\\/tus.eschringen.de\\\/wordpress\\\/event\\\/tus-eschringen-ii-sc-altenkessel-ii-2\\\/#breadcrumb\"},\"inLanguage\":\"de\",\"potentialAction\":[{\"@type\":\"ReadAction\",\"target\":[\"https:\\\/\\\/tus.eschringen.de\\\/wordpress\\\/event\\\/tus-eschringen-ii-sc-altenkessel-ii-2\\\/\"]}]},{\"@type\":\"BreadcrumbList\",\"@id\":\"https:\\\/\\\/tus.eschringen.de\\\/wordpress\\\/event\\\/tus-eschringen-ii-sc-altenkessel-ii-2\\\/#breadcrumb\",\"itemListElement\":[{\"@type\":\"ListItem\",\"position\":1,\"name\":\"Startseite\",\"item\":\"https:\\\/\\\/tus.eschringen.de\\\/wordpress\\\/\"},{\"@type\":\"ListItem\",\"position\":2,\"name\":\"Veranstaltungen\",\"item\":\"https:\\\/\\\/tus.eschringen.de\\\/wordpress\\\/events\\\/\"},{\"@type\":\"ListItem\",\"position\":3,\"name\":\"TuS Eschringen II &#8211; SC Altenkessel II\"}]},{\"@type\":\"WebSite\",\"@id\":\"https:\\\/\\\/tus.eschringen.de\\\/wordpress\\\/#website\",\"url\":\"https:\\\/\\\/tus.eschringen.de\\\/wordpress\\\/\",\"name\":\"TuS Eschringen\",\"description\":\"\",\"publisher\":{\"@id\":\"https:\\\/\\\/tus.eschringen.de\\\/wordpress\\\/#organization\"},\"potentialAction\":[{\"@type\":\"SearchAction\",\"target\":{\"@type\":\"EntryPoint\",\"urlTemplate\":\"https:\\\/\\\/tus.eschringen.de\\\/wordpress\\\/?s={search_term_string}\"},\"query-input\":{\"@type\":\"PropertyValueSpecification\",\"valueRequired\":true,\"valueName\":\"search_term_string\"}}],\"inLanguage\":\"de\"},{\"@type\":\"Organization\",\"@id\":\"https:\\\/\\\/tus.eschringen.de\\\/wordpress\\\/#organization\",\"name\":\"TuS Eschringen\",\"url\":\"https:\\\/\\\/tus.eschringen.de\\\/wordpress\\\/\",\"logo\":{\"@type\":\"ImageObject\",\"inLanguage\":\"de\",\"@id\":\"https:\\\/\\\/tus.eschringen.de\\\/wordpress\\\/#\\\/schema\\\/logo\\\/image\\\/\",\"url\":\"https:\\\/\\\/i0.wp.com\\\/tus.eschringen.de\\\/wordpress\\\/wp-content\\\/uploads\\\/2025\\\/07\\\/Web_kopf.jpg?fit=1260%2C240&ssl=1\",\"contentUrl\":\"https:\\\/\\\/i0.wp.com\\\/tus.eschringen.de\\\/wordpress\\\/wp-content\\\/uploads\\\/2025\\\/07\\\/Web_kopf.jpg?fit=1260%2C240&ssl=1\",\"width\":1260,\"height\":240,\"caption\":\"TuS Eschringen\"},\"image\":{\"@id\":\"https:\\\/\\\/tus.eschringen.de\\\/wordpress\\\/#\\\/schema\\\/logo\\\/image\\\/\"},\"sameAs\":[\"https:\\\/\\\/www.facebook.com\\\/TuS.Eschringen\\\/\",\"https:\\\/\\\/www.instagram.com\\\/tus.eschringen\\\/\"]}]}<\/script>\n<!-- \/ Yoast SEO plugin. -->","yoast_head_json":{"title":"TuS Eschringen II - SC Altenkessel II - TuS Eschringen","robots":{"index":"index","follow":"follow","max-snippet":"max-snippet:-1","max-image-preview":"max-image-preview:large","max-video-preview":"max-video-preview:-1"},"canonical":"https:\/\/tus.eschringen.de\/wordpress\/event\/tus-eschringen-ii-sc-altenkessel-ii-2\/","og_locale":"de_DE","og_type":"article","og_title":"TuS Eschringen II - SC Altenkessel II - TuS Eschringen","og_description":"Kreisliga A S\u00fcd 2. Spieltag TuS Eschringen II &#8211; SC Altenkessel II 0:13\u00a0(0:6) Torsch\u00fctzen: 0:1 Yaroslav Maslianyk (4. Min) 0:2 Danylo Musolitin (20. Min) 0:3 Serhii Ratushnyi (25. Min) 0:4 Mykyta Hrishylov (34. Min) 0:5 Yaroslav Maslianyk (36. Min) 0:6 Rafael Musayev (39. Min) 0:7 Kyrylo Falko (47. Min) 0:8 Mykyta Hrishylov (52. Min) 0:9 ... alles lesen","og_url":"https:\/\/tus.eschringen.de\/wordpress\/event\/tus-eschringen-ii-sc-altenkessel-ii-2\/","og_site_name":"TuS Eschringen","article_publisher":"https:\/\/www.facebook.com\/TuS.Eschringen\/","article_modified_time":"2025-07-31T11:10:52+00:00","twitter_card":"summary_large_image","twitter_misc":{"Gesch\u00e4tzte Lesezeit":"1\u00a0Minute"},"schema":{"@context":"https:\/\/schema.org","@graph":[{"@type":"WebPage","@id":"https:\/\/tus.eschringen.de\/wordpress\/event\/tus-eschringen-ii-sc-altenkessel-ii-2\/","url":"https:\/\/tus.eschringen.de\/wordpress\/event\/tus-eschringen-ii-sc-altenkessel-ii-2\/","name":"TuS Eschringen II - SC Altenkessel II - TuS Eschringen","isPartOf":{"@id":"https:\/\/tus.eschringen.de\/wordpress\/#website"},"datePublished":"2025-07-10T17:19:32+00:00","dateModified":"2025-07-31T11:10:52+00:00","breadcrumb":{"@id":"https:\/\/tus.eschringen.de\/wordpress\/event\/tus-eschringen-ii-sc-altenkessel-ii-2\/#breadcrumb"},"inLanguage":"de","potentialAction":[{"@type":"ReadAction","target":["https:\/\/tus.eschringen.de\/wordpress\/event\/tus-eschringen-ii-sc-altenkessel-ii-2\/"]}]},{"@type":"BreadcrumbList","@id":"https:\/\/tus.eschringen.de\/wordpress\/event\/tus-eschringen-ii-sc-altenkessel-ii-2\/#breadcrumb","itemListElement":[{"@type":"ListItem","position":1,"name":"Startseite","item":"https:\/\/tus.eschringen.de\/wordpress\/"},{"@type":"ListItem","position":2,"name":"Veranstaltungen","item":"https:\/\/tus.eschringen.de\/wordpress\/events\/"},{"@type":"ListItem","position":3,"name":"TuS Eschringen II &#8211; SC Altenkessel II"}]},{"@type":"WebSite","@id":"https:\/\/tus.eschringen.de\/wordpress\/#website","url":"https:\/\/tus.eschringen.de\/wordpress\/","name":"TuS Eschringen","description":"","publisher":{"@id":"https:\/\/tus.eschringen.de\/wordpress\/#organization"},"potentialAction":[{"@type":"SearchAction","target":{"@type":"EntryPoint","urlTemplate":"https:\/\/tus.eschringen.de\/wordpress\/?s={search_term_string}"},"query-input":{"@type":"PropertyValueSpecification","valueRequired":true,"valueName":"search_term_string"}}],"inLanguage":"de"},{"@type":"Organization","@id":"https:\/\/tus.eschringen.de\/wordpress\/#organization","name":"TuS Eschringen","url":"https:\/\/tus.eschringen.de\/wordpress\/","logo":{"@type":"ImageObject","inLanguage":"de","@id":"https:\/\/tus.eschringen.de\/wordpress\/#\/schema\/logo\/image\/","url":"https:\/\/i0.wp.com\/tus.eschringen.de\/wordpress\/wp-content\/uploads\/2025\/07\/Web_kopf.jpg?fit=1260%2C240&ssl=1","contentUrl":"https:\/\/i0.wp.com\/tus.eschringen.de\/wordpress\/wp-content\/uploads\/2025\/07\/Web_kopf.jpg?fit=1260%2C240&ssl=1","width":1260,"height":240,"caption":"TuS Eschringen"},"image":{"@id":"https:\/\/tus.eschringen.de\/wordpress\/#\/schema\/logo\/image\/"},"sameAs":["https:\/\/www.facebook.com\/TuS.Eschringen\/","https:\/\/www.instagram.com\/tus.eschringen\/"]}]}},"jetpack_sharing_enabled":true,"_links":{"self":[{"href":"https:\/\/tus.eschringen.de\/wordpress\/wp-json\/wp\/v2\/tribe_events\/6152","targetHints":{"allow":["GET"]}}],"collection":[{"href":"https:\/\/tus.eschringen.de\/wordpress\/wp-json\/wp\/v2\/tribe_events"}],"about":[{"href":"https:\/\/tus.eschringen.de\/wordpress\/wp-json\/wp\/v2\/types\/tribe_events"}],"author":[{"embeddable":true,"href":"https:\/\/tus.eschringen.de\/wordpress\/wp-json\/wp\/v2\/users\/1"}],"version-history":[{"count":6,"href":"https:\/\/tus.eschringen.de\/wordpress\/wp-json\/wp\/v2\/tribe_events\/6152\/revisions"}],"predecessor-version":[{"id":6274,"href":"https:\/\/tus.eschringen.de\/wordpress\/wp-json\/wp\/v2\/tribe_events\/6152\/revisions\/6274"}],"wp:attachment":[{"href":"https:\/\/tus.eschringen.de\/wordpress\/wp-json\/wp\/v2\/media?parent=6152"}],"wp:term":[{"taxonomy":"post_tag","embeddable":true,"href":"https:\/\/tus.eschringen.de\/wordpress\/wp-json\/wp\/v2\/tags?post=6152"},{"taxonomy":"tribe_events_cat","embeddable":true,"href":"https:\/\/tus.eschringen.de\/wordpress\/wp-json\/wp\/v2\/tribe_events_cat?post=6152"}],"curies":[{"name":"wp","href":"https:\/\/api.w.org\/{rel}","templated":true}]}}

<p>Kreisliga A Süd</p>
<p>2. Spieltag</p>
<p>TuS Eschringen II &#8211; SC Altenkessel II <span style="color: #ff0000;"><strong>0:13</strong></span> (0:6)</p>
<p>Torschützen:</p>
<p>0:1 Yaroslav Maslianyk (4. Min)<br />
0:2 Danylo Musolitin (20. Min)<br />
0:3 Serhii Ratushnyi (25. Min)<br />
0:4 Mykyta Hrishylov (34. Min)<br />
0:5 Yaroslav Maslianyk (36. Min)<br />
0:6 Rafael Musayev (39. Min)<br />
0:7 Kyrylo Falko (47. Min)<br />
0:8 Mykyta Hrishylov (52. Min)<br />
0:9 Mykyta Hrishylov (70. Min)<br />
0:10 Oleh Savranskyi (78. Min)<br />
0:11 Kyrylo Falko (83. Min)<br />
0:12 Kyrylo Falko (85. Min)<br />
0:13 Mykyta Hrishylov (88. Min)</p>
<p>Spielbericht:</p>
<p><strong>TuS II unterliegt Altenkessel II deutlich</strong></p>
<p>Das Ergebnis von 0:13 (0:6) sagt alles zum Spielerverlauf. Von Beginn an startete die gute Mannschaft von Altenkessel II einen Sturmlauf auf das Tor unserer Zweiten. Unser Team schaffte es leider nur phasenweise dagegenzuhalten. Ansonsten war es ein rabenschwarzer Tag für den TuS. Die urlaubs- und arbeitsbedingte Abwesenheit einiger Spieler tat ihr übriges. Da kann es nur heißen: Kopf hoch und das nächste Spiel in den Fokus nehmen!</p>

<p>Kreisliga A Süd 2. Spieltag TuS Eschringen II &#8211; SC Altenkessel II 0:13 (0:6) Torschützen: 0:1 Yaroslav Maslianyk (4. Min) 0:2 Danylo Musolitin (20. Min) 0:3 Serhii Ratushnyi (25. Min) 0:4 Mykyta Hrishylov (34. Min) 0:5 Yaroslav Maslianyk (36. Min) 0:6 Rafael Musayev (39. Min) 0:7 Kyrylo Falko (47. Min) 0:8 Mykyta Hrishylov (52. Min) 0:9 &#8230; </p>
<p class="read-more-container"><a title="TuS Eschringen II &#8211; SC Altenkessel II" class="read-more button" href="https://tus.eschringen.de/wordpress/event/tus-eschringen-ii-sc-altenkessel-ii-2/#more-6152" aria-label="Mehr Informationen über TuS Eschringen II &#8211; SC Altenkessel II">alles lesen</a></p>

<!-- This site is optimized with the Yoast SEO plugin v27.4 - https://yoast.com/product/yoast-seo-wordpress/ -->
<title>TuS Eschringen II - SC Altenkessel II - TuS Eschringen</title>
<meta name="robots" content="index, follow, max-snippet:-1, max-image-preview:large, max-video-preview:-1" />
<link rel="canonical" href="https://tus.eschringen.de/wordpress/event/tus-eschringen-ii-sc-altenkessel-ii-2/" />
<meta property="og:locale" content="de_DE" />
<meta property="og:type" content="article" />
<meta property="og:title" content="TuS Eschringen II - SC Altenkessel II - TuS Eschringen" />
<meta property="og:description" content="Kreisliga A Süd 2. Spieltag TuS Eschringen II &#8211; SC Altenkessel II 0:13 (0:6) Torschützen: 0:1 Yaroslav Maslianyk (4. Min) 0:2 Danylo Musolitin (20. Min) 0:3 Serhii Ratushnyi (25. Min) 0:4 Mykyta Hrishylov (34. Min) 0:5 Yaroslav Maslianyk (36. Min) 0:6 Rafael Musayev (39. Min) 0:7 Kyrylo Falko (47. Min) 0:8 Mykyta Hrishylov (52. Min) 0:9 ... alles lesen" />
<meta property="og:url" content="https://tus.eschringen.de/wordpress/event/tus-eschringen-ii-sc-altenkessel-ii-2/" />
<meta property="og:site_name" content="TuS Eschringen" />
<meta property="article:publisher" content="https://www.facebook.com/TuS.Eschringen/" />
<meta property="article:modified_time" content="2025-07-31T11:10:52+00:00" />
<meta name="twitter:card" content="summary_large_image" />
<meta name="twitter:label1" content="Geschätzte Lesezeit" />
	<meta name="twitter:data1" content="1 Minute" />
<script type="application/ld+json" class="yoast-schema-graph">{"@context":"https:\/\/schema.org","@graph":[{"@type":"WebPage","@id":"https:\/\/tus.eschringen.de\/wordpress\/event\/tus-eschringen-ii-sc-altenkessel-ii-2\/","url":"https:\/\/tus.eschringen.de\/wordpress\/event\/tus-eschringen-ii-sc-altenkessel-ii-2\/","name":"TuS Eschringen II - SC Altenkessel II - TuS Eschringen","isPartOf":{"@id":"https:\/\/tus.eschringen.de\/wordpress\/#website"},"datePublished":"2025-07-10T17:19:32+00:00","dateModified":"2025-07-31T11:10:52+00:00","breadcrumb":{"@id":"https:\/\/tus.eschringen.de\/wordpress\/event\/tus-eschringen-ii-sc-altenkessel-ii-2\/#breadcrumb"},"inLanguage":"de","potentialAction":[{"@type":"ReadAction","target":["https:\/\/tus.eschringen.de\/wordpress\/event\/tus-eschringen-ii-sc-altenkessel-ii-2\/"]}]},{"@type":"BreadcrumbList","@id":"https:\/\/tus.eschringen.de\/wordpress\/event\/tus-eschringen-ii-sc-altenkessel-ii-2\/#breadcrumb","itemListElement":[{"@type":"ListItem","position":1,"name":"Startseite","item":"https:\/\/tus.eschringen.de\/wordpress\/"},{"@type":"ListItem","position":2,"name":"Veranstaltungen","item":"https:\/\/tus.eschringen.de\/wordpress\/events\/"},{"@type":"ListItem","position":3,"name":"TuS Eschringen II &#8211; SC Altenkessel II"}]},{"@type":"WebSite","@id":"https:\/\/tus.eschringen.de\/wordpress\/#website","url":"https:\/\/tus.eschringen.de\/wordpress\/","name":"TuS Eschringen","description":"","publisher":{"@id":"https:\/\/tus.eschringen.de\/wordpress\/#organization"},"potentialAction":[{"@type":"SearchAction","target":{"@type":"EntryPoint","urlTemplate":"https:\/\/tus.eschringen.de\/wordpress\/?s={search_term_string}"},"query-input":{"@type":"PropertyValueSpecification","valueRequired":true,"valueName":"search_term_string"}}],"inLanguage":"de"},{"@type":"Organization","@id":"https:\/\/tus.eschringen.de\/wordpress\/#organization","name":"TuS Eschringen","url":"https:\/\/tus.eschringen.de\/wordpress\/","logo":{"@type":"ImageObject","inLanguage":"de","@id":"https:\/\/tus.eschringen.de\/wordpress\/#\/schema\/logo\/image\/","url":"https:\/\/i0.wp.com\/tus.eschringen.de\/wordpress\/wp-content\/uploads\/2025\/07\/Web_kopf.jpg?fit=1260%2C240&ssl=1","contentUrl":"https:\/\/i0.wp.com\/tus.eschringen.de\/wordpress\/wp-content\/uploads\/2025\/07\/Web_kopf.jpg?fit=1260%2C240&ssl=1","width":1260,"height":240,"caption":"TuS Eschringen"},"image":{"@id":"https:\/\/tus.eschringen.de\/wordpress\/#\/schema\/logo\/image\/"},"sameAs":["https:\/\/www.facebook.com\/TuS.Eschringen\/","https:\/\/www.instagram.com\/tus.eschringen\/"]}]}</script>
<!-- / Yoast SEO plugin. -->

Kreisliga A Süd 2. Spieltag TuS Eschringen II &#8211; SC Altenkessel II 0:13 (0:6) Torschützen: 0:1 Yaroslav Maslianyk (4. Min) 0:2 Danylo Musolitin (20. Min) 0:3 Serhii Ratushnyi (25. Min) 0:4 Mykyta Hrishylov (34. Min) 0:5 Yaroslav Maslianyk (36. Min) 0:6 Rafael Musayev (39. Min) 0:7 Kyrylo Falko (47. Min) 0:8 Mykyta Hrishylov (52. Min) 0:9 ... alles lesen
