{"id":6106,"date":"2025-07-06T14:27:33","date_gmt":"2025-07-06T12:27:33","guid":{"rendered":"https:\/\/tus.eschringen.de\/wordpress\/event\/tus-eschringen-spvgg-quierschied-ii-3\/"},"modified":"2025-08-11T17:00:59","modified_gmt":"2025-08-11T15:00:59","slug":"tus-eschringen-spvgg-quierschied-ii-3","status":"publish","type":"tribe_events","link":"https:\/\/tus.eschringen.de\/wordpress\/event\/tus-eschringen-spvgg-quierschied-ii-3\/","title":{"rendered":"TuS Eschringen &#8211; Spvgg Quierschied II"},"content":{"rendered":"<p>Landesliga S\u00fcd<\/p>\n<p>4. Spieltag<\/p>\n<p>TuS Eschringen &#8211; Spvgg Quierschied II <strong><span style=\"color: #ff0000;\">2:1<\/span><\/strong> (1:0)<\/p>\n<p>Torsch\u00fctzen:<\/p>\n<p><strong><span style=\"color: #ff0000;\">1:0<\/span> Cyril Mario Hamann (9. Min)<\/strong><br \/>\n<strong><span style=\"color: #ff0000;\">2:0<\/span> Lucas Forte (47. Min)<\/strong><br \/>\n2:1 Fabio Lerner (71. Min)<\/p>\n<p>Spielbericht:<\/p>\n<p>Die erste Mannschaft des TuS bekam es mit dem Tabellenf\u00fchrer zu tun, der mit einer Bilanz von drei Siegen aus drei Siegen nach Eschringen angereist war. Unsere Mannschaft zeigte sich davon aber von Beginn an unbeeindruckt und spielte diszipliniert und mutig nach vorne. Folgerichtig gelang daher auch noch vor der Pause die F\u00fchrung zum 1:0. Dass es in der ersten H\u00e4lfte keinen Gegentreffer zu beklagen gab, lag nicht zuletzt an einigen herausragenden Paraden unseres Torh\u00fcters. In der zweiten Halbzeit machten die G\u00e4ste aus Quierschied dann erwartungsgem\u00e4\u00df Druck, um den Ausgleich zu erzielen. Dank einer starken Gemeinschaftsleistung gelang es dem TuS aber so gut wie keine Torchancen des Gegners zuzulassen und selbst immer wieder gef\u00e4hrlich zu kontern. Daraus resultierte dann auch das 2:0. Aufgrund eines Missverst\u00e4ndnisses in der Abwehr gelang den G\u00e4sten dann kurz vor Schluss doch noch der 2:1 Anschlusstreffer. Zu mehr reichte es aber nicht mehr, so dass unsere erste Mannschaft einen verdienten Sieg einfahren konnte und damit seit mittlerweile einem Jahr zuhause ungeschlagen ist!<\/p>\n","protected":false},"excerpt":{"rendered":"<p>Landesliga S\u00fcd 4. Spieltag TuS Eschringen &#8211; Spvgg Quierschied II 2:1 (1:0) Torsch\u00fctzen: 1:0 Cyril Mario Hamann (9. Min) 2:0 Lucas Forte (47. Min) 2:1 Fabio Lerner (71. Min) Spielbericht: Die erste Mannschaft des TuS bekam es mit dem Tabellenf\u00fchrer zu tun, der mit einer Bilanz von drei Siegen aus drei Siegen nach Eschringen angereist &#8230; <\/p>\n<p class=\"read-more-container\"><a title=\"TuS Eschringen &#8211; Spvgg Quierschied II\" class=\"read-more button\" href=\"https:\/\/tus.eschringen.de\/wordpress\/event\/tus-eschringen-spvgg-quierschied-ii-3\/#more-6106\" aria-label=\"Mehr Informationen \u00fcber TuS Eschringen &#8211; Spvgg Quierschied II\">alles lesen<\/a><\/p>\n","protected":false},"author":1,"featured_media":0,"template":"","meta":{"generate_page_header":"","_tribe_events_status":"","_tribe_events_status_reason":"","footnotes":""},"tags":[],"tribe_events_cat":[11],"class_list":["post-6106","tribe_events","type-tribe_events","status-publish","hentry","tribe_events_cat-landesliga-sued","cat_landesliga-sued"],"yoast_head":"<!-- This site is optimized with the Yoast SEO plugin v27.4 - https:\/\/yoast.com\/product\/yoast-seo-wordpress\/ -->\n<title>TuS Eschringen - Spvgg Quierschied II - TuS Eschringen<\/title>\n<meta name=\"robots\" content=\"index, follow, max-snippet:-1, max-image-preview:large, max-video-preview:-1\" \/>\n<link rel=\"canonical\" href=\"https:\/\/tus.eschringen.de\/wordpress\/event\/tus-eschringen-spvgg-quierschied-ii-3\/\" \/>\n<meta property=\"og:locale\" content=\"de_DE\" \/>\n<meta property=\"og:type\" content=\"article\" \/>\n<meta property=\"og:title\" content=\"TuS Eschringen - Spvgg Quierschied II - TuS Eschringen\" \/>\n<meta property=\"og:description\" content=\"Landesliga S\u00fcd 4. Spieltag TuS Eschringen &#8211; Spvgg Quierschied II 2:1 (1:0) Torsch\u00fctzen: 1:0 Cyril Mario Hamann (9. Min) 2:0 Lucas Forte (47. Min) 2:1 Fabio Lerner (71. Min) Spielbericht: Die erste Mannschaft des TuS bekam es mit dem Tabellenf\u00fchrer zu tun, der mit einer Bilanz von drei Siegen aus drei Siegen nach Eschringen angereist ... alles lesen\" \/>\n<meta property=\"og:url\" content=\"https:\/\/tus.eschringen.de\/wordpress\/event\/tus-eschringen-spvgg-quierschied-ii-3\/\" \/>\n<meta property=\"og:site_name\" content=\"TuS Eschringen\" \/>\n<meta property=\"article:publisher\" content=\"https:\/\/www.facebook.com\/TuS.Eschringen\/\" \/>\n<meta property=\"article:modified_time\" content=\"2025-08-11T15:00:59+00:00\" \/>\n<meta name=\"twitter:card\" content=\"summary_large_image\" \/>\n<meta name=\"twitter:label1\" content=\"Gesch\u00e4tzte Lesezeit\" \/>\n\t<meta name=\"twitter:data1\" content=\"2\u00a0Minuten\" \/>\n<script type=\"application\/ld+json\" class=\"yoast-schema-graph\">{\"@context\":\"https:\\\/\\\/schema.org\",\"@graph\":[{\"@type\":\"WebPage\",\"@id\":\"https:\\\/\\\/tus.eschringen.de\\\/wordpress\\\/event\\\/tus-eschringen-spvgg-quierschied-ii-3\\\/\",\"url\":\"https:\\\/\\\/tus.eschringen.de\\\/wordpress\\\/event\\\/tus-eschringen-spvgg-quierschied-ii-3\\\/\",\"name\":\"TuS Eschringen - Spvgg Quierschied II - TuS Eschringen\",\"isPartOf\":{\"@id\":\"https:\\\/\\\/tus.eschringen.de\\\/wordpress\\\/#website\"},\"datePublished\":\"2025-07-06T12:27:33+00:00\",\"dateModified\":\"2025-08-11T15:00:59+00:00\",\"breadcrumb\":{\"@id\":\"https:\\\/\\\/tus.eschringen.de\\\/wordpress\\\/event\\\/tus-eschringen-spvgg-quierschied-ii-3\\\/#breadcrumb\"},\"inLanguage\":\"de\",\"potentialAction\":[{\"@type\":\"ReadAction\",\"target\":[\"https:\\\/\\\/tus.eschringen.de\\\/wordpress\\\/event\\\/tus-eschringen-spvgg-quierschied-ii-3\\\/\"]}]},{\"@type\":\"BreadcrumbList\",\"@id\":\"https:\\\/\\\/tus.eschringen.de\\\/wordpress\\\/event\\\/tus-eschringen-spvgg-quierschied-ii-3\\\/#breadcrumb\",\"itemListElement\":[{\"@type\":\"ListItem\",\"position\":1,\"name\":\"Startseite\",\"item\":\"https:\\\/\\\/tus.eschringen.de\\\/wordpress\\\/\"},{\"@type\":\"ListItem\",\"position\":2,\"name\":\"Veranstaltungen\",\"item\":\"https:\\\/\\\/tus.eschringen.de\\\/wordpress\\\/events\\\/\"},{\"@type\":\"ListItem\",\"position\":3,\"name\":\"TuS Eschringen &#8211; Spvgg Quierschied II\"}]},{\"@type\":\"WebSite\",\"@id\":\"https:\\\/\\\/tus.eschringen.de\\\/wordpress\\\/#website\",\"url\":\"https:\\\/\\\/tus.eschringen.de\\\/wordpress\\\/\",\"name\":\"TuS Eschringen\",\"description\":\"\",\"publisher\":{\"@id\":\"https:\\\/\\\/tus.eschringen.de\\\/wordpress\\\/#organization\"},\"potentialAction\":[{\"@type\":\"SearchAction\",\"target\":{\"@type\":\"EntryPoint\",\"urlTemplate\":\"https:\\\/\\\/tus.eschringen.de\\\/wordpress\\\/?s={search_term_string}\"},\"query-input\":{\"@type\":\"PropertyValueSpecification\",\"valueRequired\":true,\"valueName\":\"search_term_string\"}}],\"inLanguage\":\"de\"},{\"@type\":\"Organization\",\"@id\":\"https:\\\/\\\/tus.eschringen.de\\\/wordpress\\\/#organization\",\"name\":\"TuS Eschringen\",\"url\":\"https:\\\/\\\/tus.eschringen.de\\\/wordpress\\\/\",\"logo\":{\"@type\":\"ImageObject\",\"inLanguage\":\"de\",\"@id\":\"https:\\\/\\\/tus.eschringen.de\\\/wordpress\\\/#\\\/schema\\\/logo\\\/image\\\/\",\"url\":\"https:\\\/\\\/i0.wp.com\\\/tus.eschringen.de\\\/wordpress\\\/wp-content\\\/uploads\\\/2025\\\/07\\\/Web_kopf.jpg?fit=1260%2C240&ssl=1\",\"contentUrl\":\"https:\\\/\\\/i0.wp.com\\\/tus.eschringen.de\\\/wordpress\\\/wp-content\\\/uploads\\\/2025\\\/07\\\/Web_kopf.jpg?fit=1260%2C240&ssl=1\",\"width\":1260,\"height\":240,\"caption\":\"TuS Eschringen\"},\"image\":{\"@id\":\"https:\\\/\\\/tus.eschringen.de\\\/wordpress\\\/#\\\/schema\\\/logo\\\/image\\\/\"},\"sameAs\":[\"https:\\\/\\\/www.facebook.com\\\/TuS.Eschringen\\\/\",\"https:\\\/\\\/www.instagram.com\\\/tus.eschringen\\\/\"]}]}<\/script>\n<!-- \/ Yoast SEO plugin. -->","yoast_head_json":{"title":"TuS Eschringen - Spvgg Quierschied II - TuS Eschringen","robots":{"index":"index","follow":"follow","max-snippet":"max-snippet:-1","max-image-preview":"max-image-preview:large","max-video-preview":"max-video-preview:-1"},"canonical":"https:\/\/tus.eschringen.de\/wordpress\/event\/tus-eschringen-spvgg-quierschied-ii-3\/","og_locale":"de_DE","og_type":"article","og_title":"TuS Eschringen - Spvgg Quierschied II - TuS Eschringen","og_description":"Landesliga S\u00fcd 4. Spieltag TuS Eschringen &#8211; Spvgg Quierschied II 2:1 (1:0) Torsch\u00fctzen: 1:0 Cyril Mario Hamann (9. Min) 2:0 Lucas Forte (47. Min) 2:1 Fabio Lerner (71. Min) Spielbericht: Die erste Mannschaft des TuS bekam es mit dem Tabellenf\u00fchrer zu tun, der mit einer Bilanz von drei Siegen aus drei Siegen nach Eschringen angereist ... alles lesen","og_url":"https:\/\/tus.eschringen.de\/wordpress\/event\/tus-eschringen-spvgg-quierschied-ii-3\/","og_site_name":"TuS Eschringen","article_publisher":"https:\/\/www.facebook.com\/TuS.Eschringen\/","article_modified_time":"2025-08-11T15:00:59+00:00","twitter_card":"summary_large_image","twitter_misc":{"Gesch\u00e4tzte Lesezeit":"2\u00a0Minuten"},"schema":{"@context":"https:\/\/schema.org","@graph":[{"@type":"WebPage","@id":"https:\/\/tus.eschringen.de\/wordpress\/event\/tus-eschringen-spvgg-quierschied-ii-3\/","url":"https:\/\/tus.eschringen.de\/wordpress\/event\/tus-eschringen-spvgg-quierschied-ii-3\/","name":"TuS Eschringen - Spvgg Quierschied II - TuS Eschringen","isPartOf":{"@id":"https:\/\/tus.eschringen.de\/wordpress\/#website"},"datePublished":"2025-07-06T12:27:33+00:00","dateModified":"2025-08-11T15:00:59+00:00","breadcrumb":{"@id":"https:\/\/tus.eschringen.de\/wordpress\/event\/tus-eschringen-spvgg-quierschied-ii-3\/#breadcrumb"},"inLanguage":"de","potentialAction":[{"@type":"ReadAction","target":["https:\/\/tus.eschringen.de\/wordpress\/event\/tus-eschringen-spvgg-quierschied-ii-3\/"]}]},{"@type":"BreadcrumbList","@id":"https:\/\/tus.eschringen.de\/wordpress\/event\/tus-eschringen-spvgg-quierschied-ii-3\/#breadcrumb","itemListElement":[{"@type":"ListItem","position":1,"name":"Startseite","item":"https:\/\/tus.eschringen.de\/wordpress\/"},{"@type":"ListItem","position":2,"name":"Veranstaltungen","item":"https:\/\/tus.eschringen.de\/wordpress\/events\/"},{"@type":"ListItem","position":3,"name":"TuS Eschringen &#8211; Spvgg Quierschied II"}]},{"@type":"WebSite","@id":"https:\/\/tus.eschringen.de\/wordpress\/#website","url":"https:\/\/tus.eschringen.de\/wordpress\/","name":"TuS Eschringen","description":"","publisher":{"@id":"https:\/\/tus.eschringen.de\/wordpress\/#organization"},"potentialAction":[{"@type":"SearchAction","target":{"@type":"EntryPoint","urlTemplate":"https:\/\/tus.eschringen.de\/wordpress\/?s={search_term_string}"},"query-input":{"@type":"PropertyValueSpecification","valueRequired":true,"valueName":"search_term_string"}}],"inLanguage":"de"},{"@type":"Organization","@id":"https:\/\/tus.eschringen.de\/wordpress\/#organization","name":"TuS Eschringen","url":"https:\/\/tus.eschringen.de\/wordpress\/","logo":{"@type":"ImageObject","inLanguage":"de","@id":"https:\/\/tus.eschringen.de\/wordpress\/#\/schema\/logo\/image\/","url":"https:\/\/i0.wp.com\/tus.eschringen.de\/wordpress\/wp-content\/uploads\/2025\/07\/Web_kopf.jpg?fit=1260%2C240&ssl=1","contentUrl":"https:\/\/i0.wp.com\/tus.eschringen.de\/wordpress\/wp-content\/uploads\/2025\/07\/Web_kopf.jpg?fit=1260%2C240&ssl=1","width":1260,"height":240,"caption":"TuS Eschringen"},"image":{"@id":"https:\/\/tus.eschringen.de\/wordpress\/#\/schema\/logo\/image\/"},"sameAs":["https:\/\/www.facebook.com\/TuS.Eschringen\/","https:\/\/www.instagram.com\/tus.eschringen\/"]}]}},"jetpack_sharing_enabled":true,"_links":{"self":[{"href":"https:\/\/tus.eschringen.de\/wordpress\/wp-json\/wp\/v2\/tribe_events\/6106","targetHints":{"allow":["GET"]}}],"collection":[{"href":"https:\/\/tus.eschringen.de\/wordpress\/wp-json\/wp\/v2\/tribe_events"}],"about":[{"href":"https:\/\/tus.eschringen.de\/wordpress\/wp-json\/wp\/v2\/types\/tribe_events"}],"author":[{"embeddable":true,"href":"https:\/\/tus.eschringen.de\/wordpress\/wp-json\/wp\/v2\/users\/1"}],"version-history":[{"count":5,"href":"https:\/\/tus.eschringen.de\/wordpress\/wp-json\/wp\/v2\/tribe_events\/6106\/revisions"}],"predecessor-version":[{"id":6336,"href":"https:\/\/tus.eschringen.de\/wordpress\/wp-json\/wp\/v2\/tribe_events\/6106\/revisions\/6336"}],"wp:attachment":[{"href":"https:\/\/tus.eschringen.de\/wordpress\/wp-json\/wp\/v2\/media?parent=6106"}],"wp:term":[{"taxonomy":"post_tag","embeddable":true,"href":"https:\/\/tus.eschringen.de\/wordpress\/wp-json\/wp\/v2\/tags?post=6106"},{"taxonomy":"tribe_events_cat","embeddable":true,"href":"https:\/\/tus.eschringen.de\/wordpress\/wp-json\/wp\/v2\/tribe_events_cat?post=6106"}],"curies":[{"name":"wp","href":"https:\/\/api.w.org\/{rel}","templated":true}]}}

<p>Landesliga Süd</p>
<p>4. Spieltag</p>
<p>TuS Eschringen &#8211; Spvgg Quierschied II <strong><span style="color: #ff0000;">2:1</span></strong> (1:0)</p>
<p>Torschützen:</p>
<p><strong><span style="color: #ff0000;">1:0</span> Cyril Mario Hamann (9. Min)</strong><br />
<strong><span style="color: #ff0000;">2:0</span> Lucas Forte (47. Min)</strong><br />
2:1 Fabio Lerner (71. Min)</p>
<p>Spielbericht:</p>
<p>Die erste Mannschaft des TuS bekam es mit dem Tabellenführer zu tun, der mit einer Bilanz von drei Siegen aus drei Siegen nach Eschringen angereist war. Unsere Mannschaft zeigte sich davon aber von Beginn an unbeeindruckt und spielte diszipliniert und mutig nach vorne. Folgerichtig gelang daher auch noch vor der Pause die Führung zum 1:0. Dass es in der ersten Hälfte keinen Gegentreffer zu beklagen gab, lag nicht zuletzt an einigen herausragenden Paraden unseres Torhüters. In der zweiten Halbzeit machten die Gäste aus Quierschied dann erwartungsgemäß Druck, um den Ausgleich zu erzielen. Dank einer starken Gemeinschaftsleistung gelang es dem TuS aber so gut wie keine Torchancen des Gegners zuzulassen und selbst immer wieder gefährlich zu kontern. Daraus resultierte dann auch das 2:0. Aufgrund eines Missverständnisses in der Abwehr gelang den Gästen dann kurz vor Schluss doch noch der 2:1 Anschlusstreffer. Zu mehr reichte es aber nicht mehr, so dass unsere erste Mannschaft einen verdienten Sieg einfahren konnte und damit seit mittlerweile einem Jahr zuhause ungeschlagen ist!</p>

<p>Landesliga Süd 4. Spieltag TuS Eschringen &#8211; Spvgg Quierschied II 2:1 (1:0) Torschützen: 1:0 Cyril Mario Hamann (9. Min) 2:0 Lucas Forte (47. Min) 2:1 Fabio Lerner (71. Min) Spielbericht: Die erste Mannschaft des TuS bekam es mit dem Tabellenführer zu tun, der mit einer Bilanz von drei Siegen aus drei Siegen nach Eschringen angereist &#8230; </p>
<p class="read-more-container"><a title="TuS Eschringen &#8211; Spvgg Quierschied II" class="read-more button" href="https://tus.eschringen.de/wordpress/event/tus-eschringen-spvgg-quierschied-ii-3/#more-6106" aria-label="Mehr Informationen über TuS Eschringen &#8211; Spvgg Quierschied II">alles lesen</a></p>

<!-- This site is optimized with the Yoast SEO plugin v27.4 - https://yoast.com/product/yoast-seo-wordpress/ -->
<title>TuS Eschringen - Spvgg Quierschied II - TuS Eschringen</title>
<meta name="robots" content="index, follow, max-snippet:-1, max-image-preview:large, max-video-preview:-1" />
<link rel="canonical" href="https://tus.eschringen.de/wordpress/event/tus-eschringen-spvgg-quierschied-ii-3/" />
<meta property="og:locale" content="de_DE" />
<meta property="og:type" content="article" />
<meta property="og:title" content="TuS Eschringen - Spvgg Quierschied II - TuS Eschringen" />
<meta property="og:description" content="Landesliga Süd 4. Spieltag TuS Eschringen &#8211; Spvgg Quierschied II 2:1 (1:0) Torschützen: 1:0 Cyril Mario Hamann (9. Min) 2:0 Lucas Forte (47. Min) 2:1 Fabio Lerner (71. Min) Spielbericht: Die erste Mannschaft des TuS bekam es mit dem Tabellenführer zu tun, der mit einer Bilanz von drei Siegen aus drei Siegen nach Eschringen angereist ... alles lesen" />
<meta property="og:url" content="https://tus.eschringen.de/wordpress/event/tus-eschringen-spvgg-quierschied-ii-3/" />
<meta property="og:site_name" content="TuS Eschringen" />
<meta property="article:publisher" content="https://www.facebook.com/TuS.Eschringen/" />
<meta property="article:modified_time" content="2025-08-11T15:00:59+00:00" />
<meta name="twitter:card" content="summary_large_image" />
<meta name="twitter:label1" content="Geschätzte Lesezeit" />
	<meta name="twitter:data1" content="2 Minuten" />
<script type="application/ld+json" class="yoast-schema-graph">{"@context":"https:\/\/schema.org","@graph":[{"@type":"WebPage","@id":"https:\/\/tus.eschringen.de\/wordpress\/event\/tus-eschringen-spvgg-quierschied-ii-3\/","url":"https:\/\/tus.eschringen.de\/wordpress\/event\/tus-eschringen-spvgg-quierschied-ii-3\/","name":"TuS Eschringen - Spvgg Quierschied II - TuS Eschringen","isPartOf":{"@id":"https:\/\/tus.eschringen.de\/wordpress\/#website"},"datePublished":"2025-07-06T12:27:33+00:00","dateModified":"2025-08-11T15:00:59+00:00","breadcrumb":{"@id":"https:\/\/tus.eschringen.de\/wordpress\/event\/tus-eschringen-spvgg-quierschied-ii-3\/#breadcrumb"},"inLanguage":"de","potentialAction":[{"@type":"ReadAction","target":["https:\/\/tus.eschringen.de\/wordpress\/event\/tus-eschringen-spvgg-quierschied-ii-3\/"]}]},{"@type":"BreadcrumbList","@id":"https:\/\/tus.eschringen.de\/wordpress\/event\/tus-eschringen-spvgg-quierschied-ii-3\/#breadcrumb","itemListElement":[{"@type":"ListItem","position":1,"name":"Startseite","item":"https:\/\/tus.eschringen.de\/wordpress\/"},{"@type":"ListItem","position":2,"name":"Veranstaltungen","item":"https:\/\/tus.eschringen.de\/wordpress\/events\/"},{"@type":"ListItem","position":3,"name":"TuS Eschringen &#8211; Spvgg Quierschied II"}]},{"@type":"WebSite","@id":"https:\/\/tus.eschringen.de\/wordpress\/#website","url":"https:\/\/tus.eschringen.de\/wordpress\/","name":"TuS Eschringen","description":"","publisher":{"@id":"https:\/\/tus.eschringen.de\/wordpress\/#organization"},"potentialAction":[{"@type":"SearchAction","target":{"@type":"EntryPoint","urlTemplate":"https:\/\/tus.eschringen.de\/wordpress\/?s={search_term_string}"},"query-input":{"@type":"PropertyValueSpecification","valueRequired":true,"valueName":"search_term_string"}}],"inLanguage":"de"},{"@type":"Organization","@id":"https:\/\/tus.eschringen.de\/wordpress\/#organization","name":"TuS Eschringen","url":"https:\/\/tus.eschringen.de\/wordpress\/","logo":{"@type":"ImageObject","inLanguage":"de","@id":"https:\/\/tus.eschringen.de\/wordpress\/#\/schema\/logo\/image\/","url":"https:\/\/i0.wp.com\/tus.eschringen.de\/wordpress\/wp-content\/uploads\/2025\/07\/Web_kopf.jpg?fit=1260%2C240&ssl=1","contentUrl":"https:\/\/i0.wp.com\/tus.eschringen.de\/wordpress\/wp-content\/uploads\/2025\/07\/Web_kopf.jpg?fit=1260%2C240&ssl=1","width":1260,"height":240,"caption":"TuS Eschringen"},"image":{"@id":"https:\/\/tus.eschringen.de\/wordpress\/#\/schema\/logo\/image\/"},"sameAs":["https:\/\/www.facebook.com\/TuS.Eschringen\/","https:\/\/www.instagram.com\/tus.eschringen\/"]}]}</script>
<!-- / Yoast SEO plugin. -->

Landesliga Süd 4. Spieltag TuS Eschringen &#8211; Spvgg Quierschied II 2:1 (1:0) Torschützen: 1:0 Cyril Mario Hamann (9. Min) 2:0 Lucas Forte (47. Min) 2:1 Fabio Lerner (71. Min) Spielbericht: Die erste Mannschaft des TuS bekam es mit dem Tabellenführer zu tun, der mit einer Bilanz von drei Siegen aus drei Siegen nach Eschringen angereist ... alles lesen
