{"id":4177,"date":"2023-07-13T14:43:43","date_gmt":"2023-07-13T12:43:43","guid":{"rendered":"https:\/\/tus.eschringen.de\/wordpress\/?post_type=tribe_events&#038;p=4177"},"modified":"2023-09-11T13:43:33","modified_gmt":"2023-09-11T11:43:33","slug":"tus-eschringen-vfb-luisenthal","status":"publish","type":"tribe_events","link":"https:\/\/tus.eschringen.de\/wordpress\/event\/tus-eschringen-vfb-luisenthal\/","title":{"rendered":"TuS Eschringen &#8211; VFB Luisenthal"},"content":{"rendered":"<p>Sparkassenpokal S\u00fcdsaar Runde 1<\/p>\n<p>TuS Eschringen &#8211; VFB Luisenthal <span style=\"color: #ff0000;\"><strong>4:0<\/strong><\/span> (1:0)<\/p>\n<p>Torsch\u00fctzen:<\/p>\n<p><strong><span style=\"color: #ff0000;\">1:0<\/span> Orhan Alpaslan (20. Min)<\/strong><br \/>\n<strong><span style=\"color: #ff0000;\">2:0<\/span> Brandon Heblich (46. Min)<\/strong><br \/>\n<strong><span style=\"color: #ff0000;\">3:0<\/span> Saidashraf Khakimov (49. Min)<\/strong><br \/>\n<strong><span style=\"color: #ff0000;\">4:0<\/span> Orhan Alpaslan (89. Min)<\/strong><\/p>\n<p>Spielbericht:<\/p>\n<p class=\"entry-title\"><strong>Einzug in die n\u00e4chste Pokalrunde<\/strong><\/p>\n<p>Bei tollem Wetter fand unser Pokalspiel gegen VFB Luisenthal statt. Dass dieses Spiel ernst genommen wurde und man eine Runde weiter wollte sah man an der Aufstellung, die mit maximaler St\u00e4rke begann.<\/p>\n<p>Auch im Spiel wurde klar, dass der TuS hier nichts anbrennen lassen wollte. Es dauerte zwar bis zur 20. Minute, bis das 1:0 durch unseren letzten Neuzugang Orhan Alpaslan fiel, aber man wollte hinten erst einmal sicher stehen. So ging es auch in die Pause.<\/p>\n<p>Brandon Heblich erh\u00f6hte zu Beginn der zweiten Halbzeit sofort auf 2:0. Nun wurde es etwas einfacher mit dem Vorsprung im R\u00fccken, der 3 Minuten sp\u00e4ter durch Saidashraf Khakimov auf 3:0 ausgebaut wurde.<\/p>\n<p>Durch einen Platzverweis und eine Zeitstrafe f\u00fcr den Gegner ging fortan weniger Gefahr f\u00fcr uns aus, so dass die Mannschaft auch den Druck nicht mehr aufrecht erhalten musste, dennoch mit guten Chancen immer wieder Nadelstiche setzen konnte. Den Endstand zum 4:0 besorgte wiederum Orhan Alpaslan unmittelbar vor dem Schlusspfiff.<\/p>\n<p>Die Mannschaft hat sich das Weiterkommen verdient und wird nun mit Spannung auf die Auslosung des n\u00e4chsten Gegners warten.<\/p>\n","protected":false},"excerpt":{"rendered":"<p>Sparkassenpokal S\u00fcdsaar Runde 1 TuS Eschringen &#8211; VFB Luisenthal 4:0 (1:0) Torsch\u00fctzen: 1:0 Orhan Alpaslan (20. Min) 2:0 Brandon Heblich (46. Min) 3:0 Saidashraf Khakimov (49. Min) 4:0 Orhan Alpaslan (89. Min) Spielbericht: Einzug in die n\u00e4chste Pokalrunde Bei tollem Wetter fand unser Pokalspiel gegen VFB Luisenthal statt. Dass dieses Spiel ernst genommen wurde und &#8230; <\/p>\n<p class=\"read-more-container\"><a title=\"TuS Eschringen &#8211; VFB Luisenthal\" class=\"read-more button\" href=\"https:\/\/tus.eschringen.de\/wordpress\/event\/tus-eschringen-vfb-luisenthal\/#more-4177\" aria-label=\"Mehr Informationen \u00fcber TuS Eschringen &#8211; VFB Luisenthal\">alles lesen<\/a><\/p>\n","protected":false},"author":1,"featured_media":0,"template":"","meta":{"generate_page_header":"","_tribe_events_status":"","_tribe_events_status_reason":"","footnotes":""},"tags":[],"tribe_events_cat":[4],"class_list":["post-4177","tribe_events","type-tribe_events","status-publish","hentry","tribe_events_cat-sparkassenpokal","cat_sparkassenpokal"],"yoast_head":"<!-- This site is optimized with the Yoast SEO plugin v27.5 - https:\/\/yoast.com\/product\/yoast-seo-wordpress\/ -->\n<title>TuS Eschringen - VFB Luisenthal - TuS Eschringen<\/title>\n<meta name=\"robots\" content=\"index, follow, max-snippet:-1, max-image-preview:large, max-video-preview:-1\" \/>\n<link rel=\"canonical\" href=\"https:\/\/tus.eschringen.de\/wordpress\/event\/tus-eschringen-vfb-luisenthal\/\" \/>\n<meta property=\"og:locale\" content=\"de_DE\" \/>\n<meta property=\"og:type\" content=\"article\" \/>\n<meta property=\"og:title\" content=\"TuS Eschringen - VFB Luisenthal - TuS Eschringen\" \/>\n<meta property=\"og:description\" content=\"Sparkassenpokal S\u00fcdsaar Runde 1 TuS Eschringen &#8211; VFB Luisenthal 4:0 (1:0) Torsch\u00fctzen: 1:0 Orhan Alpaslan (20. Min) 2:0 Brandon Heblich (46. Min) 3:0 Saidashraf Khakimov (49. Min) 4:0 Orhan Alpaslan (89. Min) Spielbericht: Einzug in die n\u00e4chste Pokalrunde Bei tollem Wetter fand unser Pokalspiel gegen VFB Luisenthal statt. Dass dieses Spiel ernst genommen wurde und ... alles lesen\" \/>\n<meta property=\"og:url\" content=\"https:\/\/tus.eschringen.de\/wordpress\/event\/tus-eschringen-vfb-luisenthal\/\" \/>\n<meta property=\"og:site_name\" content=\"TuS Eschringen\" \/>\n<meta property=\"article:publisher\" content=\"https:\/\/www.facebook.com\/TuS.Eschringen\/\" \/>\n<meta property=\"article:modified_time\" content=\"2023-09-11T11:43:33+00:00\" \/>\n<meta name=\"twitter:card\" content=\"summary_large_image\" \/>\n<meta name=\"twitter:label1\" content=\"Gesch\u00e4tzte Lesezeit\" \/>\n\t<meta name=\"twitter:data1\" content=\"2\u00a0Minuten\" \/>\n<script type=\"application\/ld+json\" class=\"yoast-schema-graph\">{\"@context\":\"https:\\\/\\\/schema.org\",\"@graph\":[{\"@type\":\"WebPage\",\"@id\":\"https:\\\/\\\/tus.eschringen.de\\\/wordpress\\\/event\\\/tus-eschringen-vfb-luisenthal\\\/\",\"url\":\"https:\\\/\\\/tus.eschringen.de\\\/wordpress\\\/event\\\/tus-eschringen-vfb-luisenthal\\\/\",\"name\":\"TuS Eschringen - VFB Luisenthal - TuS Eschringen\",\"isPartOf\":{\"@id\":\"https:\\\/\\\/tus.eschringen.de\\\/wordpress\\\/#website\"},\"datePublished\":\"2023-07-13T12:43:43+00:00\",\"dateModified\":\"2023-09-11T11:43:33+00:00\",\"breadcrumb\":{\"@id\":\"https:\\\/\\\/tus.eschringen.de\\\/wordpress\\\/event\\\/tus-eschringen-vfb-luisenthal\\\/#breadcrumb\"},\"inLanguage\":\"de\",\"potentialAction\":[{\"@type\":\"ReadAction\",\"target\":[\"https:\\\/\\\/tus.eschringen.de\\\/wordpress\\\/event\\\/tus-eschringen-vfb-luisenthal\\\/\"]}]},{\"@type\":\"BreadcrumbList\",\"@id\":\"https:\\\/\\\/tus.eschringen.de\\\/wordpress\\\/event\\\/tus-eschringen-vfb-luisenthal\\\/#breadcrumb\",\"itemListElement\":[{\"@type\":\"ListItem\",\"position\":1,\"name\":\"Startseite\",\"item\":\"https:\\\/\\\/tus.eschringen.de\\\/wordpress\\\/\"},{\"@type\":\"ListItem\",\"position\":2,\"name\":\"Veranstaltungen\",\"item\":\"https:\\\/\\\/tus.eschringen.de\\\/wordpress\\\/events\\\/\"},{\"@type\":\"ListItem\",\"position\":3,\"name\":\"TuS Eschringen &#8211; VFB Luisenthal\"}]},{\"@type\":\"WebSite\",\"@id\":\"https:\\\/\\\/tus.eschringen.de\\\/wordpress\\\/#website\",\"url\":\"https:\\\/\\\/tus.eschringen.de\\\/wordpress\\\/\",\"name\":\"TuS Eschringen\",\"description\":\"\",\"publisher\":{\"@id\":\"https:\\\/\\\/tus.eschringen.de\\\/wordpress\\\/#organization\"},\"potentialAction\":[{\"@type\":\"SearchAction\",\"target\":{\"@type\":\"EntryPoint\",\"urlTemplate\":\"https:\\\/\\\/tus.eschringen.de\\\/wordpress\\\/?s={search_term_string}\"},\"query-input\":{\"@type\":\"PropertyValueSpecification\",\"valueRequired\":true,\"valueName\":\"search_term_string\"}}],\"inLanguage\":\"de\"},{\"@type\":\"Organization\",\"@id\":\"https:\\\/\\\/tus.eschringen.de\\\/wordpress\\\/#organization\",\"name\":\"TuS Eschringen\",\"url\":\"https:\\\/\\\/tus.eschringen.de\\\/wordpress\\\/\",\"logo\":{\"@type\":\"ImageObject\",\"inLanguage\":\"de\",\"@id\":\"https:\\\/\\\/tus.eschringen.de\\\/wordpress\\\/#\\\/schema\\\/logo\\\/image\\\/\",\"url\":\"https:\\\/\\\/i0.wp.com\\\/tus.eschringen.de\\\/wordpress\\\/wp-content\\\/uploads\\\/2025\\\/07\\\/Web_kopf.jpg?fit=1260%2C240&ssl=1\",\"contentUrl\":\"https:\\\/\\\/i0.wp.com\\\/tus.eschringen.de\\\/wordpress\\\/wp-content\\\/uploads\\\/2025\\\/07\\\/Web_kopf.jpg?fit=1260%2C240&ssl=1\",\"width\":1260,\"height\":240,\"caption\":\"TuS Eschringen\"},\"image\":{\"@id\":\"https:\\\/\\\/tus.eschringen.de\\\/wordpress\\\/#\\\/schema\\\/logo\\\/image\\\/\"},\"sameAs\":[\"https:\\\/\\\/www.facebook.com\\\/TuS.Eschringen\\\/\",\"https:\\\/\\\/www.instagram.com\\\/tus.eschringen\\\/\"]}]}<\/script>\n<!-- \/ Yoast SEO plugin. -->","yoast_head_json":{"title":"TuS Eschringen - VFB Luisenthal - TuS Eschringen","robots":{"index":"index","follow":"follow","max-snippet":"max-snippet:-1","max-image-preview":"max-image-preview:large","max-video-preview":"max-video-preview:-1"},"canonical":"https:\/\/tus.eschringen.de\/wordpress\/event\/tus-eschringen-vfb-luisenthal\/","og_locale":"de_DE","og_type":"article","og_title":"TuS Eschringen - VFB Luisenthal - TuS Eschringen","og_description":"Sparkassenpokal S\u00fcdsaar Runde 1 TuS Eschringen &#8211; VFB Luisenthal 4:0 (1:0) Torsch\u00fctzen: 1:0 Orhan Alpaslan (20. Min) 2:0 Brandon Heblich (46. Min) 3:0 Saidashraf Khakimov (49. Min) 4:0 Orhan Alpaslan (89. Min) Spielbericht: Einzug in die n\u00e4chste Pokalrunde Bei tollem Wetter fand unser Pokalspiel gegen VFB Luisenthal statt. Dass dieses Spiel ernst genommen wurde und ... alles lesen","og_url":"https:\/\/tus.eschringen.de\/wordpress\/event\/tus-eschringen-vfb-luisenthal\/","og_site_name":"TuS Eschringen","article_publisher":"https:\/\/www.facebook.com\/TuS.Eschringen\/","article_modified_time":"2023-09-11T11:43:33+00:00","twitter_card":"summary_large_image","twitter_misc":{"Gesch\u00e4tzte Lesezeit":"2\u00a0Minuten"},"schema":{"@context":"https:\/\/schema.org","@graph":[{"@type":"WebPage","@id":"https:\/\/tus.eschringen.de\/wordpress\/event\/tus-eschringen-vfb-luisenthal\/","url":"https:\/\/tus.eschringen.de\/wordpress\/event\/tus-eschringen-vfb-luisenthal\/","name":"TuS Eschringen - VFB Luisenthal - TuS Eschringen","isPartOf":{"@id":"https:\/\/tus.eschringen.de\/wordpress\/#website"},"datePublished":"2023-07-13T12:43:43+00:00","dateModified":"2023-09-11T11:43:33+00:00","breadcrumb":{"@id":"https:\/\/tus.eschringen.de\/wordpress\/event\/tus-eschringen-vfb-luisenthal\/#breadcrumb"},"inLanguage":"de","potentialAction":[{"@type":"ReadAction","target":["https:\/\/tus.eschringen.de\/wordpress\/event\/tus-eschringen-vfb-luisenthal\/"]}]},{"@type":"BreadcrumbList","@id":"https:\/\/tus.eschringen.de\/wordpress\/event\/tus-eschringen-vfb-luisenthal\/#breadcrumb","itemListElement":[{"@type":"ListItem","position":1,"name":"Startseite","item":"https:\/\/tus.eschringen.de\/wordpress\/"},{"@type":"ListItem","position":2,"name":"Veranstaltungen","item":"https:\/\/tus.eschringen.de\/wordpress\/events\/"},{"@type":"ListItem","position":3,"name":"TuS Eschringen &#8211; VFB Luisenthal"}]},{"@type":"WebSite","@id":"https:\/\/tus.eschringen.de\/wordpress\/#website","url":"https:\/\/tus.eschringen.de\/wordpress\/","name":"TuS Eschringen","description":"","publisher":{"@id":"https:\/\/tus.eschringen.de\/wordpress\/#organization"},"potentialAction":[{"@type":"SearchAction","target":{"@type":"EntryPoint","urlTemplate":"https:\/\/tus.eschringen.de\/wordpress\/?s={search_term_string}"},"query-input":{"@type":"PropertyValueSpecification","valueRequired":true,"valueName":"search_term_string"}}],"inLanguage":"de"},{"@type":"Organization","@id":"https:\/\/tus.eschringen.de\/wordpress\/#organization","name":"TuS Eschringen","url":"https:\/\/tus.eschringen.de\/wordpress\/","logo":{"@type":"ImageObject","inLanguage":"de","@id":"https:\/\/tus.eschringen.de\/wordpress\/#\/schema\/logo\/image\/","url":"https:\/\/i0.wp.com\/tus.eschringen.de\/wordpress\/wp-content\/uploads\/2025\/07\/Web_kopf.jpg?fit=1260%2C240&ssl=1","contentUrl":"https:\/\/i0.wp.com\/tus.eschringen.de\/wordpress\/wp-content\/uploads\/2025\/07\/Web_kopf.jpg?fit=1260%2C240&ssl=1","width":1260,"height":240,"caption":"TuS Eschringen"},"image":{"@id":"https:\/\/tus.eschringen.de\/wordpress\/#\/schema\/logo\/image\/"},"sameAs":["https:\/\/www.facebook.com\/TuS.Eschringen\/","https:\/\/www.instagram.com\/tus.eschringen\/"]}]}},"jetpack_sharing_enabled":true,"_links":{"self":[{"href":"https:\/\/tus.eschringen.de\/wordpress\/wp-json\/wp\/v2\/tribe_events\/4177","targetHints":{"allow":["GET"]}}],"collection":[{"href":"https:\/\/tus.eschringen.de\/wordpress\/wp-json\/wp\/v2\/tribe_events"}],"about":[{"href":"https:\/\/tus.eschringen.de\/wordpress\/wp-json\/wp\/v2\/types\/tribe_events"}],"author":[{"embeddable":true,"href":"https:\/\/tus.eschringen.de\/wordpress\/wp-json\/wp\/v2\/users\/1"}],"version-history":[{"count":9,"href":"https:\/\/tus.eschringen.de\/wordpress\/wp-json\/wp\/v2\/tribe_events\/4177\/revisions"}],"predecessor-version":[{"id":4411,"href":"https:\/\/tus.eschringen.de\/wordpress\/wp-json\/wp\/v2\/tribe_events\/4177\/revisions\/4411"}],"wp:attachment":[{"href":"https:\/\/tus.eschringen.de\/wordpress\/wp-json\/wp\/v2\/media?parent=4177"}],"wp:term":[{"taxonomy":"post_tag","embeddable":true,"href":"https:\/\/tus.eschringen.de\/wordpress\/wp-json\/wp\/v2\/tags?post=4177"},{"taxonomy":"tribe_events_cat","embeddable":true,"href":"https:\/\/tus.eschringen.de\/wordpress\/wp-json\/wp\/v2\/tribe_events_cat?post=4177"}],"curies":[{"name":"wp","href":"https:\/\/api.w.org\/{rel}","templated":true}]}}

<p>Sparkassenpokal Südsaar Runde 1</p>
<p>TuS Eschringen &#8211; VFB Luisenthal <span style="color: #ff0000;"><strong>4:0</strong></span> (1:0)</p>
<p>Torschützen:</p>
<p><strong><span style="color: #ff0000;">1:0</span> Orhan Alpaslan (20. Min)</strong><br />
<strong><span style="color: #ff0000;">2:0</span> Brandon Heblich (46. Min)</strong><br />
<strong><span style="color: #ff0000;">3:0</span> Saidashraf Khakimov (49. Min)</strong><br />
<strong><span style="color: #ff0000;">4:0</span> Orhan Alpaslan (89. Min)</strong></p>
<p>Spielbericht:</p>
<p class="entry-title"><strong>Einzug in die nächste Pokalrunde</strong></p>
<p>Bei tollem Wetter fand unser Pokalspiel gegen VFB Luisenthal statt. Dass dieses Spiel ernst genommen wurde und man eine Runde weiter wollte sah man an der Aufstellung, die mit maximaler Stärke begann.</p>
<p>Auch im Spiel wurde klar, dass der TuS hier nichts anbrennen lassen wollte. Es dauerte zwar bis zur 20. Minute, bis das 1:0 durch unseren letzten Neuzugang Orhan Alpaslan fiel, aber man wollte hinten erst einmal sicher stehen. So ging es auch in die Pause.</p>
<p>Brandon Heblich erhöhte zu Beginn der zweiten Halbzeit sofort auf 2:0. Nun wurde es etwas einfacher mit dem Vorsprung im Rücken, der 3 Minuten später durch Saidashraf Khakimov auf 3:0 ausgebaut wurde.</p>
<p>Durch einen Platzverweis und eine Zeitstrafe für den Gegner ging fortan weniger Gefahr für uns aus, so dass die Mannschaft auch den Druck nicht mehr aufrecht erhalten musste, dennoch mit guten Chancen immer wieder Nadelstiche setzen konnte. Den Endstand zum 4:0 besorgte wiederum Orhan Alpaslan unmittelbar vor dem Schlusspfiff.</p>
<p>Die Mannschaft hat sich das Weiterkommen verdient und wird nun mit Spannung auf die Auslosung des nächsten Gegners warten.</p>

<p>Sparkassenpokal Südsaar Runde 1 TuS Eschringen &#8211; VFB Luisenthal 4:0 (1:0) Torschützen: 1:0 Orhan Alpaslan (20. Min) 2:0 Brandon Heblich (46. Min) 3:0 Saidashraf Khakimov (49. Min) 4:0 Orhan Alpaslan (89. Min) Spielbericht: Einzug in die nächste Pokalrunde Bei tollem Wetter fand unser Pokalspiel gegen VFB Luisenthal statt. Dass dieses Spiel ernst genommen wurde und &#8230; </p>
<p class="read-more-container"><a title="TuS Eschringen &#8211; VFB Luisenthal" class="read-more button" href="https://tus.eschringen.de/wordpress/event/tus-eschringen-vfb-luisenthal/#more-4177" aria-label="Mehr Informationen über TuS Eschringen &#8211; VFB Luisenthal">alles lesen</a></p>

<!-- This site is optimized with the Yoast SEO plugin v27.5 - https://yoast.com/product/yoast-seo-wordpress/ -->
<title>TuS Eschringen - VFB Luisenthal - TuS Eschringen</title>
<meta name="robots" content="index, follow, max-snippet:-1, max-image-preview:large, max-video-preview:-1" />
<link rel="canonical" href="https://tus.eschringen.de/wordpress/event/tus-eschringen-vfb-luisenthal/" />
<meta property="og:locale" content="de_DE" />
<meta property="og:type" content="article" />
<meta property="og:title" content="TuS Eschringen - VFB Luisenthal - TuS Eschringen" />
<meta property="og:description" content="Sparkassenpokal Südsaar Runde 1 TuS Eschringen &#8211; VFB Luisenthal 4:0 (1:0) Torschützen: 1:0 Orhan Alpaslan (20. Min) 2:0 Brandon Heblich (46. Min) 3:0 Saidashraf Khakimov (49. Min) 4:0 Orhan Alpaslan (89. Min) Spielbericht: Einzug in die nächste Pokalrunde Bei tollem Wetter fand unser Pokalspiel gegen VFB Luisenthal statt. Dass dieses Spiel ernst genommen wurde und ... alles lesen" />
<meta property="og:url" content="https://tus.eschringen.de/wordpress/event/tus-eschringen-vfb-luisenthal/" />
<meta property="og:site_name" content="TuS Eschringen" />
<meta property="article:publisher" content="https://www.facebook.com/TuS.Eschringen/" />
<meta property="article:modified_time" content="2023-09-11T11:43:33+00:00" />
<meta name="twitter:card" content="summary_large_image" />
<meta name="twitter:label1" content="Geschätzte Lesezeit" />
	<meta name="twitter:data1" content="2 Minuten" />
<script type="application/ld+json" class="yoast-schema-graph">{"@context":"https:\/\/schema.org","@graph":[{"@type":"WebPage","@id":"https:\/\/tus.eschringen.de\/wordpress\/event\/tus-eschringen-vfb-luisenthal\/","url":"https:\/\/tus.eschringen.de\/wordpress\/event\/tus-eschringen-vfb-luisenthal\/","name":"TuS Eschringen - VFB Luisenthal - TuS Eschringen","isPartOf":{"@id":"https:\/\/tus.eschringen.de\/wordpress\/#website"},"datePublished":"2023-07-13T12:43:43+00:00","dateModified":"2023-09-11T11:43:33+00:00","breadcrumb":{"@id":"https:\/\/tus.eschringen.de\/wordpress\/event\/tus-eschringen-vfb-luisenthal\/#breadcrumb"},"inLanguage":"de","potentialAction":[{"@type":"ReadAction","target":["https:\/\/tus.eschringen.de\/wordpress\/event\/tus-eschringen-vfb-luisenthal\/"]}]},{"@type":"BreadcrumbList","@id":"https:\/\/tus.eschringen.de\/wordpress\/event\/tus-eschringen-vfb-luisenthal\/#breadcrumb","itemListElement":[{"@type":"ListItem","position":1,"name":"Startseite","item":"https:\/\/tus.eschringen.de\/wordpress\/"},{"@type":"ListItem","position":2,"name":"Veranstaltungen","item":"https:\/\/tus.eschringen.de\/wordpress\/events\/"},{"@type":"ListItem","position":3,"name":"TuS Eschringen &#8211; VFB Luisenthal"}]},{"@type":"WebSite","@id":"https:\/\/tus.eschringen.de\/wordpress\/#website","url":"https:\/\/tus.eschringen.de\/wordpress\/","name":"TuS Eschringen","description":"","publisher":{"@id":"https:\/\/tus.eschringen.de\/wordpress\/#organization"},"potentialAction":[{"@type":"SearchAction","target":{"@type":"EntryPoint","urlTemplate":"https:\/\/tus.eschringen.de\/wordpress\/?s={search_term_string}"},"query-input":{"@type":"PropertyValueSpecification","valueRequired":true,"valueName":"search_term_string"}}],"inLanguage":"de"},{"@type":"Organization","@id":"https:\/\/tus.eschringen.de\/wordpress\/#organization","name":"TuS Eschringen","url":"https:\/\/tus.eschringen.de\/wordpress\/","logo":{"@type":"ImageObject","inLanguage":"de","@id":"https:\/\/tus.eschringen.de\/wordpress\/#\/schema\/logo\/image\/","url":"https:\/\/i0.wp.com\/tus.eschringen.de\/wordpress\/wp-content\/uploads\/2025\/07\/Web_kopf.jpg?fit=1260%2C240&ssl=1","contentUrl":"https:\/\/i0.wp.com\/tus.eschringen.de\/wordpress\/wp-content\/uploads\/2025\/07\/Web_kopf.jpg?fit=1260%2C240&ssl=1","width":1260,"height":240,"caption":"TuS Eschringen"},"image":{"@id":"https:\/\/tus.eschringen.de\/wordpress\/#\/schema\/logo\/image\/"},"sameAs":["https:\/\/www.facebook.com\/TuS.Eschringen\/","https:\/\/www.instagram.com\/tus.eschringen\/"]}]}</script>
<!-- / Yoast SEO plugin. -->

Sparkassenpokal Südsaar Runde 1 TuS Eschringen &#8211; VFB Luisenthal 4:0 (1:0) Torschützen: 1:0 Orhan Alpaslan (20. Min) 2:0 Brandon Heblich (46. Min) 3:0 Saidashraf Khakimov (49. Min) 4:0 Orhan Alpaslan (89. Min) Spielbericht: Einzug in die nächste Pokalrunde Bei tollem Wetter fand unser Pokalspiel gegen VFB Luisenthal statt. Dass dieses Spiel ernst genommen wurde und ... alles lesen
