{"id":4130,"date":"2023-07-01T15:44:33","date_gmt":"2023-07-01T13:44:33","guid":{"rendered":"https:\/\/tus.eschringen.de\/wordpress\/?post_type=tribe_events&#038;p=4130"},"modified":"2023-08-28T11:41:48","modified_gmt":"2023-08-28T09:41:48","slug":"tus-eschringen-viktoria-huehnerfeld","status":"publish","type":"tribe_events","link":"https:\/\/tus.eschringen.de\/wordpress\/event\/tus-eschringen-viktoria-huehnerfeld\/","title":{"rendered":"TuS Eschringen &#8211; Viktoria H\u00fchnerfeld"},"content":{"rendered":"<p>Bezirksliga Saarbr\u00fccken<\/p>\n<p>4. Spieltag \u2013 Saison 2023\/24<\/p>\n<p><strong>TuS Eschringen &#8211; Viktoria H\u00fchnerfeld <span style=\"color: #ff0000;\">3:1<\/span>\u00a0(1:0)<\/strong><\/p>\n<p>Torsch\u00fctzen:<\/p>\n<p><strong><span style=\"color: #ff0000;\">1:0<\/span> Pascal Lorsung (21. Min)<\/strong><br \/>\n<strong><span style=\"color: #ff0000;\">2:0<\/span> Brandon Heblich (49. Min) FE<\/strong><br \/>\n<strong><span style=\"color: #ff0000;\">3:0<\/span> Brandon Heblich (61. Min) FE<\/strong><br \/>\n3:1 Justin Keidel (74. Min)<\/p>\n<p>Spielbericht:<\/p>\n<p><strong>Ein Kampf bis zur Schmerzgrenze<\/strong><\/p>\n<p>Eschringen und H\u00fchnerfeld agierten \u00fcber 90 Minuten auf Augenh\u00f6he. Sie lieferten sich einen Abnutzungskampf bis an die Grenze des Erlaubten. Viele Zweik\u00e4mpfe lie\u00dfen den Spielfluss stocken, sodass aus dem Spiel heraus nur wenige nennenswerte Torchancen entstanden und beide Teams sich eher neutralisierten. Torgefahr entstand in erster Linie nach Standardsituationen. Dem TuS gelang es, \u00fcber drei dieser Standardsituationen zum Erfolg zu kommen, H\u00fchnerfeld traf lediglich einmal, nach einem Einwurf. Eschringen fuhr am Ende einen hart erk\u00e4mpften Sieg ein.<\/p>\n","protected":false},"excerpt":{"rendered":"<p>Bezirksliga Saarbr\u00fccken 4. Spieltag \u2013 Saison 2023\/24 TuS Eschringen &#8211; Viktoria H\u00fchnerfeld 3:1\u00a0(1:0) Torsch\u00fctzen: 1:0 Pascal Lorsung (21. Min) 2:0 Brandon Heblich (49. Min) FE 3:0 Brandon Heblich (61. Min) FE 3:1 Justin Keidel (74. Min) Spielbericht: Ein Kampf bis zur Schmerzgrenze Eschringen und H\u00fchnerfeld agierten \u00fcber 90 Minuten auf Augenh\u00f6he. Sie lieferten sich einen &#8230; <\/p>\n<p class=\"read-more-container\"><a title=\"TuS Eschringen &#8211; Viktoria H\u00fchnerfeld\" class=\"read-more button\" href=\"https:\/\/tus.eschringen.de\/wordpress\/event\/tus-eschringen-viktoria-huehnerfeld\/#more-4130\" aria-label=\"Mehr Informationen \u00fcber TuS Eschringen &#8211; Viktoria H\u00fchnerfeld\">alles lesen<\/a><\/p>\n","protected":false},"author":1,"featured_media":0,"template":"","meta":{"generate_page_header":"","_tribe_events_status":"","_tribe_events_status_reason":"","footnotes":""},"tags":[],"tribe_events_cat":[8],"class_list":["post-4130","tribe_events","type-tribe_events","status-publish","hentry","tribe_events_cat-bezirksliga-saarbruecken","cat_bezirksliga-saarbruecken"],"yoast_head":"<!-- This site is optimized with the Yoast SEO plugin v27.5 - https:\/\/yoast.com\/product\/yoast-seo-wordpress\/ -->\n<title>TuS Eschringen - Viktoria H\u00fchnerfeld - TuS Eschringen<\/title>\n<meta name=\"robots\" content=\"index, follow, max-snippet:-1, max-image-preview:large, max-video-preview:-1\" \/>\n<link rel=\"canonical\" href=\"https:\/\/tus.eschringen.de\/wordpress\/event\/tus-eschringen-viktoria-huehnerfeld\/\" \/>\n<meta property=\"og:locale\" content=\"de_DE\" \/>\n<meta property=\"og:type\" content=\"article\" \/>\n<meta property=\"og:title\" content=\"TuS Eschringen - Viktoria H\u00fchnerfeld - TuS Eschringen\" \/>\n<meta property=\"og:description\" content=\"Bezirksliga Saarbr\u00fccken 4. Spieltag \u2013 Saison 2023\/24 TuS Eschringen &#8211; Viktoria H\u00fchnerfeld 3:1\u00a0(1:0) Torsch\u00fctzen: 1:0 Pascal Lorsung (21. Min) 2:0 Brandon Heblich (49. Min) FE 3:0 Brandon Heblich (61. Min) FE 3:1 Justin Keidel (74. Min) Spielbericht: Ein Kampf bis zur Schmerzgrenze Eschringen und H\u00fchnerfeld agierten \u00fcber 90 Minuten auf Augenh\u00f6he. Sie lieferten sich einen ... alles lesen\" \/>\n<meta property=\"og:url\" content=\"https:\/\/tus.eschringen.de\/wordpress\/event\/tus-eschringen-viktoria-huehnerfeld\/\" \/>\n<meta property=\"og:site_name\" content=\"TuS Eschringen\" \/>\n<meta property=\"article:publisher\" content=\"https:\/\/www.facebook.com\/TuS.Eschringen\/\" \/>\n<meta property=\"article:modified_time\" content=\"2023-08-28T09:41:48+00:00\" \/>\n<meta name=\"twitter:card\" content=\"summary_large_image\" \/>\n<meta name=\"twitter:label1\" content=\"Gesch\u00e4tzte Lesezeit\" \/>\n\t<meta name=\"twitter:data1\" content=\"1\u00a0Minute\" \/>\n<script type=\"application\/ld+json\" class=\"yoast-schema-graph\">{\"@context\":\"https:\\\/\\\/schema.org\",\"@graph\":[{\"@type\":\"WebPage\",\"@id\":\"https:\\\/\\\/tus.eschringen.de\\\/wordpress\\\/event\\\/tus-eschringen-viktoria-huehnerfeld\\\/\",\"url\":\"https:\\\/\\\/tus.eschringen.de\\\/wordpress\\\/event\\\/tus-eschringen-viktoria-huehnerfeld\\\/\",\"name\":\"TuS Eschringen - Viktoria H\u00fchnerfeld - TuS Eschringen\",\"isPartOf\":{\"@id\":\"https:\\\/\\\/tus.eschringen.de\\\/wordpress\\\/#website\"},\"datePublished\":\"2023-07-01T13:44:33+00:00\",\"dateModified\":\"2023-08-28T09:41:48+00:00\",\"breadcrumb\":{\"@id\":\"https:\\\/\\\/tus.eschringen.de\\\/wordpress\\\/event\\\/tus-eschringen-viktoria-huehnerfeld\\\/#breadcrumb\"},\"inLanguage\":\"de\",\"potentialAction\":[{\"@type\":\"ReadAction\",\"target\":[\"https:\\\/\\\/tus.eschringen.de\\\/wordpress\\\/event\\\/tus-eschringen-viktoria-huehnerfeld\\\/\"]}]},{\"@type\":\"BreadcrumbList\",\"@id\":\"https:\\\/\\\/tus.eschringen.de\\\/wordpress\\\/event\\\/tus-eschringen-viktoria-huehnerfeld\\\/#breadcrumb\",\"itemListElement\":[{\"@type\":\"ListItem\",\"position\":1,\"name\":\"Startseite\",\"item\":\"https:\\\/\\\/tus.eschringen.de\\\/wordpress\\\/\"},{\"@type\":\"ListItem\",\"position\":2,\"name\":\"Veranstaltungen\",\"item\":\"https:\\\/\\\/tus.eschringen.de\\\/wordpress\\\/events\\\/\"},{\"@type\":\"ListItem\",\"position\":3,\"name\":\"TuS Eschringen &#8211; Viktoria H\u00fchnerfeld\"}]},{\"@type\":\"WebSite\",\"@id\":\"https:\\\/\\\/tus.eschringen.de\\\/wordpress\\\/#website\",\"url\":\"https:\\\/\\\/tus.eschringen.de\\\/wordpress\\\/\",\"name\":\"TuS Eschringen\",\"description\":\"\",\"publisher\":{\"@id\":\"https:\\\/\\\/tus.eschringen.de\\\/wordpress\\\/#organization\"},\"potentialAction\":[{\"@type\":\"SearchAction\",\"target\":{\"@type\":\"EntryPoint\",\"urlTemplate\":\"https:\\\/\\\/tus.eschringen.de\\\/wordpress\\\/?s={search_term_string}\"},\"query-input\":{\"@type\":\"PropertyValueSpecification\",\"valueRequired\":true,\"valueName\":\"search_term_string\"}}],\"inLanguage\":\"de\"},{\"@type\":\"Organization\",\"@id\":\"https:\\\/\\\/tus.eschringen.de\\\/wordpress\\\/#organization\",\"name\":\"TuS Eschringen\",\"url\":\"https:\\\/\\\/tus.eschringen.de\\\/wordpress\\\/\",\"logo\":{\"@type\":\"ImageObject\",\"inLanguage\":\"de\",\"@id\":\"https:\\\/\\\/tus.eschringen.de\\\/wordpress\\\/#\\\/schema\\\/logo\\\/image\\\/\",\"url\":\"https:\\\/\\\/i0.wp.com\\\/tus.eschringen.de\\\/wordpress\\\/wp-content\\\/uploads\\\/2025\\\/07\\\/Web_kopf.jpg?fit=1260%2C240&ssl=1\",\"contentUrl\":\"https:\\\/\\\/i0.wp.com\\\/tus.eschringen.de\\\/wordpress\\\/wp-content\\\/uploads\\\/2025\\\/07\\\/Web_kopf.jpg?fit=1260%2C240&ssl=1\",\"width\":1260,\"height\":240,\"caption\":\"TuS Eschringen\"},\"image\":{\"@id\":\"https:\\\/\\\/tus.eschringen.de\\\/wordpress\\\/#\\\/schema\\\/logo\\\/image\\\/\"},\"sameAs\":[\"https:\\\/\\\/www.facebook.com\\\/TuS.Eschringen\\\/\",\"https:\\\/\\\/www.instagram.com\\\/tus.eschringen\\\/\"]}]}<\/script>\n<!-- \/ Yoast SEO plugin. -->","yoast_head_json":{"title":"TuS Eschringen - Viktoria H\u00fchnerfeld - TuS Eschringen","robots":{"index":"index","follow":"follow","max-snippet":"max-snippet:-1","max-image-preview":"max-image-preview:large","max-video-preview":"max-video-preview:-1"},"canonical":"https:\/\/tus.eschringen.de\/wordpress\/event\/tus-eschringen-viktoria-huehnerfeld\/","og_locale":"de_DE","og_type":"article","og_title":"TuS Eschringen - Viktoria H\u00fchnerfeld - TuS Eschringen","og_description":"Bezirksliga Saarbr\u00fccken 4. Spieltag \u2013 Saison 2023\/24 TuS Eschringen &#8211; Viktoria H\u00fchnerfeld 3:1\u00a0(1:0) Torsch\u00fctzen: 1:0 Pascal Lorsung (21. Min) 2:0 Brandon Heblich (49. Min) FE 3:0 Brandon Heblich (61. Min) FE 3:1 Justin Keidel (74. Min) Spielbericht: Ein Kampf bis zur Schmerzgrenze Eschringen und H\u00fchnerfeld agierten \u00fcber 90 Minuten auf Augenh\u00f6he. Sie lieferten sich einen ... alles lesen","og_url":"https:\/\/tus.eschringen.de\/wordpress\/event\/tus-eschringen-viktoria-huehnerfeld\/","og_site_name":"TuS Eschringen","article_publisher":"https:\/\/www.facebook.com\/TuS.Eschringen\/","article_modified_time":"2023-08-28T09:41:48+00:00","twitter_card":"summary_large_image","twitter_misc":{"Gesch\u00e4tzte Lesezeit":"1\u00a0Minute"},"schema":{"@context":"https:\/\/schema.org","@graph":[{"@type":"WebPage","@id":"https:\/\/tus.eschringen.de\/wordpress\/event\/tus-eschringen-viktoria-huehnerfeld\/","url":"https:\/\/tus.eschringen.de\/wordpress\/event\/tus-eschringen-viktoria-huehnerfeld\/","name":"TuS Eschringen - Viktoria H\u00fchnerfeld - TuS Eschringen","isPartOf":{"@id":"https:\/\/tus.eschringen.de\/wordpress\/#website"},"datePublished":"2023-07-01T13:44:33+00:00","dateModified":"2023-08-28T09:41:48+00:00","breadcrumb":{"@id":"https:\/\/tus.eschringen.de\/wordpress\/event\/tus-eschringen-viktoria-huehnerfeld\/#breadcrumb"},"inLanguage":"de","potentialAction":[{"@type":"ReadAction","target":["https:\/\/tus.eschringen.de\/wordpress\/event\/tus-eschringen-viktoria-huehnerfeld\/"]}]},{"@type":"BreadcrumbList","@id":"https:\/\/tus.eschringen.de\/wordpress\/event\/tus-eschringen-viktoria-huehnerfeld\/#breadcrumb","itemListElement":[{"@type":"ListItem","position":1,"name":"Startseite","item":"https:\/\/tus.eschringen.de\/wordpress\/"},{"@type":"ListItem","position":2,"name":"Veranstaltungen","item":"https:\/\/tus.eschringen.de\/wordpress\/events\/"},{"@type":"ListItem","position":3,"name":"TuS Eschringen &#8211; Viktoria H\u00fchnerfeld"}]},{"@type":"WebSite","@id":"https:\/\/tus.eschringen.de\/wordpress\/#website","url":"https:\/\/tus.eschringen.de\/wordpress\/","name":"TuS Eschringen","description":"","publisher":{"@id":"https:\/\/tus.eschringen.de\/wordpress\/#organization"},"potentialAction":[{"@type":"SearchAction","target":{"@type":"EntryPoint","urlTemplate":"https:\/\/tus.eschringen.de\/wordpress\/?s={search_term_string}"},"query-input":{"@type":"PropertyValueSpecification","valueRequired":true,"valueName":"search_term_string"}}],"inLanguage":"de"},{"@type":"Organization","@id":"https:\/\/tus.eschringen.de\/wordpress\/#organization","name":"TuS Eschringen","url":"https:\/\/tus.eschringen.de\/wordpress\/","logo":{"@type":"ImageObject","inLanguage":"de","@id":"https:\/\/tus.eschringen.de\/wordpress\/#\/schema\/logo\/image\/","url":"https:\/\/i0.wp.com\/tus.eschringen.de\/wordpress\/wp-content\/uploads\/2025\/07\/Web_kopf.jpg?fit=1260%2C240&ssl=1","contentUrl":"https:\/\/i0.wp.com\/tus.eschringen.de\/wordpress\/wp-content\/uploads\/2025\/07\/Web_kopf.jpg?fit=1260%2C240&ssl=1","width":1260,"height":240,"caption":"TuS Eschringen"},"image":{"@id":"https:\/\/tus.eschringen.de\/wordpress\/#\/schema\/logo\/image\/"},"sameAs":["https:\/\/www.facebook.com\/TuS.Eschringen\/","https:\/\/www.instagram.com\/tus.eschringen\/"]}]}},"jetpack_sharing_enabled":true,"_links":{"self":[{"href":"https:\/\/tus.eschringen.de\/wordpress\/wp-json\/wp\/v2\/tribe_events\/4130","targetHints":{"allow":["GET"]}}],"collection":[{"href":"https:\/\/tus.eschringen.de\/wordpress\/wp-json\/wp\/v2\/tribe_events"}],"about":[{"href":"https:\/\/tus.eschringen.de\/wordpress\/wp-json\/wp\/v2\/types\/tribe_events"}],"author":[{"embeddable":true,"href":"https:\/\/tus.eschringen.de\/wordpress\/wp-json\/wp\/v2\/users\/1"}],"version-history":[{"count":9,"href":"https:\/\/tus.eschringen.de\/wordpress\/wp-json\/wp\/v2\/tribe_events\/4130\/revisions"}],"predecessor-version":[{"id":4344,"href":"https:\/\/tus.eschringen.de\/wordpress\/wp-json\/wp\/v2\/tribe_events\/4130\/revisions\/4344"}],"wp:attachment":[{"href":"https:\/\/tus.eschringen.de\/wordpress\/wp-json\/wp\/v2\/media?parent=4130"}],"wp:term":[{"taxonomy":"post_tag","embeddable":true,"href":"https:\/\/tus.eschringen.de\/wordpress\/wp-json\/wp\/v2\/tags?post=4130"},{"taxonomy":"tribe_events_cat","embeddable":true,"href":"https:\/\/tus.eschringen.de\/wordpress\/wp-json\/wp\/v2\/tribe_events_cat?post=4130"}],"curies":[{"name":"wp","href":"https:\/\/api.w.org\/{rel}","templated":true}]}}

TuS Eschringen &#8211; Viktoria Hühnerfeld

<p>Bezirksliga Saarbrücken</p>
<p>4. Spieltag – Saison 2023/24</p>
<p><strong>TuS Eschringen &#8211; Viktoria Hühnerfeld <span style="color: #ff0000;">3:1</span> (1:0)</strong></p>
<p>Torschützen:</p>
<p><strong><span style="color: #ff0000;">1:0</span> Pascal Lorsung (21. Min)</strong><br />
<strong><span style="color: #ff0000;">2:0</span> Brandon Heblich (49. Min) FE</strong><br />
<strong><span style="color: #ff0000;">3:0</span> Brandon Heblich (61. Min) FE</strong><br />
3:1 Justin Keidel (74. Min)</p>
<p>Spielbericht:</p>
<p><strong>Ein Kampf bis zur Schmerzgrenze</strong></p>
<p>Eschringen und Hühnerfeld agierten über 90 Minuten auf Augenhöhe. Sie lieferten sich einen Abnutzungskampf bis an die Grenze des Erlaubten. Viele Zweikämpfe ließen den Spielfluss stocken, sodass aus dem Spiel heraus nur wenige nennenswerte Torchancen entstanden und beide Teams sich eher neutralisierten. Torgefahr entstand in erster Linie nach Standardsituationen. Dem TuS gelang es, über drei dieser Standardsituationen zum Erfolg zu kommen, Hühnerfeld traf lediglich einmal, nach einem Einwurf. Eschringen fuhr am Ende einen hart erkämpften Sieg ein.</p>

<p>Bezirksliga Saarbrücken 4. Spieltag – Saison 2023/24 TuS Eschringen &#8211; Viktoria Hühnerfeld 3:1 (1:0) Torschützen: 1:0 Pascal Lorsung (21. Min) 2:0 Brandon Heblich (49. Min) FE 3:0 Brandon Heblich (61. Min) FE 3:1 Justin Keidel (74. Min) Spielbericht: Ein Kampf bis zur Schmerzgrenze Eschringen und Hühnerfeld agierten über 90 Minuten auf Augenhöhe. Sie lieferten sich einen &#8230; </p>
<p class="read-more-container"><a title="TuS Eschringen &#8211; Viktoria Hühnerfeld" class="read-more button" href="https://tus.eschringen.de/wordpress/event/tus-eschringen-viktoria-huehnerfeld/#more-4130" aria-label="Mehr Informationen über TuS Eschringen &#8211; Viktoria Hühnerfeld">alles lesen</a></p>

<!-- This site is optimized with the Yoast SEO plugin v27.5 - https://yoast.com/product/yoast-seo-wordpress/ -->
<title>TuS Eschringen - Viktoria Hühnerfeld - TuS Eschringen</title>
<meta name="robots" content="index, follow, max-snippet:-1, max-image-preview:large, max-video-preview:-1" />
<link rel="canonical" href="https://tus.eschringen.de/wordpress/event/tus-eschringen-viktoria-huehnerfeld/" />
<meta property="og:locale" content="de_DE" />
<meta property="og:type" content="article" />
<meta property="og:title" content="TuS Eschringen - Viktoria Hühnerfeld - TuS Eschringen" />
<meta property="og:description" content="Bezirksliga Saarbrücken 4. Spieltag – Saison 2023/24 TuS Eschringen &#8211; Viktoria Hühnerfeld 3:1 (1:0) Torschützen: 1:0 Pascal Lorsung (21. Min) 2:0 Brandon Heblich (49. Min) FE 3:0 Brandon Heblich (61. Min) FE 3:1 Justin Keidel (74. Min) Spielbericht: Ein Kampf bis zur Schmerzgrenze Eschringen und Hühnerfeld agierten über 90 Minuten auf Augenhöhe. Sie lieferten sich einen ... alles lesen" />
<meta property="og:url" content="https://tus.eschringen.de/wordpress/event/tus-eschringen-viktoria-huehnerfeld/" />
<meta property="og:site_name" content="TuS Eschringen" />
<meta property="article:publisher" content="https://www.facebook.com/TuS.Eschringen/" />
<meta property="article:modified_time" content="2023-08-28T09:41:48+00:00" />
<meta name="twitter:card" content="summary_large_image" />
<meta name="twitter:label1" content="Geschätzte Lesezeit" />
	<meta name="twitter:data1" content="1 Minute" />
<script type="application/ld+json" class="yoast-schema-graph">{"@context":"https:\/\/schema.org","@graph":[{"@type":"WebPage","@id":"https:\/\/tus.eschringen.de\/wordpress\/event\/tus-eschringen-viktoria-huehnerfeld\/","url":"https:\/\/tus.eschringen.de\/wordpress\/event\/tus-eschringen-viktoria-huehnerfeld\/","name":"TuS Eschringen - Viktoria Hühnerfeld - TuS Eschringen","isPartOf":{"@id":"https:\/\/tus.eschringen.de\/wordpress\/#website"},"datePublished":"2023-07-01T13:44:33+00:00","dateModified":"2023-08-28T09:41:48+00:00","breadcrumb":{"@id":"https:\/\/tus.eschringen.de\/wordpress\/event\/tus-eschringen-viktoria-huehnerfeld\/#breadcrumb"},"inLanguage":"de","potentialAction":[{"@type":"ReadAction","target":["https:\/\/tus.eschringen.de\/wordpress\/event\/tus-eschringen-viktoria-huehnerfeld\/"]}]},{"@type":"BreadcrumbList","@id":"https:\/\/tus.eschringen.de\/wordpress\/event\/tus-eschringen-viktoria-huehnerfeld\/#breadcrumb","itemListElement":[{"@type":"ListItem","position":1,"name":"Startseite","item":"https:\/\/tus.eschringen.de\/wordpress\/"},{"@type":"ListItem","position":2,"name":"Veranstaltungen","item":"https:\/\/tus.eschringen.de\/wordpress\/events\/"},{"@type":"ListItem","position":3,"name":"TuS Eschringen &#8211; Viktoria Hühnerfeld"}]},{"@type":"WebSite","@id":"https:\/\/tus.eschringen.de\/wordpress\/#website","url":"https:\/\/tus.eschringen.de\/wordpress\/","name":"TuS Eschringen","description":"","publisher":{"@id":"https:\/\/tus.eschringen.de\/wordpress\/#organization"},"potentialAction":[{"@type":"SearchAction","target":{"@type":"EntryPoint","urlTemplate":"https:\/\/tus.eschringen.de\/wordpress\/?s={search_term_string}"},"query-input":{"@type":"PropertyValueSpecification","valueRequired":true,"valueName":"search_term_string"}}],"inLanguage":"de"},{"@type":"Organization","@id":"https:\/\/tus.eschringen.de\/wordpress\/#organization","name":"TuS Eschringen","url":"https:\/\/tus.eschringen.de\/wordpress\/","logo":{"@type":"ImageObject","inLanguage":"de","@id":"https:\/\/tus.eschringen.de\/wordpress\/#\/schema\/logo\/image\/","url":"https:\/\/i0.wp.com\/tus.eschringen.de\/wordpress\/wp-content\/uploads\/2025\/07\/Web_kopf.jpg?fit=1260%2C240&ssl=1","contentUrl":"https:\/\/i0.wp.com\/tus.eschringen.de\/wordpress\/wp-content\/uploads\/2025\/07\/Web_kopf.jpg?fit=1260%2C240&ssl=1","width":1260,"height":240,"caption":"TuS Eschringen"},"image":{"@id":"https:\/\/tus.eschringen.de\/wordpress\/#\/schema\/logo\/image\/"},"sameAs":["https:\/\/www.facebook.com\/TuS.Eschringen\/","https:\/\/www.instagram.com\/tus.eschringen\/"]}]}</script>
<!-- / Yoast SEO plugin. -->

TuS Eschringen - Viktoria Hühnerfeld - TuS Eschringen

Bezirksliga Saarbrücken 4. Spieltag – Saison 2023/24 TuS Eschringen &#8211; Viktoria Hühnerfeld 3:1 (1:0) Torschützen: 1:0 Pascal Lorsung (21. Min) 2:0 Brandon Heblich (49. Min) FE 3:0 Brandon Heblich (61. Min) FE 3:1 Justin Keidel (74. Min) Spielbericht: Ein Kampf bis zur Schmerzgrenze Eschringen und Hühnerfeld agierten über 90 Minuten auf Augenhöhe. Sie lieferten sich einen ... alles lesen
