{"id":4128,"date":"2023-07-01T15:43:25","date_gmt":"2023-07-01T13:43:25","guid":{"rendered":"https:\/\/tus.eschringen.de\/wordpress\/?post_type=tribe_events&#038;p=4128"},"modified":"2023-08-22T07:57:26","modified_gmt":"2023-08-22T05:57:26","slug":"fv-fechingen-tus-eschringen-4","status":"publish","type":"tribe_events","link":"https:\/\/tus.eschringen.de\/wordpress\/event\/fv-fechingen-tus-eschringen-4\/","title":{"rendered":"FV Fechingen &#8211; TuS Eschringen"},"content":{"rendered":"<p>Bezirksliga Saarbr\u00fccken<\/p>\n<p>3. Spieltag \u2013 Saison 2023\/24<\/p>\n<p><strong>FV Fechingen &#8211; TuS Eschringen <span style=\"color: #ff0000;\">1:4<\/span>\u00a0(1:3)<\/strong><\/p>\n<p>Torsch\u00fctzen:<\/p>\n<p>1:0 Marcel Ludt (7. Min)<br \/>\n<strong><span style=\"color: #ff0000;\">1:1<\/span> Brandon Heblich (11. Min) FE<\/strong><br \/>\n<strong><span style=\"color: #ff0000;\">1:2<\/span> Brandon Heblich (26. Min)<\/strong><br \/>\n<strong><span style=\"color: #ff0000;\">1:3<\/span> Brandon Heblich (42. Min)<\/strong><br \/>\n<strong><span style=\"color: #ff0000;\">1:4<\/span> Carsten Breit (68.Min)<\/strong><\/p>\n<p>Spielbericht:<\/p>\n<p><strong>3 Punkte im ersten Derby<\/strong><\/p>\n<p>Seit einigen Jahren gab es in Fechingen nur Niederlagen. Heute wurde diese Serie eindrucksvoll beendet.<\/p>\n<p>Bei gro\u00dfer Hitze und in der Mehrzahl TuS-Fans wurde gezeigt, zu was die Mannschaft im Stande ist.<\/p>\n<p>Trotz eines schnellen R\u00fcckstandes, der zuerst einmal an die letzten Jahre erinnerte, kam man schnell ins Spiel zur\u00fcck. Unser neuer St\u00fcrmer Brandon Heblich verwandelte einen Elfmeter zum 1:1, danach machte er zwei weitere Tore, wobei das 3:1 wirklich sehenswert war.<\/p>\n<p>In der zweiten Halbzeit hielt man Fechingen weitestgehend vom Tor fern. Der eingewechselte Carsten Breit machte das 4:1, nun war es gelaufen. H\u00e4tte unsere Offensive vorm gegnerischen Tor nicht so eigensinnig agiert w\u00e4ren noch weitere Tore gefallen. Denn Brandon, Carsten, Ahmad und Saidashraf hatten hundertprozentige Chancen auf dem Fu\u00df.<\/p>\n<p>Alles in allem ein gelungener Auftritt, der sicher dem Team, aber auch den mitgereisten Fans, gut getan hat. Das macht wieder Spa\u00df.<\/p>\n","protected":false},"excerpt":{"rendered":"<p>Bezirksliga Saarbr\u00fccken 3. Spieltag \u2013 Saison 2023\/24 FV Fechingen &#8211; TuS Eschringen 1:4\u00a0(1:3) Torsch\u00fctzen: 1:0 Marcel Ludt (7. Min) 1:1 Brandon Heblich (11. Min) FE 1:2 Brandon Heblich (26. Min) 1:3 Brandon Heblich (42. Min) 1:4 Carsten Breit (68.Min) Spielbericht: 3 Punkte im ersten Derby Seit einigen Jahren gab es in Fechingen nur Niederlagen. Heute &#8230; <\/p>\n<p class=\"read-more-container\"><a title=\"FV Fechingen &#8211; TuS Eschringen\" class=\"read-more button\" href=\"https:\/\/tus.eschringen.de\/wordpress\/event\/fv-fechingen-tus-eschringen-4\/#more-4128\" aria-label=\"Mehr Informationen \u00fcber FV Fechingen &#8211; TuS Eschringen\">alles lesen<\/a><\/p>\n","protected":false},"author":1,"featured_media":0,"template":"","meta":{"generate_page_header":"","_tribe_events_status":"","_tribe_events_status_reason":"","footnotes":""},"tags":[],"tribe_events_cat":[8],"class_list":["post-4128","tribe_events","type-tribe_events","status-publish","hentry","tribe_events_cat-bezirksliga-saarbruecken","cat_bezirksliga-saarbruecken"],"yoast_head":"<!-- This site is optimized with the Yoast SEO plugin v27.5 - https:\/\/yoast.com\/product\/yoast-seo-wordpress\/ -->\n<title>FV Fechingen - TuS Eschringen - TuS Eschringen<\/title>\n<meta name=\"robots\" content=\"index, follow, max-snippet:-1, max-image-preview:large, max-video-preview:-1\" \/>\n<link rel=\"canonical\" href=\"https:\/\/tus.eschringen.de\/wordpress\/event\/fv-fechingen-tus-eschringen-4\/\" \/>\n<meta property=\"og:locale\" content=\"de_DE\" \/>\n<meta property=\"og:type\" content=\"article\" \/>\n<meta property=\"og:title\" content=\"FV Fechingen - TuS Eschringen - TuS Eschringen\" \/>\n<meta property=\"og:description\" content=\"Bezirksliga Saarbr\u00fccken 3. Spieltag \u2013 Saison 2023\/24 FV Fechingen &#8211; TuS Eschringen 1:4\u00a0(1:3) Torsch\u00fctzen: 1:0 Marcel Ludt (7. Min) 1:1 Brandon Heblich (11. Min) FE 1:2 Brandon Heblich (26. Min) 1:3 Brandon Heblich (42. Min) 1:4 Carsten Breit (68.Min) Spielbericht: 3 Punkte im ersten Derby Seit einigen Jahren gab es in Fechingen nur Niederlagen. Heute ... alles lesen\" \/>\n<meta property=\"og:url\" content=\"https:\/\/tus.eschringen.de\/wordpress\/event\/fv-fechingen-tus-eschringen-4\/\" \/>\n<meta property=\"og:site_name\" content=\"TuS Eschringen\" \/>\n<meta property=\"article:publisher\" content=\"https:\/\/www.facebook.com\/TuS.Eschringen\/\" \/>\n<meta property=\"article:modified_time\" content=\"2023-08-22T05:57:26+00:00\" \/>\n<meta name=\"twitter:card\" content=\"summary_large_image\" \/>\n<meta name=\"twitter:label1\" content=\"Gesch\u00e4tzte Lesezeit\" \/>\n\t<meta name=\"twitter:data1\" content=\"2\u00a0Minuten\" \/>\n<script type=\"application\/ld+json\" class=\"yoast-schema-graph\">{\"@context\":\"https:\\\/\\\/schema.org\",\"@graph\":[{\"@type\":\"WebPage\",\"@id\":\"https:\\\/\\\/tus.eschringen.de\\\/wordpress\\\/event\\\/fv-fechingen-tus-eschringen-4\\\/\",\"url\":\"https:\\\/\\\/tus.eschringen.de\\\/wordpress\\\/event\\\/fv-fechingen-tus-eschringen-4\\\/\",\"name\":\"FV Fechingen - TuS Eschringen - TuS Eschringen\",\"isPartOf\":{\"@id\":\"https:\\\/\\\/tus.eschringen.de\\\/wordpress\\\/#website\"},\"datePublished\":\"2023-07-01T13:43:25+00:00\",\"dateModified\":\"2023-08-22T05:57:26+00:00\",\"breadcrumb\":{\"@id\":\"https:\\\/\\\/tus.eschringen.de\\\/wordpress\\\/event\\\/fv-fechingen-tus-eschringen-4\\\/#breadcrumb\"},\"inLanguage\":\"de\",\"potentialAction\":[{\"@type\":\"ReadAction\",\"target\":[\"https:\\\/\\\/tus.eschringen.de\\\/wordpress\\\/event\\\/fv-fechingen-tus-eschringen-4\\\/\"]}]},{\"@type\":\"BreadcrumbList\",\"@id\":\"https:\\\/\\\/tus.eschringen.de\\\/wordpress\\\/event\\\/fv-fechingen-tus-eschringen-4\\\/#breadcrumb\",\"itemListElement\":[{\"@type\":\"ListItem\",\"position\":1,\"name\":\"Startseite\",\"item\":\"https:\\\/\\\/tus.eschringen.de\\\/wordpress\\\/\"},{\"@type\":\"ListItem\",\"position\":2,\"name\":\"Veranstaltungen\",\"item\":\"https:\\\/\\\/tus.eschringen.de\\\/wordpress\\\/events\\\/\"},{\"@type\":\"ListItem\",\"position\":3,\"name\":\"FV Fechingen &#8211; TuS Eschringen\"}]},{\"@type\":\"WebSite\",\"@id\":\"https:\\\/\\\/tus.eschringen.de\\\/wordpress\\\/#website\",\"url\":\"https:\\\/\\\/tus.eschringen.de\\\/wordpress\\\/\",\"name\":\"TuS Eschringen\",\"description\":\"\",\"publisher\":{\"@id\":\"https:\\\/\\\/tus.eschringen.de\\\/wordpress\\\/#organization\"},\"potentialAction\":[{\"@type\":\"SearchAction\",\"target\":{\"@type\":\"EntryPoint\",\"urlTemplate\":\"https:\\\/\\\/tus.eschringen.de\\\/wordpress\\\/?s={search_term_string}\"},\"query-input\":{\"@type\":\"PropertyValueSpecification\",\"valueRequired\":true,\"valueName\":\"search_term_string\"}}],\"inLanguage\":\"de\"},{\"@type\":\"Organization\",\"@id\":\"https:\\\/\\\/tus.eschringen.de\\\/wordpress\\\/#organization\",\"name\":\"TuS Eschringen\",\"url\":\"https:\\\/\\\/tus.eschringen.de\\\/wordpress\\\/\",\"logo\":{\"@type\":\"ImageObject\",\"inLanguage\":\"de\",\"@id\":\"https:\\\/\\\/tus.eschringen.de\\\/wordpress\\\/#\\\/schema\\\/logo\\\/image\\\/\",\"url\":\"https:\\\/\\\/i0.wp.com\\\/tus.eschringen.de\\\/wordpress\\\/wp-content\\\/uploads\\\/2025\\\/07\\\/Web_kopf.jpg?fit=1260%2C240&ssl=1\",\"contentUrl\":\"https:\\\/\\\/i0.wp.com\\\/tus.eschringen.de\\\/wordpress\\\/wp-content\\\/uploads\\\/2025\\\/07\\\/Web_kopf.jpg?fit=1260%2C240&ssl=1\",\"width\":1260,\"height\":240,\"caption\":\"TuS Eschringen\"},\"image\":{\"@id\":\"https:\\\/\\\/tus.eschringen.de\\\/wordpress\\\/#\\\/schema\\\/logo\\\/image\\\/\"},\"sameAs\":[\"https:\\\/\\\/www.facebook.com\\\/TuS.Eschringen\\\/\",\"https:\\\/\\\/www.instagram.com\\\/tus.eschringen\\\/\"]}]}<\/script>\n<!-- \/ Yoast SEO plugin. -->","yoast_head_json":{"title":"FV Fechingen - TuS Eschringen - TuS Eschringen","robots":{"index":"index","follow":"follow","max-snippet":"max-snippet:-1","max-image-preview":"max-image-preview:large","max-video-preview":"max-video-preview:-1"},"canonical":"https:\/\/tus.eschringen.de\/wordpress\/event\/fv-fechingen-tus-eschringen-4\/","og_locale":"de_DE","og_type":"article","og_title":"FV Fechingen - TuS Eschringen - TuS Eschringen","og_description":"Bezirksliga Saarbr\u00fccken 3. Spieltag \u2013 Saison 2023\/24 FV Fechingen &#8211; TuS Eschringen 1:4\u00a0(1:3) Torsch\u00fctzen: 1:0 Marcel Ludt (7. Min) 1:1 Brandon Heblich (11. Min) FE 1:2 Brandon Heblich (26. Min) 1:3 Brandon Heblich (42. Min) 1:4 Carsten Breit (68.Min) Spielbericht: 3 Punkte im ersten Derby Seit einigen Jahren gab es in Fechingen nur Niederlagen. Heute ... alles lesen","og_url":"https:\/\/tus.eschringen.de\/wordpress\/event\/fv-fechingen-tus-eschringen-4\/","og_site_name":"TuS Eschringen","article_publisher":"https:\/\/www.facebook.com\/TuS.Eschringen\/","article_modified_time":"2023-08-22T05:57:26+00:00","twitter_card":"summary_large_image","twitter_misc":{"Gesch\u00e4tzte Lesezeit":"2\u00a0Minuten"},"schema":{"@context":"https:\/\/schema.org","@graph":[{"@type":"WebPage","@id":"https:\/\/tus.eschringen.de\/wordpress\/event\/fv-fechingen-tus-eschringen-4\/","url":"https:\/\/tus.eschringen.de\/wordpress\/event\/fv-fechingen-tus-eschringen-4\/","name":"FV Fechingen - TuS Eschringen - TuS Eschringen","isPartOf":{"@id":"https:\/\/tus.eschringen.de\/wordpress\/#website"},"datePublished":"2023-07-01T13:43:25+00:00","dateModified":"2023-08-22T05:57:26+00:00","breadcrumb":{"@id":"https:\/\/tus.eschringen.de\/wordpress\/event\/fv-fechingen-tus-eschringen-4\/#breadcrumb"},"inLanguage":"de","potentialAction":[{"@type":"ReadAction","target":["https:\/\/tus.eschringen.de\/wordpress\/event\/fv-fechingen-tus-eschringen-4\/"]}]},{"@type":"BreadcrumbList","@id":"https:\/\/tus.eschringen.de\/wordpress\/event\/fv-fechingen-tus-eschringen-4\/#breadcrumb","itemListElement":[{"@type":"ListItem","position":1,"name":"Startseite","item":"https:\/\/tus.eschringen.de\/wordpress\/"},{"@type":"ListItem","position":2,"name":"Veranstaltungen","item":"https:\/\/tus.eschringen.de\/wordpress\/events\/"},{"@type":"ListItem","position":3,"name":"FV Fechingen &#8211; TuS Eschringen"}]},{"@type":"WebSite","@id":"https:\/\/tus.eschringen.de\/wordpress\/#website","url":"https:\/\/tus.eschringen.de\/wordpress\/","name":"TuS Eschringen","description":"","publisher":{"@id":"https:\/\/tus.eschringen.de\/wordpress\/#organization"},"potentialAction":[{"@type":"SearchAction","target":{"@type":"EntryPoint","urlTemplate":"https:\/\/tus.eschringen.de\/wordpress\/?s={search_term_string}"},"query-input":{"@type":"PropertyValueSpecification","valueRequired":true,"valueName":"search_term_string"}}],"inLanguage":"de"},{"@type":"Organization","@id":"https:\/\/tus.eschringen.de\/wordpress\/#organization","name":"TuS Eschringen","url":"https:\/\/tus.eschringen.de\/wordpress\/","logo":{"@type":"ImageObject","inLanguage":"de","@id":"https:\/\/tus.eschringen.de\/wordpress\/#\/schema\/logo\/image\/","url":"https:\/\/i0.wp.com\/tus.eschringen.de\/wordpress\/wp-content\/uploads\/2025\/07\/Web_kopf.jpg?fit=1260%2C240&ssl=1","contentUrl":"https:\/\/i0.wp.com\/tus.eschringen.de\/wordpress\/wp-content\/uploads\/2025\/07\/Web_kopf.jpg?fit=1260%2C240&ssl=1","width":1260,"height":240,"caption":"TuS Eschringen"},"image":{"@id":"https:\/\/tus.eschringen.de\/wordpress\/#\/schema\/logo\/image\/"},"sameAs":["https:\/\/www.facebook.com\/TuS.Eschringen\/","https:\/\/www.instagram.com\/tus.eschringen\/"]}]}},"jetpack_sharing_enabled":true,"_links":{"self":[{"href":"https:\/\/tus.eschringen.de\/wordpress\/wp-json\/wp\/v2\/tribe_events\/4128","targetHints":{"allow":["GET"]}}],"collection":[{"href":"https:\/\/tus.eschringen.de\/wordpress\/wp-json\/wp\/v2\/tribe_events"}],"about":[{"href":"https:\/\/tus.eschringen.de\/wordpress\/wp-json\/wp\/v2\/types\/tribe_events"}],"author":[{"embeddable":true,"href":"https:\/\/tus.eschringen.de\/wordpress\/wp-json\/wp\/v2\/users\/1"}],"version-history":[{"count":12,"href":"https:\/\/tus.eschringen.de\/wordpress\/wp-json\/wp\/v2\/tribe_events\/4128\/revisions"}],"predecessor-version":[{"id":4314,"href":"https:\/\/tus.eschringen.de\/wordpress\/wp-json\/wp\/v2\/tribe_events\/4128\/revisions\/4314"}],"wp:attachment":[{"href":"https:\/\/tus.eschringen.de\/wordpress\/wp-json\/wp\/v2\/media?parent=4128"}],"wp:term":[{"taxonomy":"post_tag","embeddable":true,"href":"https:\/\/tus.eschringen.de\/wordpress\/wp-json\/wp\/v2\/tags?post=4128"},{"taxonomy":"tribe_events_cat","embeddable":true,"href":"https:\/\/tus.eschringen.de\/wordpress\/wp-json\/wp\/v2\/tribe_events_cat?post=4128"}],"curies":[{"name":"wp","href":"https:\/\/api.w.org\/{rel}","templated":true}]}}

<p>Bezirksliga Saarbrücken</p>
<p>3. Spieltag – Saison 2023/24</p>
<p><strong>FV Fechingen &#8211; TuS Eschringen <span style="color: #ff0000;">1:4</span> (1:3)</strong></p>
<p>Torschützen:</p>
<p>1:0 Marcel Ludt (7. Min)<br />
<strong><span style="color: #ff0000;">1:1</span> Brandon Heblich (11. Min) FE</strong><br />
<strong><span style="color: #ff0000;">1:2</span> Brandon Heblich (26. Min)</strong><br />
<strong><span style="color: #ff0000;">1:3</span> Brandon Heblich (42. Min)</strong><br />
<strong><span style="color: #ff0000;">1:4</span> Carsten Breit (68.Min)</strong></p>
<p>Spielbericht:</p>
<p><strong>3 Punkte im ersten Derby</strong></p>
<p>Seit einigen Jahren gab es in Fechingen nur Niederlagen. Heute wurde diese Serie eindrucksvoll beendet.</p>
<p>Bei großer Hitze und in der Mehrzahl TuS-Fans wurde gezeigt, zu was die Mannschaft im Stande ist.</p>
<p>Trotz eines schnellen Rückstandes, der zuerst einmal an die letzten Jahre erinnerte, kam man schnell ins Spiel zurück. Unser neuer Stürmer Brandon Heblich verwandelte einen Elfmeter zum 1:1, danach machte er zwei weitere Tore, wobei das 3:1 wirklich sehenswert war.</p>
<p>In der zweiten Halbzeit hielt man Fechingen weitestgehend vom Tor fern. Der eingewechselte Carsten Breit machte das 4:1, nun war es gelaufen. Hätte unsere Offensive vorm gegnerischen Tor nicht so eigensinnig agiert wären noch weitere Tore gefallen. Denn Brandon, Carsten, Ahmad und Saidashraf hatten hundertprozentige Chancen auf dem Fuß.</p>
<p>Alles in allem ein gelungener Auftritt, der sicher dem Team, aber auch den mitgereisten Fans, gut getan hat. Das macht wieder Spaß.</p>

<p>Bezirksliga Saarbrücken 3. Spieltag – Saison 2023/24 FV Fechingen &#8211; TuS Eschringen 1:4 (1:3) Torschützen: 1:0 Marcel Ludt (7. Min) 1:1 Brandon Heblich (11. Min) FE 1:2 Brandon Heblich (26. Min) 1:3 Brandon Heblich (42. Min) 1:4 Carsten Breit (68.Min) Spielbericht: 3 Punkte im ersten Derby Seit einigen Jahren gab es in Fechingen nur Niederlagen. Heute &#8230; </p>
<p class="read-more-container"><a title="FV Fechingen &#8211; TuS Eschringen" class="read-more button" href="https://tus.eschringen.de/wordpress/event/fv-fechingen-tus-eschringen-4/#more-4128" aria-label="Mehr Informationen über FV Fechingen &#8211; TuS Eschringen">alles lesen</a></p>

<!-- This site is optimized with the Yoast SEO plugin v27.5 - https://yoast.com/product/yoast-seo-wordpress/ -->
<title>FV Fechingen - TuS Eschringen - TuS Eschringen</title>
<meta name="robots" content="index, follow, max-snippet:-1, max-image-preview:large, max-video-preview:-1" />
<link rel="canonical" href="https://tus.eschringen.de/wordpress/event/fv-fechingen-tus-eschringen-4/" />
<meta property="og:locale" content="de_DE" />
<meta property="og:type" content="article" />
<meta property="og:title" content="FV Fechingen - TuS Eschringen - TuS Eschringen" />
<meta property="og:description" content="Bezirksliga Saarbrücken 3. Spieltag – Saison 2023/24 FV Fechingen &#8211; TuS Eschringen 1:4 (1:3) Torschützen: 1:0 Marcel Ludt (7. Min) 1:1 Brandon Heblich (11. Min) FE 1:2 Brandon Heblich (26. Min) 1:3 Brandon Heblich (42. Min) 1:4 Carsten Breit (68.Min) Spielbericht: 3 Punkte im ersten Derby Seit einigen Jahren gab es in Fechingen nur Niederlagen. Heute ... alles lesen" />
<meta property="og:url" content="https://tus.eschringen.de/wordpress/event/fv-fechingen-tus-eschringen-4/" />
<meta property="og:site_name" content="TuS Eschringen" />
<meta property="article:publisher" content="https://www.facebook.com/TuS.Eschringen/" />
<meta property="article:modified_time" content="2023-08-22T05:57:26+00:00" />
<meta name="twitter:card" content="summary_large_image" />
<meta name="twitter:label1" content="Geschätzte Lesezeit" />
	<meta name="twitter:data1" content="2 Minuten" />
<script type="application/ld+json" class="yoast-schema-graph">{"@context":"https:\/\/schema.org","@graph":[{"@type":"WebPage","@id":"https:\/\/tus.eschringen.de\/wordpress\/event\/fv-fechingen-tus-eschringen-4\/","url":"https:\/\/tus.eschringen.de\/wordpress\/event\/fv-fechingen-tus-eschringen-4\/","name":"FV Fechingen - TuS Eschringen - TuS Eschringen","isPartOf":{"@id":"https:\/\/tus.eschringen.de\/wordpress\/#website"},"datePublished":"2023-07-01T13:43:25+00:00","dateModified":"2023-08-22T05:57:26+00:00","breadcrumb":{"@id":"https:\/\/tus.eschringen.de\/wordpress\/event\/fv-fechingen-tus-eschringen-4\/#breadcrumb"},"inLanguage":"de","potentialAction":[{"@type":"ReadAction","target":["https:\/\/tus.eschringen.de\/wordpress\/event\/fv-fechingen-tus-eschringen-4\/"]}]},{"@type":"BreadcrumbList","@id":"https:\/\/tus.eschringen.de\/wordpress\/event\/fv-fechingen-tus-eschringen-4\/#breadcrumb","itemListElement":[{"@type":"ListItem","position":1,"name":"Startseite","item":"https:\/\/tus.eschringen.de\/wordpress\/"},{"@type":"ListItem","position":2,"name":"Veranstaltungen","item":"https:\/\/tus.eschringen.de\/wordpress\/events\/"},{"@type":"ListItem","position":3,"name":"FV Fechingen &#8211; TuS Eschringen"}]},{"@type":"WebSite","@id":"https:\/\/tus.eschringen.de\/wordpress\/#website","url":"https:\/\/tus.eschringen.de\/wordpress\/","name":"TuS Eschringen","description":"","publisher":{"@id":"https:\/\/tus.eschringen.de\/wordpress\/#organization"},"potentialAction":[{"@type":"SearchAction","target":{"@type":"EntryPoint","urlTemplate":"https:\/\/tus.eschringen.de\/wordpress\/?s={search_term_string}"},"query-input":{"@type":"PropertyValueSpecification","valueRequired":true,"valueName":"search_term_string"}}],"inLanguage":"de"},{"@type":"Organization","@id":"https:\/\/tus.eschringen.de\/wordpress\/#organization","name":"TuS Eschringen","url":"https:\/\/tus.eschringen.de\/wordpress\/","logo":{"@type":"ImageObject","inLanguage":"de","@id":"https:\/\/tus.eschringen.de\/wordpress\/#\/schema\/logo\/image\/","url":"https:\/\/i0.wp.com\/tus.eschringen.de\/wordpress\/wp-content\/uploads\/2025\/07\/Web_kopf.jpg?fit=1260%2C240&ssl=1","contentUrl":"https:\/\/i0.wp.com\/tus.eschringen.de\/wordpress\/wp-content\/uploads\/2025\/07\/Web_kopf.jpg?fit=1260%2C240&ssl=1","width":1260,"height":240,"caption":"TuS Eschringen"},"image":{"@id":"https:\/\/tus.eschringen.de\/wordpress\/#\/schema\/logo\/image\/"},"sameAs":["https:\/\/www.facebook.com\/TuS.Eschringen\/","https:\/\/www.instagram.com\/tus.eschringen\/"]}]}</script>
<!-- / Yoast SEO plugin. -->

Bezirksliga Saarbrücken 3. Spieltag – Saison 2023/24 FV Fechingen &#8211; TuS Eschringen 1:4 (1:3) Torschützen: 1:0 Marcel Ludt (7. Min) 1:1 Brandon Heblich (11. Min) FE 1:2 Brandon Heblich (26. Min) 1:3 Brandon Heblich (42. Min) 1:4 Carsten Breit (68.Min) Spielbericht: 3 Punkte im ersten Derby Seit einigen Jahren gab es in Fechingen nur Niederlagen. Heute ... alles lesen
