{"id":4126,"date":"2023-07-01T15:42:05","date_gmt":"2023-07-01T13:42:05","guid":{"rendered":"https:\/\/tus.eschringen.de\/wordpress\/?post_type=tribe_events&#038;p=4126"},"modified":"2023-08-22T07:56:13","modified_gmt":"2023-08-22T05:56:13","slug":"tus-eschringen-sv-scheidt-3","status":"publish","type":"tribe_events","link":"https:\/\/tus.eschringen.de\/wordpress\/event\/tus-eschringen-sv-scheidt-3\/","title":{"rendered":"TuS Eschringen &#8211; SV Scheidt"},"content":{"rendered":"<p>Bezirksliga Saarbr\u00fccken<\/p>\n<p>2. Spieltag \u2013 Saison 2023\/24<\/p>\n<p><strong>TuS Eschringen &#8211; SV Scheidt <span style=\"color: #ff0000;\">4:3 <\/span>(1:2)<\/strong><\/p>\n<p>Totsch\u00fctzen:<\/p>\n<p><strong><span style=\"color: #ff0000;\">1:0<\/span> Brandon Heblich (12. Min)<\/strong><br \/>\n1:1 Andreas Hensel (25. Min) FE<br \/>\n1:2 Mirko Fuchs (31. Min)<br \/>\n<strong><span style=\"color: #ff0000;\">2:2<\/span> Philipp Wilhelm (46. Min)<\/strong><br \/>\n<strong><span style=\"color: #ff0000;\">3:2<\/span> Brandon Heblich (51. Min)<\/strong><br \/>\n<strong><span style=\"color: #ff0000;\">4:2<\/span> Brandon Heblich (59. Min) FE<\/strong><br \/>\n4:3 Moritz M\u00fcller (85. Min)<\/p>\n<p>Spielbericht:<\/p>\n<p><strong>Spannend bis zum Abpfiff<\/strong><\/p>\n<p>Manches ist geblieben. Es fallen weiterhin viele Tore in Eschringen und bei 4 eigenen Toren hat man noch lange nicht gewonnen.<\/p>\n<p>Aber zum Anfang: Der TuS startete gut und ging bereits in der 9. Minute durch unseren neuen St\u00fcrmer Brandon Heblich 1:0 in F\u00fchrung. Danach h\u00e4tte man ausbauen k\u00f6nnen, denn Chancen gab es einige. Aber \u2026 wir sind in Eschringen und hier ist alles anders. Ein Elfmeter f\u00fcr Scheidt sorgte f\u00fcr den Ausgleich in der 26. Minute und sieben Minuten sp\u00e4ter f\u00fchrte Scheidt sogar 2:1, so ging es in die Pause.<\/p>\n<p>Zu Beginn der zweiten H\u00e4lfte wollte es der TuS nochmal wissen. Einem schnellen 2:2 durch Philipp Wilhelm folgte das 3:2 wiederum von Brandon Heblich. Dieser verwandelte danach einen Foulelfmeter zum 4:2.<\/p>\n<p>In den restlichen 30 Minuten ging es lange hin und her, bevor Scheidt in der 86. Minute den Anschlusstreffer schaffte. Zum Zittern, ob es wenigstens dieses Mal reichen w\u00fcrde kam noch eine Zeitstrafe f\u00fcr uns, so dass das Spiel mit zehn Eschringern zu Ende gespielt werden musste. Mit dem Schlusspfiff parierte unser Torwart den letzten Schuss von Scheidt und rettete uns den gelungenen Saisonstart.<\/p>\n<p>Fazit: Es ist noch Luft nach oben, denn die v\u00f6llig neu zusammengestellte Mannschaft wird sich mehr und mehr einspielen. Chancen hatte man einige, unser Sturm ist gef\u00e4hrlich und unser Torh\u00fcter ist mehr und mehr ein R\u00fcckhalt. 3 wichtige Punkte, die uns niemand mehr wegnimmt.<\/p>\n<p>Jetzt k\u00f6nnen wir mit Freude dem Derby in Fechingen entgegen fiebern.<\/p>\n","protected":false},"excerpt":{"rendered":"<p>Bezirksliga Saarbr\u00fccken 2. Spieltag \u2013 Saison 2023\/24 TuS Eschringen &#8211; SV Scheidt 4:3 (1:2) Totsch\u00fctzen: 1:0 Brandon Heblich (12. Min) 1:1 Andreas Hensel (25. Min) FE 1:2 Mirko Fuchs (31. Min) 2:2 Philipp Wilhelm (46. Min) 3:2 Brandon Heblich (51. Min) 4:2 Brandon Heblich (59. Min) FE 4:3 Moritz M\u00fcller (85. Min) Spielbericht: Spannend bis &#8230; <\/p>\n<p class=\"read-more-container\"><a title=\"TuS Eschringen &#8211; SV Scheidt\" class=\"read-more button\" href=\"https:\/\/tus.eschringen.de\/wordpress\/event\/tus-eschringen-sv-scheidt-3\/#more-4126\" aria-label=\"Mehr Informationen \u00fcber TuS Eschringen &#8211; SV Scheidt\">alles lesen<\/a><\/p>\n","protected":false},"author":1,"featured_media":0,"template":"","meta":{"generate_page_header":"","_tribe_events_status":"","_tribe_events_status_reason":"","footnotes":""},"tags":[],"tribe_events_cat":[8],"class_list":["post-4126","tribe_events","type-tribe_events","status-publish","hentry","tribe_events_cat-bezirksliga-saarbruecken","cat_bezirksliga-saarbruecken"],"yoast_head":"<!-- This site is optimized with the Yoast SEO plugin v27.5 - https:\/\/yoast.com\/product\/yoast-seo-wordpress\/ -->\n<title>TuS Eschringen - SV Scheidt - TuS Eschringen<\/title>\n<meta name=\"robots\" content=\"index, follow, max-snippet:-1, max-image-preview:large, max-video-preview:-1\" \/>\n<link rel=\"canonical\" href=\"https:\/\/tus.eschringen.de\/wordpress\/event\/tus-eschringen-sv-scheidt-3\/\" \/>\n<meta property=\"og:locale\" content=\"de_DE\" \/>\n<meta property=\"og:type\" content=\"article\" \/>\n<meta property=\"og:title\" content=\"TuS Eschringen - SV Scheidt - TuS Eschringen\" \/>\n<meta property=\"og:description\" content=\"Bezirksliga Saarbr\u00fccken 2. Spieltag \u2013 Saison 2023\/24 TuS Eschringen &#8211; SV Scheidt 4:3 (1:2) Totsch\u00fctzen: 1:0 Brandon Heblich (12. Min) 1:1 Andreas Hensel (25. Min) FE 1:2 Mirko Fuchs (31. Min) 2:2 Philipp Wilhelm (46. Min) 3:2 Brandon Heblich (51. Min) 4:2 Brandon Heblich (59. Min) FE 4:3 Moritz M\u00fcller (85. Min) Spielbericht: Spannend bis ... alles lesen\" \/>\n<meta property=\"og:url\" content=\"https:\/\/tus.eschringen.de\/wordpress\/event\/tus-eschringen-sv-scheidt-3\/\" \/>\n<meta property=\"og:site_name\" content=\"TuS Eschringen\" \/>\n<meta property=\"article:publisher\" content=\"https:\/\/www.facebook.com\/TuS.Eschringen\/\" \/>\n<meta property=\"article:modified_time\" content=\"2023-08-22T05:56:13+00:00\" \/>\n<meta name=\"twitter:card\" content=\"summary_large_image\" \/>\n<meta name=\"twitter:label1\" content=\"Gesch\u00e4tzte Lesezeit\" \/>\n\t<meta name=\"twitter:data1\" content=\"2\u00a0Minuten\" \/>\n<script type=\"application\/ld+json\" class=\"yoast-schema-graph\">{\"@context\":\"https:\\\/\\\/schema.org\",\"@graph\":[{\"@type\":\"WebPage\",\"@id\":\"https:\\\/\\\/tus.eschringen.de\\\/wordpress\\\/event\\\/tus-eschringen-sv-scheidt-3\\\/\",\"url\":\"https:\\\/\\\/tus.eschringen.de\\\/wordpress\\\/event\\\/tus-eschringen-sv-scheidt-3\\\/\",\"name\":\"TuS Eschringen - SV Scheidt - TuS Eschringen\",\"isPartOf\":{\"@id\":\"https:\\\/\\\/tus.eschringen.de\\\/wordpress\\\/#website\"},\"datePublished\":\"2023-07-01T13:42:05+00:00\",\"dateModified\":\"2023-08-22T05:56:13+00:00\",\"breadcrumb\":{\"@id\":\"https:\\\/\\\/tus.eschringen.de\\\/wordpress\\\/event\\\/tus-eschringen-sv-scheidt-3\\\/#breadcrumb\"},\"inLanguage\":\"de\",\"potentialAction\":[{\"@type\":\"ReadAction\",\"target\":[\"https:\\\/\\\/tus.eschringen.de\\\/wordpress\\\/event\\\/tus-eschringen-sv-scheidt-3\\\/\"]}]},{\"@type\":\"BreadcrumbList\",\"@id\":\"https:\\\/\\\/tus.eschringen.de\\\/wordpress\\\/event\\\/tus-eschringen-sv-scheidt-3\\\/#breadcrumb\",\"itemListElement\":[{\"@type\":\"ListItem\",\"position\":1,\"name\":\"Startseite\",\"item\":\"https:\\\/\\\/tus.eschringen.de\\\/wordpress\\\/\"},{\"@type\":\"ListItem\",\"position\":2,\"name\":\"Veranstaltungen\",\"item\":\"https:\\\/\\\/tus.eschringen.de\\\/wordpress\\\/events\\\/\"},{\"@type\":\"ListItem\",\"position\":3,\"name\":\"TuS Eschringen &#8211; SV Scheidt\"}]},{\"@type\":\"WebSite\",\"@id\":\"https:\\\/\\\/tus.eschringen.de\\\/wordpress\\\/#website\",\"url\":\"https:\\\/\\\/tus.eschringen.de\\\/wordpress\\\/\",\"name\":\"TuS Eschringen\",\"description\":\"\",\"publisher\":{\"@id\":\"https:\\\/\\\/tus.eschringen.de\\\/wordpress\\\/#organization\"},\"potentialAction\":[{\"@type\":\"SearchAction\",\"target\":{\"@type\":\"EntryPoint\",\"urlTemplate\":\"https:\\\/\\\/tus.eschringen.de\\\/wordpress\\\/?s={search_term_string}\"},\"query-input\":{\"@type\":\"PropertyValueSpecification\",\"valueRequired\":true,\"valueName\":\"search_term_string\"}}],\"inLanguage\":\"de\"},{\"@type\":\"Organization\",\"@id\":\"https:\\\/\\\/tus.eschringen.de\\\/wordpress\\\/#organization\",\"name\":\"TuS Eschringen\",\"url\":\"https:\\\/\\\/tus.eschringen.de\\\/wordpress\\\/\",\"logo\":{\"@type\":\"ImageObject\",\"inLanguage\":\"de\",\"@id\":\"https:\\\/\\\/tus.eschringen.de\\\/wordpress\\\/#\\\/schema\\\/logo\\\/image\\\/\",\"url\":\"https:\\\/\\\/i0.wp.com\\\/tus.eschringen.de\\\/wordpress\\\/wp-content\\\/uploads\\\/2025\\\/07\\\/Web_kopf.jpg?fit=1260%2C240&ssl=1\",\"contentUrl\":\"https:\\\/\\\/i0.wp.com\\\/tus.eschringen.de\\\/wordpress\\\/wp-content\\\/uploads\\\/2025\\\/07\\\/Web_kopf.jpg?fit=1260%2C240&ssl=1\",\"width\":1260,\"height\":240,\"caption\":\"TuS Eschringen\"},\"image\":{\"@id\":\"https:\\\/\\\/tus.eschringen.de\\\/wordpress\\\/#\\\/schema\\\/logo\\\/image\\\/\"},\"sameAs\":[\"https:\\\/\\\/www.facebook.com\\\/TuS.Eschringen\\\/\",\"https:\\\/\\\/www.instagram.com\\\/tus.eschringen\\\/\"]}]}<\/script>\n<!-- \/ Yoast SEO plugin. -->","yoast_head_json":{"title":"TuS Eschringen - SV Scheidt - TuS Eschringen","robots":{"index":"index","follow":"follow","max-snippet":"max-snippet:-1","max-image-preview":"max-image-preview:large","max-video-preview":"max-video-preview:-1"},"canonical":"https:\/\/tus.eschringen.de\/wordpress\/event\/tus-eschringen-sv-scheidt-3\/","og_locale":"de_DE","og_type":"article","og_title":"TuS Eschringen - SV Scheidt - TuS Eschringen","og_description":"Bezirksliga Saarbr\u00fccken 2. Spieltag \u2013 Saison 2023\/24 TuS Eschringen &#8211; SV Scheidt 4:3 (1:2) Totsch\u00fctzen: 1:0 Brandon Heblich (12. Min) 1:1 Andreas Hensel (25. Min) FE 1:2 Mirko Fuchs (31. Min) 2:2 Philipp Wilhelm (46. Min) 3:2 Brandon Heblich (51. Min) 4:2 Brandon Heblich (59. Min) FE 4:3 Moritz M\u00fcller (85. Min) Spielbericht: Spannend bis ... alles lesen","og_url":"https:\/\/tus.eschringen.de\/wordpress\/event\/tus-eschringen-sv-scheidt-3\/","og_site_name":"TuS Eschringen","article_publisher":"https:\/\/www.facebook.com\/TuS.Eschringen\/","article_modified_time":"2023-08-22T05:56:13+00:00","twitter_card":"summary_large_image","twitter_misc":{"Gesch\u00e4tzte Lesezeit":"2\u00a0Minuten"},"schema":{"@context":"https:\/\/schema.org","@graph":[{"@type":"WebPage","@id":"https:\/\/tus.eschringen.de\/wordpress\/event\/tus-eschringen-sv-scheidt-3\/","url":"https:\/\/tus.eschringen.de\/wordpress\/event\/tus-eschringen-sv-scheidt-3\/","name":"TuS Eschringen - SV Scheidt - TuS Eschringen","isPartOf":{"@id":"https:\/\/tus.eschringen.de\/wordpress\/#website"},"datePublished":"2023-07-01T13:42:05+00:00","dateModified":"2023-08-22T05:56:13+00:00","breadcrumb":{"@id":"https:\/\/tus.eschringen.de\/wordpress\/event\/tus-eschringen-sv-scheidt-3\/#breadcrumb"},"inLanguage":"de","potentialAction":[{"@type":"ReadAction","target":["https:\/\/tus.eschringen.de\/wordpress\/event\/tus-eschringen-sv-scheidt-3\/"]}]},{"@type":"BreadcrumbList","@id":"https:\/\/tus.eschringen.de\/wordpress\/event\/tus-eschringen-sv-scheidt-3\/#breadcrumb","itemListElement":[{"@type":"ListItem","position":1,"name":"Startseite","item":"https:\/\/tus.eschringen.de\/wordpress\/"},{"@type":"ListItem","position":2,"name":"Veranstaltungen","item":"https:\/\/tus.eschringen.de\/wordpress\/events\/"},{"@type":"ListItem","position":3,"name":"TuS Eschringen &#8211; SV Scheidt"}]},{"@type":"WebSite","@id":"https:\/\/tus.eschringen.de\/wordpress\/#website","url":"https:\/\/tus.eschringen.de\/wordpress\/","name":"TuS Eschringen","description":"","publisher":{"@id":"https:\/\/tus.eschringen.de\/wordpress\/#organization"},"potentialAction":[{"@type":"SearchAction","target":{"@type":"EntryPoint","urlTemplate":"https:\/\/tus.eschringen.de\/wordpress\/?s={search_term_string}"},"query-input":{"@type":"PropertyValueSpecification","valueRequired":true,"valueName":"search_term_string"}}],"inLanguage":"de"},{"@type":"Organization","@id":"https:\/\/tus.eschringen.de\/wordpress\/#organization","name":"TuS Eschringen","url":"https:\/\/tus.eschringen.de\/wordpress\/","logo":{"@type":"ImageObject","inLanguage":"de","@id":"https:\/\/tus.eschringen.de\/wordpress\/#\/schema\/logo\/image\/","url":"https:\/\/i0.wp.com\/tus.eschringen.de\/wordpress\/wp-content\/uploads\/2025\/07\/Web_kopf.jpg?fit=1260%2C240&ssl=1","contentUrl":"https:\/\/i0.wp.com\/tus.eschringen.de\/wordpress\/wp-content\/uploads\/2025\/07\/Web_kopf.jpg?fit=1260%2C240&ssl=1","width":1260,"height":240,"caption":"TuS Eschringen"},"image":{"@id":"https:\/\/tus.eschringen.de\/wordpress\/#\/schema\/logo\/image\/"},"sameAs":["https:\/\/www.facebook.com\/TuS.Eschringen\/","https:\/\/www.instagram.com\/tus.eschringen\/"]}]}},"jetpack_sharing_enabled":true,"_links":{"self":[{"href":"https:\/\/tus.eschringen.de\/wordpress\/wp-json\/wp\/v2\/tribe_events\/4126","targetHints":{"allow":["GET"]}}],"collection":[{"href":"https:\/\/tus.eschringen.de\/wordpress\/wp-json\/wp\/v2\/tribe_events"}],"about":[{"href":"https:\/\/tus.eschringen.de\/wordpress\/wp-json\/wp\/v2\/types\/tribe_events"}],"author":[{"embeddable":true,"href":"https:\/\/tus.eschringen.de\/wordpress\/wp-json\/wp\/v2\/users\/1"}],"version-history":[{"count":13,"href":"https:\/\/tus.eschringen.de\/wordpress\/wp-json\/wp\/v2\/tribe_events\/4126\/revisions"}],"predecessor-version":[{"id":4313,"href":"https:\/\/tus.eschringen.de\/wordpress\/wp-json\/wp\/v2\/tribe_events\/4126\/revisions\/4313"}],"wp:attachment":[{"href":"https:\/\/tus.eschringen.de\/wordpress\/wp-json\/wp\/v2\/media?parent=4126"}],"wp:term":[{"taxonomy":"post_tag","embeddable":true,"href":"https:\/\/tus.eschringen.de\/wordpress\/wp-json\/wp\/v2\/tags?post=4126"},{"taxonomy":"tribe_events_cat","embeddable":true,"href":"https:\/\/tus.eschringen.de\/wordpress\/wp-json\/wp\/v2\/tribe_events_cat?post=4126"}],"curies":[{"name":"wp","href":"https:\/\/api.w.org\/{rel}","templated":true}]}}

<p>Bezirksliga Saarbrücken</p>
<p>2. Spieltag – Saison 2023/24</p>
<p><strong>TuS Eschringen &#8211; SV Scheidt <span style="color: #ff0000;">4:3 </span>(1:2)</strong></p>
<p>Totschützen:</p>
<p><strong><span style="color: #ff0000;">1:0</span> Brandon Heblich (12. Min)</strong><br />
1:1 Andreas Hensel (25. Min) FE<br />
1:2 Mirko Fuchs (31. Min)<br />
<strong><span style="color: #ff0000;">2:2</span> Philipp Wilhelm (46. Min)</strong><br />
<strong><span style="color: #ff0000;">3:2</span> Brandon Heblich (51. Min)</strong><br />
<strong><span style="color: #ff0000;">4:2</span> Brandon Heblich (59. Min) FE</strong><br />
4:3 Moritz Müller (85. Min)</p>
<p>Spielbericht:</p>
<p><strong>Spannend bis zum Abpfiff</strong></p>
<p>Manches ist geblieben. Es fallen weiterhin viele Tore in Eschringen und bei 4 eigenen Toren hat man noch lange nicht gewonnen.</p>
<p>Aber zum Anfang: Der TuS startete gut und ging bereits in der 9. Minute durch unseren neuen Stürmer Brandon Heblich 1:0 in Führung. Danach hätte man ausbauen können, denn Chancen gab es einige. Aber … wir sind in Eschringen und hier ist alles anders. Ein Elfmeter für Scheidt sorgte für den Ausgleich in der 26. Minute und sieben Minuten später führte Scheidt sogar 2:1, so ging es in die Pause.</p>
<p>Zu Beginn der zweiten Hälfte wollte es der TuS nochmal wissen. Einem schnellen 2:2 durch Philipp Wilhelm folgte das 3:2 wiederum von Brandon Heblich. Dieser verwandelte danach einen Foulelfmeter zum 4:2.</p>
<p>In den restlichen 30 Minuten ging es lange hin und her, bevor Scheidt in der 86. Minute den Anschlusstreffer schaffte. Zum Zittern, ob es wenigstens dieses Mal reichen würde kam noch eine Zeitstrafe für uns, so dass das Spiel mit zehn Eschringern zu Ende gespielt werden musste. Mit dem Schlusspfiff parierte unser Torwart den letzten Schuss von Scheidt und rettete uns den gelungenen Saisonstart.</p>
<p>Fazit: Es ist noch Luft nach oben, denn die völlig neu zusammengestellte Mannschaft wird sich mehr und mehr einspielen. Chancen hatte man einige, unser Sturm ist gefährlich und unser Torhüter ist mehr und mehr ein Rückhalt. 3 wichtige Punkte, die uns niemand mehr wegnimmt.</p>
<p>Jetzt können wir mit Freude dem Derby in Fechingen entgegen fiebern.</p>

<p>Bezirksliga Saarbrücken 2. Spieltag – Saison 2023/24 TuS Eschringen &#8211; SV Scheidt 4:3 (1:2) Totschützen: 1:0 Brandon Heblich (12. Min) 1:1 Andreas Hensel (25. Min) FE 1:2 Mirko Fuchs (31. Min) 2:2 Philipp Wilhelm (46. Min) 3:2 Brandon Heblich (51. Min) 4:2 Brandon Heblich (59. Min) FE 4:3 Moritz Müller (85. Min) Spielbericht: Spannend bis &#8230; </p>
<p class="read-more-container"><a title="TuS Eschringen &#8211; SV Scheidt" class="read-more button" href="https://tus.eschringen.de/wordpress/event/tus-eschringen-sv-scheidt-3/#more-4126" aria-label="Mehr Informationen über TuS Eschringen &#8211; SV Scheidt">alles lesen</a></p>

<!-- This site is optimized with the Yoast SEO plugin v27.5 - https://yoast.com/product/yoast-seo-wordpress/ -->
<title>TuS Eschringen - SV Scheidt - TuS Eschringen</title>
<meta name="robots" content="index, follow, max-snippet:-1, max-image-preview:large, max-video-preview:-1" />
<link rel="canonical" href="https://tus.eschringen.de/wordpress/event/tus-eschringen-sv-scheidt-3/" />
<meta property="og:locale" content="de_DE" />
<meta property="og:type" content="article" />
<meta property="og:title" content="TuS Eschringen - SV Scheidt - TuS Eschringen" />
<meta property="og:description" content="Bezirksliga Saarbrücken 2. Spieltag – Saison 2023/24 TuS Eschringen &#8211; SV Scheidt 4:3 (1:2) Totschützen: 1:0 Brandon Heblich (12. Min) 1:1 Andreas Hensel (25. Min) FE 1:2 Mirko Fuchs (31. Min) 2:2 Philipp Wilhelm (46. Min) 3:2 Brandon Heblich (51. Min) 4:2 Brandon Heblich (59. Min) FE 4:3 Moritz Müller (85. Min) Spielbericht: Spannend bis ... alles lesen" />
<meta property="og:url" content="https://tus.eschringen.de/wordpress/event/tus-eschringen-sv-scheidt-3/" />
<meta property="og:site_name" content="TuS Eschringen" />
<meta property="article:publisher" content="https://www.facebook.com/TuS.Eschringen/" />
<meta property="article:modified_time" content="2023-08-22T05:56:13+00:00" />
<meta name="twitter:card" content="summary_large_image" />
<meta name="twitter:label1" content="Geschätzte Lesezeit" />
	<meta name="twitter:data1" content="2 Minuten" />
<script type="application/ld+json" class="yoast-schema-graph">{"@context":"https:\/\/schema.org","@graph":[{"@type":"WebPage","@id":"https:\/\/tus.eschringen.de\/wordpress\/event\/tus-eschringen-sv-scheidt-3\/","url":"https:\/\/tus.eschringen.de\/wordpress\/event\/tus-eschringen-sv-scheidt-3\/","name":"TuS Eschringen - SV Scheidt - TuS Eschringen","isPartOf":{"@id":"https:\/\/tus.eschringen.de\/wordpress\/#website"},"datePublished":"2023-07-01T13:42:05+00:00","dateModified":"2023-08-22T05:56:13+00:00","breadcrumb":{"@id":"https:\/\/tus.eschringen.de\/wordpress\/event\/tus-eschringen-sv-scheidt-3\/#breadcrumb"},"inLanguage":"de","potentialAction":[{"@type":"ReadAction","target":["https:\/\/tus.eschringen.de\/wordpress\/event\/tus-eschringen-sv-scheidt-3\/"]}]},{"@type":"BreadcrumbList","@id":"https:\/\/tus.eschringen.de\/wordpress\/event\/tus-eschringen-sv-scheidt-3\/#breadcrumb","itemListElement":[{"@type":"ListItem","position":1,"name":"Startseite","item":"https:\/\/tus.eschringen.de\/wordpress\/"},{"@type":"ListItem","position":2,"name":"Veranstaltungen","item":"https:\/\/tus.eschringen.de\/wordpress\/events\/"},{"@type":"ListItem","position":3,"name":"TuS Eschringen &#8211; SV Scheidt"}]},{"@type":"WebSite","@id":"https:\/\/tus.eschringen.de\/wordpress\/#website","url":"https:\/\/tus.eschringen.de\/wordpress\/","name":"TuS Eschringen","description":"","publisher":{"@id":"https:\/\/tus.eschringen.de\/wordpress\/#organization"},"potentialAction":[{"@type":"SearchAction","target":{"@type":"EntryPoint","urlTemplate":"https:\/\/tus.eschringen.de\/wordpress\/?s={search_term_string}"},"query-input":{"@type":"PropertyValueSpecification","valueRequired":true,"valueName":"search_term_string"}}],"inLanguage":"de"},{"@type":"Organization","@id":"https:\/\/tus.eschringen.de\/wordpress\/#organization","name":"TuS Eschringen","url":"https:\/\/tus.eschringen.de\/wordpress\/","logo":{"@type":"ImageObject","inLanguage":"de","@id":"https:\/\/tus.eschringen.de\/wordpress\/#\/schema\/logo\/image\/","url":"https:\/\/i0.wp.com\/tus.eschringen.de\/wordpress\/wp-content\/uploads\/2025\/07\/Web_kopf.jpg?fit=1260%2C240&ssl=1","contentUrl":"https:\/\/i0.wp.com\/tus.eschringen.de\/wordpress\/wp-content\/uploads\/2025\/07\/Web_kopf.jpg?fit=1260%2C240&ssl=1","width":1260,"height":240,"caption":"TuS Eschringen"},"image":{"@id":"https:\/\/tus.eschringen.de\/wordpress\/#\/schema\/logo\/image\/"},"sameAs":["https:\/\/www.facebook.com\/TuS.Eschringen\/","https:\/\/www.instagram.com\/tus.eschringen\/"]}]}</script>
<!-- / Yoast SEO plugin. -->

Bezirksliga Saarbrücken 2. Spieltag – Saison 2023/24 TuS Eschringen &#8211; SV Scheidt 4:3 (1:2) Totschützen: 1:0 Brandon Heblich (12. Min) 1:1 Andreas Hensel (25. Min) FE 1:2 Mirko Fuchs (31. Min) 2:2 Philipp Wilhelm (46. Min) 3:2 Brandon Heblich (51. Min) 4:2 Brandon Heblich (59. Min) FE 4:3 Moritz Müller (85. Min) Spielbericht: Spannend bis ... alles lesen
