{"id":3117,"date":"2021-09-15T12:34:47","date_gmt":"2021-09-15T10:34:47","guid":{"rendered":"http:\/\/tus.eschringen.de\/wordpress\/?post_type=tribe_events&#038;p=3117"},"modified":"2021-09-15T12:34:47","modified_gmt":"2021-09-15T10:34:47","slug":"jahreshauptversammlung-4","status":"publish","type":"tribe_events","link":"https:\/\/tus.eschringen.de\/wordpress\/event\/jahreshauptversammlung-4\/","title":{"rendered":"Jahreshauptversammlung"},"content":{"rendered":"<p>Jahreshauptversammlung des Turn- und Sportvereins 1910 e. V. Eschringen<\/p>\n<p>Freitag, 15.10.2021, 20:15 Uhr, Sport- und Kulturhalle Eschringen<\/p>\n<p>&nbsp;<\/p>\n<p><strong>Zutritt nur f\u00fcr Mitglieder<\/strong>. Vereinseintrittsformulare liegen am Eingang aus.<\/p>\n<p><strong>Tagesordnung:<\/strong><\/p>\n<p>1 Begr\u00fc\u00dfung und Er\u00f6ffnung der Versammlung<\/p>\n<p>2 Feststellung der ordnungsgem\u00e4\u00dfen Einladung<\/p>\n<p>3 Feststellung der Beschlussf\u00e4higkeit<\/p>\n<p>4 Genehmigung der Tagesordnung<\/p>\n<p>5 Totengedenken<\/p>\n<p>6 Antrag auf Satzungs\u00e4nderung<\/p>\n<p>7 Weitere Antr\u00e4ge, Frist bis 11.10.2021, Eingang beim Vorsitzenden<\/p>\n<p>8 Genehmigung des Protokolls der Mitgliederversammlung vom 05.04.2019<\/p>\n<p>9 Bericht des Vorsitzenden<\/p>\n<p>10 T\u00e4tigkeitsberichte der Abteilungsleiter<\/p>\n<p>11 Finanzbericht des 1. Kassierers<\/p>\n<p>12 Bericht der Kassenpr\u00fcfer<\/p>\n<p>13 Aussprache \u00fcber die Berichte<\/p>\n<p>14 Wahl einer Versammlungsleiterin bzw. eines Versammlungsleiters<\/p>\n<p>15 Entlastung des Vorstands<\/p>\n<p>16 Neuwahlen des Vorstandes\/der Kassenpr\u00fcferinnen und Kassenpr\u00fcfer<\/p>\n<p>17 Aussprache \/ Verschiedenes<\/p>\n<p><strong>Besonderheiten:<\/strong><\/p>\n<ul>\n<li>Eintrittskontrolle mit Eintrag in eine Liste zur Kontaktnachverfolgung.<\/li>\n<li>Zutritt nach der 3G-Regel f\u00fcr Geimpfte, Genesene und Getestete.<\/li>\n<li>In der Halle besteht eine Maskenpflicht bis zur Einnahme und nach Verlassen des Sitzplatzes.<\/li>\n<li>Abstands- und Hygieneregeln sind einzuhalten.<\/li>\n<\/ul>\n<p>Sportliche Gr\u00fc\u00dfe<br \/>\nStefan P\u00f6nicke<br \/>\n1. Vorsitzender<\/p>\n","protected":false},"excerpt":{"rendered":"<p>Jahreshauptversammlung des Turn- und Sportvereins 1910 e. V. Eschringen Freitag, 15.10.2021, 20:15 Uhr, Sport- und Kulturhalle Eschringen &nbsp; Zutritt nur f\u00fcr Mitglieder. Vereinseintrittsformulare liegen am Eingang aus. Tagesordnung: 1 Begr\u00fc\u00dfung und Er\u00f6ffnung der Versammlung 2 Feststellung der ordnungsgem\u00e4\u00dfen Einladung 3 Feststellung der Beschlussf\u00e4higkeit 4 Genehmigung der Tagesordnung 5 Totengedenken 6 Antrag auf Satzungs\u00e4nderung 7 Weitere &#8230; <\/p>\n<p class=\"read-more-container\"><a title=\"Jahreshauptversammlung\" class=\"read-more button\" href=\"https:\/\/tus.eschringen.de\/wordpress\/event\/jahreshauptversammlung-4\/#more-3117\" aria-label=\"Mehr Informationen \u00fcber Jahreshauptversammlung\">alles lesen<\/a><\/p>\n","protected":false},"author":1,"featured_media":0,"template":"","meta":{"generate_page_header":"","_tribe_events_status":"","_tribe_events_status_reason":"","footnotes":""},"tags":[],"tribe_events_cat":[],"class_list":["post-3117","tribe_events","type-tribe_events","status-publish","hentry"],"yoast_head":"<!-- This site is optimized with the Yoast SEO plugin v27.5 - https:\/\/yoast.com\/product\/yoast-seo-wordpress\/ -->\n<title>Jahreshauptversammlung - TuS Eschringen<\/title>\n<meta name=\"robots\" content=\"index, follow, max-snippet:-1, max-image-preview:large, max-video-preview:-1\" \/>\n<link rel=\"canonical\" href=\"https:\/\/tus.eschringen.de\/wordpress\/event\/jahreshauptversammlung-4\/\" \/>\n<meta property=\"og:locale\" content=\"de_DE\" \/>\n<meta property=\"og:type\" content=\"article\" \/>\n<meta property=\"og:title\" content=\"Jahreshauptversammlung - TuS Eschringen\" \/>\n<meta property=\"og:description\" content=\"Jahreshauptversammlung des Turn- und Sportvereins 1910 e. V. Eschringen Freitag, 15.10.2021, 20:15 Uhr, Sport- und Kulturhalle Eschringen &nbsp; Zutritt nur f\u00fcr Mitglieder. Vereinseintrittsformulare liegen am Eingang aus. Tagesordnung: 1 Begr\u00fc\u00dfung und Er\u00f6ffnung der Versammlung 2 Feststellung der ordnungsgem\u00e4\u00dfen Einladung 3 Feststellung der Beschlussf\u00e4higkeit 4 Genehmigung der Tagesordnung 5 Totengedenken 6 Antrag auf Satzungs\u00e4nderung 7 Weitere ... alles lesen\" \/>\n<meta property=\"og:url\" content=\"https:\/\/tus.eschringen.de\/wordpress\/event\/jahreshauptversammlung-4\/\" \/>\n<meta property=\"og:site_name\" content=\"TuS Eschringen\" \/>\n<meta property=\"article:publisher\" content=\"https:\/\/www.facebook.com\/TuS.Eschringen\/\" \/>\n<meta name=\"twitter:card\" content=\"summary_large_image\" \/>\n<meta name=\"twitter:label1\" content=\"Gesch\u00e4tzte Lesezeit\" \/>\n\t<meta name=\"twitter:data1\" content=\"1\u00a0Minute\" \/>\n<script type=\"application\/ld+json\" class=\"yoast-schema-graph\">{\"@context\":\"https:\\\/\\\/schema.org\",\"@graph\":[{\"@type\":\"WebPage\",\"@id\":\"https:\\\/\\\/tus.eschringen.de\\\/wordpress\\\/event\\\/jahreshauptversammlung-4\\\/\",\"url\":\"https:\\\/\\\/tus.eschringen.de\\\/wordpress\\\/event\\\/jahreshauptversammlung-4\\\/\",\"name\":\"Jahreshauptversammlung - TuS Eschringen\",\"isPartOf\":{\"@id\":\"https:\\\/\\\/tus.eschringen.de\\\/wordpress\\\/#website\"},\"datePublished\":\"2021-09-15T10:34:47+00:00\",\"breadcrumb\":{\"@id\":\"https:\\\/\\\/tus.eschringen.de\\\/wordpress\\\/event\\\/jahreshauptversammlung-4\\\/#breadcrumb\"},\"inLanguage\":\"de\",\"potentialAction\":[{\"@type\":\"ReadAction\",\"target\":[\"https:\\\/\\\/tus.eschringen.de\\\/wordpress\\\/event\\\/jahreshauptversammlung-4\\\/\"]}]},{\"@type\":\"BreadcrumbList\",\"@id\":\"https:\\\/\\\/tus.eschringen.de\\\/wordpress\\\/event\\\/jahreshauptversammlung-4\\\/#breadcrumb\",\"itemListElement\":[{\"@type\":\"ListItem\",\"position\":1,\"name\":\"Startseite\",\"item\":\"https:\\\/\\\/tus.eschringen.de\\\/wordpress\\\/\"},{\"@type\":\"ListItem\",\"position\":2,\"name\":\"Veranstaltungen\",\"item\":\"https:\\\/\\\/tus.eschringen.de\\\/wordpress\\\/events\\\/\"},{\"@type\":\"ListItem\",\"position\":3,\"name\":\"Jahreshauptversammlung\"}]},{\"@type\":\"WebSite\",\"@id\":\"https:\\\/\\\/tus.eschringen.de\\\/wordpress\\\/#website\",\"url\":\"https:\\\/\\\/tus.eschringen.de\\\/wordpress\\\/\",\"name\":\"TuS Eschringen\",\"description\":\"\",\"publisher\":{\"@id\":\"https:\\\/\\\/tus.eschringen.de\\\/wordpress\\\/#organization\"},\"potentialAction\":[{\"@type\":\"SearchAction\",\"target\":{\"@type\":\"EntryPoint\",\"urlTemplate\":\"https:\\\/\\\/tus.eschringen.de\\\/wordpress\\\/?s={search_term_string}\"},\"query-input\":{\"@type\":\"PropertyValueSpecification\",\"valueRequired\":true,\"valueName\":\"search_term_string\"}}],\"inLanguage\":\"de\"},{\"@type\":\"Organization\",\"@id\":\"https:\\\/\\\/tus.eschringen.de\\\/wordpress\\\/#organization\",\"name\":\"TuS Eschringen\",\"url\":\"https:\\\/\\\/tus.eschringen.de\\\/wordpress\\\/\",\"logo\":{\"@type\":\"ImageObject\",\"inLanguage\":\"de\",\"@id\":\"https:\\\/\\\/tus.eschringen.de\\\/wordpress\\\/#\\\/schema\\\/logo\\\/image\\\/\",\"url\":\"https:\\\/\\\/i0.wp.com\\\/tus.eschringen.de\\\/wordpress\\\/wp-content\\\/uploads\\\/2025\\\/07\\\/Web_kopf.jpg?fit=1260%2C240&ssl=1\",\"contentUrl\":\"https:\\\/\\\/i0.wp.com\\\/tus.eschringen.de\\\/wordpress\\\/wp-content\\\/uploads\\\/2025\\\/07\\\/Web_kopf.jpg?fit=1260%2C240&ssl=1\",\"width\":1260,\"height\":240,\"caption\":\"TuS Eschringen\"},\"image\":{\"@id\":\"https:\\\/\\\/tus.eschringen.de\\\/wordpress\\\/#\\\/schema\\\/logo\\\/image\\\/\"},\"sameAs\":[\"https:\\\/\\\/www.facebook.com\\\/TuS.Eschringen\\\/\",\"https:\\\/\\\/www.instagram.com\\\/tus.eschringen\\\/\"]}]}<\/script>\n<!-- \/ Yoast SEO plugin. -->","yoast_head_json":{"title":"Jahreshauptversammlung - TuS Eschringen","robots":{"index":"index","follow":"follow","max-snippet":"max-snippet:-1","max-image-preview":"max-image-preview:large","max-video-preview":"max-video-preview:-1"},"canonical":"https:\/\/tus.eschringen.de\/wordpress\/event\/jahreshauptversammlung-4\/","og_locale":"de_DE","og_type":"article","og_title":"Jahreshauptversammlung - TuS Eschringen","og_description":"Jahreshauptversammlung des Turn- und Sportvereins 1910 e. V. Eschringen Freitag, 15.10.2021, 20:15 Uhr, Sport- und Kulturhalle Eschringen &nbsp; Zutritt nur f\u00fcr Mitglieder. Vereinseintrittsformulare liegen am Eingang aus. Tagesordnung: 1 Begr\u00fc\u00dfung und Er\u00f6ffnung der Versammlung 2 Feststellung der ordnungsgem\u00e4\u00dfen Einladung 3 Feststellung der Beschlussf\u00e4higkeit 4 Genehmigung der Tagesordnung 5 Totengedenken 6 Antrag auf Satzungs\u00e4nderung 7 Weitere ... alles lesen","og_url":"https:\/\/tus.eschringen.de\/wordpress\/event\/jahreshauptversammlung-4\/","og_site_name":"TuS Eschringen","article_publisher":"https:\/\/www.facebook.com\/TuS.Eschringen\/","twitter_card":"summary_large_image","twitter_misc":{"Gesch\u00e4tzte Lesezeit":"1\u00a0Minute"},"schema":{"@context":"https:\/\/schema.org","@graph":[{"@type":"WebPage","@id":"https:\/\/tus.eschringen.de\/wordpress\/event\/jahreshauptversammlung-4\/","url":"https:\/\/tus.eschringen.de\/wordpress\/event\/jahreshauptversammlung-4\/","name":"Jahreshauptversammlung - TuS Eschringen","isPartOf":{"@id":"https:\/\/tus.eschringen.de\/wordpress\/#website"},"datePublished":"2021-09-15T10:34:47+00:00","breadcrumb":{"@id":"https:\/\/tus.eschringen.de\/wordpress\/event\/jahreshauptversammlung-4\/#breadcrumb"},"inLanguage":"de","potentialAction":[{"@type":"ReadAction","target":["https:\/\/tus.eschringen.de\/wordpress\/event\/jahreshauptversammlung-4\/"]}]},{"@type":"BreadcrumbList","@id":"https:\/\/tus.eschringen.de\/wordpress\/event\/jahreshauptversammlung-4\/#breadcrumb","itemListElement":[{"@type":"ListItem","position":1,"name":"Startseite","item":"https:\/\/tus.eschringen.de\/wordpress\/"},{"@type":"ListItem","position":2,"name":"Veranstaltungen","item":"https:\/\/tus.eschringen.de\/wordpress\/events\/"},{"@type":"ListItem","position":3,"name":"Jahreshauptversammlung"}]},{"@type":"WebSite","@id":"https:\/\/tus.eschringen.de\/wordpress\/#website","url":"https:\/\/tus.eschringen.de\/wordpress\/","name":"TuS Eschringen","description":"","publisher":{"@id":"https:\/\/tus.eschringen.de\/wordpress\/#organization"},"potentialAction":[{"@type":"SearchAction","target":{"@type":"EntryPoint","urlTemplate":"https:\/\/tus.eschringen.de\/wordpress\/?s={search_term_string}"},"query-input":{"@type":"PropertyValueSpecification","valueRequired":true,"valueName":"search_term_string"}}],"inLanguage":"de"},{"@type":"Organization","@id":"https:\/\/tus.eschringen.de\/wordpress\/#organization","name":"TuS Eschringen","url":"https:\/\/tus.eschringen.de\/wordpress\/","logo":{"@type":"ImageObject","inLanguage":"de","@id":"https:\/\/tus.eschringen.de\/wordpress\/#\/schema\/logo\/image\/","url":"https:\/\/i0.wp.com\/tus.eschringen.de\/wordpress\/wp-content\/uploads\/2025\/07\/Web_kopf.jpg?fit=1260%2C240&ssl=1","contentUrl":"https:\/\/i0.wp.com\/tus.eschringen.de\/wordpress\/wp-content\/uploads\/2025\/07\/Web_kopf.jpg?fit=1260%2C240&ssl=1","width":1260,"height":240,"caption":"TuS Eschringen"},"image":{"@id":"https:\/\/tus.eschringen.de\/wordpress\/#\/schema\/logo\/image\/"},"sameAs":["https:\/\/www.facebook.com\/TuS.Eschringen\/","https:\/\/www.instagram.com\/tus.eschringen\/"]}]}},"jetpack_sharing_enabled":true,"_links":{"self":[{"href":"https:\/\/tus.eschringen.de\/wordpress\/wp-json\/wp\/v2\/tribe_events\/3117","targetHints":{"allow":["GET"]}}],"collection":[{"href":"https:\/\/tus.eschringen.de\/wordpress\/wp-json\/wp\/v2\/tribe_events"}],"about":[{"href":"https:\/\/tus.eschringen.de\/wordpress\/wp-json\/wp\/v2\/types\/tribe_events"}],"author":[{"embeddable":true,"href":"https:\/\/tus.eschringen.de\/wordpress\/wp-json\/wp\/v2\/users\/1"}],"version-history":[{"count":1,"href":"https:\/\/tus.eschringen.de\/wordpress\/wp-json\/wp\/v2\/tribe_events\/3117\/revisions"}],"predecessor-version":[{"id":3118,"href":"https:\/\/tus.eschringen.de\/wordpress\/wp-json\/wp\/v2\/tribe_events\/3117\/revisions\/3118"}],"wp:attachment":[{"href":"https:\/\/tus.eschringen.de\/wordpress\/wp-json\/wp\/v2\/media?parent=3117"}],"wp:term":[{"taxonomy":"post_tag","embeddable":true,"href":"https:\/\/tus.eschringen.de\/wordpress\/wp-json\/wp\/v2\/tags?post=3117"},{"taxonomy":"tribe_events_cat","embeddable":true,"href":"https:\/\/tus.eschringen.de\/wordpress\/wp-json\/wp\/v2\/tribe_events_cat?post=3117"}],"curies":[{"name":"wp","href":"https:\/\/api.w.org\/{rel}","templated":true}]}}

<p>Jahreshauptversammlung des Turn- und Sportvereins 1910 e. V. Eschringen</p>
<p>Freitag, 15.10.2021, 20:15 Uhr, Sport- und Kulturhalle Eschringen</p>
<p>&nbsp;</p>
<p><strong>Zutritt nur für Mitglieder</strong>. Vereinseintrittsformulare liegen am Eingang aus.</p>
<p><strong>Tagesordnung:</strong></p>
<p>1 Begrüßung und Eröffnung der Versammlung</p>
<p>2 Feststellung der ordnungsgemäßen Einladung</p>
<p>3 Feststellung der Beschlussfähigkeit</p>
<p>4 Genehmigung der Tagesordnung</p>
<p>5 Totengedenken</p>
<p>6 Antrag auf Satzungsänderung</p>
<p>7 Weitere Anträge, Frist bis 11.10.2021, Eingang beim Vorsitzenden</p>
<p>8 Genehmigung des Protokolls der Mitgliederversammlung vom 05.04.2019</p>
<p>9 Bericht des Vorsitzenden</p>
<p>10 Tätigkeitsberichte der Abteilungsleiter</p>
<p>11 Finanzbericht des 1. Kassierers</p>
<p>12 Bericht der Kassenprüfer</p>
<p>13 Aussprache über die Berichte</p>
<p>14 Wahl einer Versammlungsleiterin bzw. eines Versammlungsleiters</p>
<p>15 Entlastung des Vorstands</p>
<p>16 Neuwahlen des Vorstandes/der Kassenprüferinnen und Kassenprüfer</p>
<p>17 Aussprache / Verschiedenes</p>
<p><strong>Besonderheiten:</strong></p>
<ul>
<li>Eintrittskontrolle mit Eintrag in eine Liste zur Kontaktnachverfolgung.</li>
<li>Zutritt nach der 3G-Regel für Geimpfte, Genesene und Getestete.</li>
<li>In der Halle besteht eine Maskenpflicht bis zur Einnahme und nach Verlassen des Sitzplatzes.</li>
<li>Abstands- und Hygieneregeln sind einzuhalten.</li>
</ul>
<p>Sportliche Grüße<br />
Stefan Pönicke<br />
1. Vorsitzender</p>

<p>Jahreshauptversammlung des Turn- und Sportvereins 1910 e. V. Eschringen Freitag, 15.10.2021, 20:15 Uhr, Sport- und Kulturhalle Eschringen &nbsp; Zutritt nur für Mitglieder. Vereinseintrittsformulare liegen am Eingang aus. Tagesordnung: 1 Begrüßung und Eröffnung der Versammlung 2 Feststellung der ordnungsgemäßen Einladung 3 Feststellung der Beschlussfähigkeit 4 Genehmigung der Tagesordnung 5 Totengedenken 6 Antrag auf Satzungsänderung 7 Weitere &#8230; </p>
<p class="read-more-container"><a title="Jahreshauptversammlung" class="read-more button" href="https://tus.eschringen.de/wordpress/event/jahreshauptversammlung-4/#more-3117" aria-label="Mehr Informationen über Jahreshauptversammlung">alles lesen</a></p>

<!-- This site is optimized with the Yoast SEO plugin v27.5 - https://yoast.com/product/yoast-seo-wordpress/ -->
<title>Jahreshauptversammlung - TuS Eschringen</title>
<meta name="robots" content="index, follow, max-snippet:-1, max-image-preview:large, max-video-preview:-1" />
<link rel="canonical" href="https://tus.eschringen.de/wordpress/event/jahreshauptversammlung-4/" />
<meta property="og:locale" content="de_DE" />
<meta property="og:type" content="article" />
<meta property="og:title" content="Jahreshauptversammlung - TuS Eschringen" />
<meta property="og:description" content="Jahreshauptversammlung des Turn- und Sportvereins 1910 e. V. Eschringen Freitag, 15.10.2021, 20:15 Uhr, Sport- und Kulturhalle Eschringen &nbsp; Zutritt nur für Mitglieder. Vereinseintrittsformulare liegen am Eingang aus. Tagesordnung: 1 Begrüßung und Eröffnung der Versammlung 2 Feststellung der ordnungsgemäßen Einladung 3 Feststellung der Beschlussfähigkeit 4 Genehmigung der Tagesordnung 5 Totengedenken 6 Antrag auf Satzungsänderung 7 Weitere ... alles lesen" />
<meta property="og:url" content="https://tus.eschringen.de/wordpress/event/jahreshauptversammlung-4/" />
<meta property="og:site_name" content="TuS Eschringen" />
<meta property="article:publisher" content="https://www.facebook.com/TuS.Eschringen/" />
<meta name="twitter:card" content="summary_large_image" />
<meta name="twitter:label1" content="Geschätzte Lesezeit" />
	<meta name="twitter:data1" content="1 Minute" />
<script type="application/ld+json" class="yoast-schema-graph">{"@context":"https:\/\/schema.org","@graph":[{"@type":"WebPage","@id":"https:\/\/tus.eschringen.de\/wordpress\/event\/jahreshauptversammlung-4\/","url":"https:\/\/tus.eschringen.de\/wordpress\/event\/jahreshauptversammlung-4\/","name":"Jahreshauptversammlung - TuS Eschringen","isPartOf":{"@id":"https:\/\/tus.eschringen.de\/wordpress\/#website"},"datePublished":"2021-09-15T10:34:47+00:00","breadcrumb":{"@id":"https:\/\/tus.eschringen.de\/wordpress\/event\/jahreshauptversammlung-4\/#breadcrumb"},"inLanguage":"de","potentialAction":[{"@type":"ReadAction","target":["https:\/\/tus.eschringen.de\/wordpress\/event\/jahreshauptversammlung-4\/"]}]},{"@type":"BreadcrumbList","@id":"https:\/\/tus.eschringen.de\/wordpress\/event\/jahreshauptversammlung-4\/#breadcrumb","itemListElement":[{"@type":"ListItem","position":1,"name":"Startseite","item":"https:\/\/tus.eschringen.de\/wordpress\/"},{"@type":"ListItem","position":2,"name":"Veranstaltungen","item":"https:\/\/tus.eschringen.de\/wordpress\/events\/"},{"@type":"ListItem","position":3,"name":"Jahreshauptversammlung"}]},{"@type":"WebSite","@id":"https:\/\/tus.eschringen.de\/wordpress\/#website","url":"https:\/\/tus.eschringen.de\/wordpress\/","name":"TuS Eschringen","description":"","publisher":{"@id":"https:\/\/tus.eschringen.de\/wordpress\/#organization"},"potentialAction":[{"@type":"SearchAction","target":{"@type":"EntryPoint","urlTemplate":"https:\/\/tus.eschringen.de\/wordpress\/?s={search_term_string}"},"query-input":{"@type":"PropertyValueSpecification","valueRequired":true,"valueName":"search_term_string"}}],"inLanguage":"de"},{"@type":"Organization","@id":"https:\/\/tus.eschringen.de\/wordpress\/#organization","name":"TuS Eschringen","url":"https:\/\/tus.eschringen.de\/wordpress\/","logo":{"@type":"ImageObject","inLanguage":"de","@id":"https:\/\/tus.eschringen.de\/wordpress\/#\/schema\/logo\/image\/","url":"https:\/\/i0.wp.com\/tus.eschringen.de\/wordpress\/wp-content\/uploads\/2025\/07\/Web_kopf.jpg?fit=1260%2C240&ssl=1","contentUrl":"https:\/\/i0.wp.com\/tus.eschringen.de\/wordpress\/wp-content\/uploads\/2025\/07\/Web_kopf.jpg?fit=1260%2C240&ssl=1","width":1260,"height":240,"caption":"TuS Eschringen"},"image":{"@id":"https:\/\/tus.eschringen.de\/wordpress\/#\/schema\/logo\/image\/"},"sameAs":["https:\/\/www.facebook.com\/TuS.Eschringen\/","https:\/\/www.instagram.com\/tus.eschringen\/"]}]}</script>
<!-- / Yoast SEO plugin. -->

Jahreshauptversammlung des Turn- und Sportvereins 1910 e. V. Eschringen Freitag, 15.10.2021, 20:15 Uhr, Sport- und Kulturhalle Eschringen &nbsp; Zutritt nur für Mitglieder. Vereinseintrittsformulare liegen am Eingang aus. Tagesordnung: 1 Begrüßung und Eröffnung der Versammlung 2 Feststellung der ordnungsgemäßen Einladung 3 Feststellung der Beschlussfähigkeit 4 Genehmigung der Tagesordnung 5 Totengedenken 6 Antrag auf Satzungsänderung 7 Weitere ... alles lesen
