{"id":2588,"date":"2020-02-26T10:01:37","date_gmt":"2020-02-26T09:01:37","guid":{"rendered":"http:\/\/tus.eschringen.de\/wordpress\/?post_type=tribe_events&#038;p=2588"},"modified":"2020-03-16T22:42:17","modified_gmt":"2020-03-16T21:42:17","slug":"jahreshauptversammlung-2","status":"publish","type":"tribe_events","link":"https:\/\/tus.eschringen.de\/wordpress\/event\/jahreshauptversammlung-2\/","title":{"rendered":"ABGESAGT &#8211; Jahreshauptversammlung"},"content":{"rendered":"<p><span style=\"color: #ff0000;\"><strong>Aufgrund der momentanen Coronavirus-Situation und den damit verbundenen Empfehlungen, soziale Kontakte auf ein Mindestma\u00df zu reduzieren, findet die f\u00fcr den 27. M\u00e4rz 2020 angesetzte Jahreshauptversammlung nicht statt. Sie wird zu gegebener Zeit nachgeholt.<\/strong><\/span><\/p>\n<p>&nbsp;<\/p>\n<p>Der TuS Eschringen l\u00e4dt zu seiner diesj\u00e4hrigen Jahreshauptversammlung am Freitag, den 27.03.2020, um 20:15 Uhr, ins Vereinsheim, Andreas-Kremp-Stra\u00dfe 29, 66130 Saarbr\u00fccken, ein.<\/p>\n<p>Tagesordnung:<\/p>\n<ol>\n<li>Begr\u00fc\u00dfung und Er\u00f6ffnung der Versammlung<\/li>\n<li>Feststellung der ordnungsgem\u00e4\u00dfen Einladung<\/li>\n<li>Feststellung der Beschlussf\u00e4higkeit<\/li>\n<li>Genehmigung der Tagesordnung<\/li>\n<li>Totengedenken<\/li>\n<li>Genehmigung des Protokolls der Mitgliederversammlung vom 05.04.2019<\/li>\n<li>Bericht des Vorsitzenden \u00fcber das abgelaufene Jahr<\/li>\n<li>T\u00e4tigkeitsberichte der Abteilungsleiter<\/li>\n<li>Finanzbericht des 1. Kassierers<\/li>\n<li>Bericht der Kassenpr\u00fcfer<\/li>\n<li>Aussprache \u00fcber die Berichte<\/li>\n<li>Wahl eines Versammlungsleiters<\/li>\n<li>Entlastung des Vorstands<\/li>\n<li>Neuwahlen des Vorstandes\/der Kassenpr\u00fcfer<\/li>\n<li>Antr\u00e4ge (Frist bis 22.03.2020, Eingang beim Vorsitzenden)<\/li>\n<li>Aussprache \/ Verschiedenes<\/li>\n<li>Schlusswort des Vorsitzenden<\/li>\n<\/ol>\n<p>Ich lade alle Mitglieder*innen und Interessierten herzlich ein, die Mitgliederversammlung zu besuchen und sich aktiv am Vereinsgeschehen zu beteiligen.<\/p>\n<p>Sportliche Gr\u00fc\u00dfe<br \/>\nStefan P\u00f6nicke, 1. Vorsitzender<\/p>\n","protected":false},"excerpt":{"rendered":"<p>Aufgrund der momentanen Coronavirus-Situation und den damit verbundenen Empfehlungen, soziale Kontakte auf ein Mindestma\u00df zu reduzieren, findet die f\u00fcr den 27. M\u00e4rz 2020 angesetzte Jahreshauptversammlung nicht statt. Sie wird zu gegebener Zeit nachgeholt. &nbsp; Der TuS Eschringen l\u00e4dt zu seiner diesj\u00e4hrigen Jahreshauptversammlung am Freitag, den 27.03.2020, um 20:15 Uhr, ins Vereinsheim, Andreas-Kremp-Stra\u00dfe 29, 66130 Saarbr\u00fccken, &#8230; <\/p>\n<p class=\"read-more-container\"><a title=\"ABGESAGT &#8211; Jahreshauptversammlung\" class=\"read-more button\" href=\"https:\/\/tus.eschringen.de\/wordpress\/event\/jahreshauptversammlung-2\/#more-2588\" aria-label=\"Mehr Informationen \u00fcber ABGESAGT &#8211; Jahreshauptversammlung\">alles lesen<\/a><\/p>\n","protected":false},"author":1,"featured_media":0,"template":"","meta":{"generate_page_header":"","_tribe_events_status":"","_tribe_events_status_reason":"","footnotes":""},"tags":[],"tribe_events_cat":[],"class_list":["post-2588","tribe_events","type-tribe_events","status-publish","hentry"],"yoast_head":"<!-- This site is optimized with the Yoast SEO plugin v27.4 - https:\/\/yoast.com\/product\/yoast-seo-wordpress\/ -->\n<title>ABGESAGT - Jahreshauptversammlung - TuS Eschringen<\/title>\n<meta name=\"robots\" content=\"index, follow, max-snippet:-1, max-image-preview:large, max-video-preview:-1\" \/>\n<link rel=\"canonical\" href=\"https:\/\/tus.eschringen.de\/wordpress\/event\/jahreshauptversammlung-2\/\" \/>\n<meta property=\"og:locale\" content=\"de_DE\" \/>\n<meta property=\"og:type\" content=\"article\" \/>\n<meta property=\"og:title\" content=\"ABGESAGT - Jahreshauptversammlung - TuS Eschringen\" \/>\n<meta property=\"og:description\" content=\"Aufgrund der momentanen Coronavirus-Situation und den damit verbundenen Empfehlungen, soziale Kontakte auf ein Mindestma\u00df zu reduzieren, findet die f\u00fcr den 27. M\u00e4rz 2020 angesetzte Jahreshauptversammlung nicht statt. Sie wird zu gegebener Zeit nachgeholt. &nbsp; Der TuS Eschringen l\u00e4dt zu seiner diesj\u00e4hrigen Jahreshauptversammlung am Freitag, den 27.03.2020, um 20:15 Uhr, ins Vereinsheim, Andreas-Kremp-Stra\u00dfe 29, 66130 Saarbr\u00fccken, ... alles lesen\" \/>\n<meta property=\"og:url\" content=\"https:\/\/tus.eschringen.de\/wordpress\/event\/jahreshauptversammlung-2\/\" \/>\n<meta property=\"og:site_name\" content=\"TuS Eschringen\" \/>\n<meta property=\"article:publisher\" content=\"https:\/\/www.facebook.com\/TuS.Eschringen\/\" \/>\n<meta property=\"article:modified_time\" content=\"2020-03-16T21:42:17+00:00\" \/>\n<meta name=\"twitter:card\" content=\"summary_large_image\" \/>\n<meta name=\"twitter:label1\" content=\"Gesch\u00e4tzte Lesezeit\" \/>\n\t<meta name=\"twitter:data1\" content=\"1\u00a0Minute\" \/>\n<script type=\"application\/ld+json\" class=\"yoast-schema-graph\">{\"@context\":\"https:\\\/\\\/schema.org\",\"@graph\":[{\"@type\":\"WebPage\",\"@id\":\"https:\\\/\\\/tus.eschringen.de\\\/wordpress\\\/event\\\/jahreshauptversammlung-2\\\/\",\"url\":\"https:\\\/\\\/tus.eschringen.de\\\/wordpress\\\/event\\\/jahreshauptversammlung-2\\\/\",\"name\":\"ABGESAGT - Jahreshauptversammlung - TuS Eschringen\",\"isPartOf\":{\"@id\":\"https:\\\/\\\/tus.eschringen.de\\\/wordpress\\\/#website\"},\"datePublished\":\"2020-02-26T09:01:37+00:00\",\"dateModified\":\"2020-03-16T21:42:17+00:00\",\"breadcrumb\":{\"@id\":\"https:\\\/\\\/tus.eschringen.de\\\/wordpress\\\/event\\\/jahreshauptversammlung-2\\\/#breadcrumb\"},\"inLanguage\":\"de\",\"potentialAction\":[{\"@type\":\"ReadAction\",\"target\":[\"https:\\\/\\\/tus.eschringen.de\\\/wordpress\\\/event\\\/jahreshauptversammlung-2\\\/\"]}]},{\"@type\":\"BreadcrumbList\",\"@id\":\"https:\\\/\\\/tus.eschringen.de\\\/wordpress\\\/event\\\/jahreshauptversammlung-2\\\/#breadcrumb\",\"itemListElement\":[{\"@type\":\"ListItem\",\"position\":1,\"name\":\"Startseite\",\"item\":\"https:\\\/\\\/tus.eschringen.de\\\/wordpress\\\/\"},{\"@type\":\"ListItem\",\"position\":2,\"name\":\"Veranstaltungen\",\"item\":\"https:\\\/\\\/tus.eschringen.de\\\/wordpress\\\/events\\\/\"},{\"@type\":\"ListItem\",\"position\":3,\"name\":\"ABGESAGT &#8211; Jahreshauptversammlung\"}]},{\"@type\":\"WebSite\",\"@id\":\"https:\\\/\\\/tus.eschringen.de\\\/wordpress\\\/#website\",\"url\":\"https:\\\/\\\/tus.eschringen.de\\\/wordpress\\\/\",\"name\":\"TuS Eschringen\",\"description\":\"\",\"publisher\":{\"@id\":\"https:\\\/\\\/tus.eschringen.de\\\/wordpress\\\/#organization\"},\"potentialAction\":[{\"@type\":\"SearchAction\",\"target\":{\"@type\":\"EntryPoint\",\"urlTemplate\":\"https:\\\/\\\/tus.eschringen.de\\\/wordpress\\\/?s={search_term_string}\"},\"query-input\":{\"@type\":\"PropertyValueSpecification\",\"valueRequired\":true,\"valueName\":\"search_term_string\"}}],\"inLanguage\":\"de\"},{\"@type\":\"Organization\",\"@id\":\"https:\\\/\\\/tus.eschringen.de\\\/wordpress\\\/#organization\",\"name\":\"TuS Eschringen\",\"url\":\"https:\\\/\\\/tus.eschringen.de\\\/wordpress\\\/\",\"logo\":{\"@type\":\"ImageObject\",\"inLanguage\":\"de\",\"@id\":\"https:\\\/\\\/tus.eschringen.de\\\/wordpress\\\/#\\\/schema\\\/logo\\\/image\\\/\",\"url\":\"https:\\\/\\\/i0.wp.com\\\/tus.eschringen.de\\\/wordpress\\\/wp-content\\\/uploads\\\/2025\\\/07\\\/Web_kopf.jpg?fit=1260%2C240&ssl=1\",\"contentUrl\":\"https:\\\/\\\/i0.wp.com\\\/tus.eschringen.de\\\/wordpress\\\/wp-content\\\/uploads\\\/2025\\\/07\\\/Web_kopf.jpg?fit=1260%2C240&ssl=1\",\"width\":1260,\"height\":240,\"caption\":\"TuS Eschringen\"},\"image\":{\"@id\":\"https:\\\/\\\/tus.eschringen.de\\\/wordpress\\\/#\\\/schema\\\/logo\\\/image\\\/\"},\"sameAs\":[\"https:\\\/\\\/www.facebook.com\\\/TuS.Eschringen\\\/\",\"https:\\\/\\\/www.instagram.com\\\/tus.eschringen\\\/\"]}]}<\/script>\n<!-- \/ Yoast SEO plugin. -->","yoast_head_json":{"title":"ABGESAGT - Jahreshauptversammlung - TuS Eschringen","robots":{"index":"index","follow":"follow","max-snippet":"max-snippet:-1","max-image-preview":"max-image-preview:large","max-video-preview":"max-video-preview:-1"},"canonical":"https:\/\/tus.eschringen.de\/wordpress\/event\/jahreshauptversammlung-2\/","og_locale":"de_DE","og_type":"article","og_title":"ABGESAGT - Jahreshauptversammlung - TuS Eschringen","og_description":"Aufgrund der momentanen Coronavirus-Situation und den damit verbundenen Empfehlungen, soziale Kontakte auf ein Mindestma\u00df zu reduzieren, findet die f\u00fcr den 27. M\u00e4rz 2020 angesetzte Jahreshauptversammlung nicht statt. Sie wird zu gegebener Zeit nachgeholt. &nbsp; Der TuS Eschringen l\u00e4dt zu seiner diesj\u00e4hrigen Jahreshauptversammlung am Freitag, den 27.03.2020, um 20:15 Uhr, ins Vereinsheim, Andreas-Kremp-Stra\u00dfe 29, 66130 Saarbr\u00fccken, ... alles lesen","og_url":"https:\/\/tus.eschringen.de\/wordpress\/event\/jahreshauptversammlung-2\/","og_site_name":"TuS Eschringen","article_publisher":"https:\/\/www.facebook.com\/TuS.Eschringen\/","article_modified_time":"2020-03-16T21:42:17+00:00","twitter_card":"summary_large_image","twitter_misc":{"Gesch\u00e4tzte Lesezeit":"1\u00a0Minute"},"schema":{"@context":"https:\/\/schema.org","@graph":[{"@type":"WebPage","@id":"https:\/\/tus.eschringen.de\/wordpress\/event\/jahreshauptversammlung-2\/","url":"https:\/\/tus.eschringen.de\/wordpress\/event\/jahreshauptversammlung-2\/","name":"ABGESAGT - Jahreshauptversammlung - TuS Eschringen","isPartOf":{"@id":"https:\/\/tus.eschringen.de\/wordpress\/#website"},"datePublished":"2020-02-26T09:01:37+00:00","dateModified":"2020-03-16T21:42:17+00:00","breadcrumb":{"@id":"https:\/\/tus.eschringen.de\/wordpress\/event\/jahreshauptversammlung-2\/#breadcrumb"},"inLanguage":"de","potentialAction":[{"@type":"ReadAction","target":["https:\/\/tus.eschringen.de\/wordpress\/event\/jahreshauptversammlung-2\/"]}]},{"@type":"BreadcrumbList","@id":"https:\/\/tus.eschringen.de\/wordpress\/event\/jahreshauptversammlung-2\/#breadcrumb","itemListElement":[{"@type":"ListItem","position":1,"name":"Startseite","item":"https:\/\/tus.eschringen.de\/wordpress\/"},{"@type":"ListItem","position":2,"name":"Veranstaltungen","item":"https:\/\/tus.eschringen.de\/wordpress\/events\/"},{"@type":"ListItem","position":3,"name":"ABGESAGT &#8211; Jahreshauptversammlung"}]},{"@type":"WebSite","@id":"https:\/\/tus.eschringen.de\/wordpress\/#website","url":"https:\/\/tus.eschringen.de\/wordpress\/","name":"TuS Eschringen","description":"","publisher":{"@id":"https:\/\/tus.eschringen.de\/wordpress\/#organization"},"potentialAction":[{"@type":"SearchAction","target":{"@type":"EntryPoint","urlTemplate":"https:\/\/tus.eschringen.de\/wordpress\/?s={search_term_string}"},"query-input":{"@type":"PropertyValueSpecification","valueRequired":true,"valueName":"search_term_string"}}],"inLanguage":"de"},{"@type":"Organization","@id":"https:\/\/tus.eschringen.de\/wordpress\/#organization","name":"TuS Eschringen","url":"https:\/\/tus.eschringen.de\/wordpress\/","logo":{"@type":"ImageObject","inLanguage":"de","@id":"https:\/\/tus.eschringen.de\/wordpress\/#\/schema\/logo\/image\/","url":"https:\/\/i0.wp.com\/tus.eschringen.de\/wordpress\/wp-content\/uploads\/2025\/07\/Web_kopf.jpg?fit=1260%2C240&ssl=1","contentUrl":"https:\/\/i0.wp.com\/tus.eschringen.de\/wordpress\/wp-content\/uploads\/2025\/07\/Web_kopf.jpg?fit=1260%2C240&ssl=1","width":1260,"height":240,"caption":"TuS Eschringen"},"image":{"@id":"https:\/\/tus.eschringen.de\/wordpress\/#\/schema\/logo\/image\/"},"sameAs":["https:\/\/www.facebook.com\/TuS.Eschringen\/","https:\/\/www.instagram.com\/tus.eschringen\/"]}]}},"jetpack_sharing_enabled":true,"_links":{"self":[{"href":"https:\/\/tus.eschringen.de\/wordpress\/wp-json\/wp\/v2\/tribe_events\/2588","targetHints":{"allow":["GET"]}}],"collection":[{"href":"https:\/\/tus.eschringen.de\/wordpress\/wp-json\/wp\/v2\/tribe_events"}],"about":[{"href":"https:\/\/tus.eschringen.de\/wordpress\/wp-json\/wp\/v2\/types\/tribe_events"}],"author":[{"embeddable":true,"href":"https:\/\/tus.eschringen.de\/wordpress\/wp-json\/wp\/v2\/users\/1"}],"version-history":[{"count":2,"href":"https:\/\/tus.eschringen.de\/wordpress\/wp-json\/wp\/v2\/tribe_events\/2588\/revisions"}],"predecessor-version":[{"id":2627,"href":"https:\/\/tus.eschringen.de\/wordpress\/wp-json\/wp\/v2\/tribe_events\/2588\/revisions\/2627"}],"wp:attachment":[{"href":"https:\/\/tus.eschringen.de\/wordpress\/wp-json\/wp\/v2\/media?parent=2588"}],"wp:term":[{"taxonomy":"post_tag","embeddable":true,"href":"https:\/\/tus.eschringen.de\/wordpress\/wp-json\/wp\/v2\/tags?post=2588"},{"taxonomy":"tribe_events_cat","embeddable":true,"href":"https:\/\/tus.eschringen.de\/wordpress\/wp-json\/wp\/v2\/tribe_events_cat?post=2588"}],"curies":[{"name":"wp","href":"https:\/\/api.w.org\/{rel}","templated":true}]}}

<p><span style="color: #ff0000;"><strong>Aufgrund der momentanen Coronavirus-Situation und den damit verbundenen Empfehlungen, soziale Kontakte auf ein Mindestmaß zu reduzieren, findet die für den 27. März 2020 angesetzte Jahreshauptversammlung nicht statt. Sie wird zu gegebener Zeit nachgeholt.</strong></span></p>
<p>&nbsp;</p>
<p>Der TuS Eschringen lädt zu seiner diesjährigen Jahreshauptversammlung am Freitag, den 27.03.2020, um 20:15 Uhr, ins Vereinsheim, Andreas-Kremp-Straße 29, 66130 Saarbrücken, ein.</p>
<p>Tagesordnung:</p>
<ol>
<li>Begrüßung und Eröffnung der Versammlung</li>
<li>Feststellung der ordnungsgemäßen Einladung</li>
<li>Feststellung der Beschlussfähigkeit</li>
<li>Genehmigung der Tagesordnung</li>
<li>Totengedenken</li>
<li>Genehmigung des Protokolls der Mitgliederversammlung vom 05.04.2019</li>
<li>Bericht des Vorsitzenden über das abgelaufene Jahr</li>
<li>Tätigkeitsberichte der Abteilungsleiter</li>
<li>Finanzbericht des 1. Kassierers</li>
<li>Bericht der Kassenprüfer</li>
<li>Aussprache über die Berichte</li>
<li>Wahl eines Versammlungsleiters</li>
<li>Entlastung des Vorstands</li>
<li>Neuwahlen des Vorstandes/der Kassenprüfer</li>
<li>Anträge (Frist bis 22.03.2020, Eingang beim Vorsitzenden)</li>
<li>Aussprache / Verschiedenes</li>
<li>Schlusswort des Vorsitzenden</li>
</ol>
<p>Ich lade alle Mitglieder*innen und Interessierten herzlich ein, die Mitgliederversammlung zu besuchen und sich aktiv am Vereinsgeschehen zu beteiligen.</p>
<p>Sportliche Grüße<br />
Stefan Pönicke, 1. Vorsitzender</p>

<p>Aufgrund der momentanen Coronavirus-Situation und den damit verbundenen Empfehlungen, soziale Kontakte auf ein Mindestmaß zu reduzieren, findet die für den 27. März 2020 angesetzte Jahreshauptversammlung nicht statt. Sie wird zu gegebener Zeit nachgeholt. &nbsp; Der TuS Eschringen lädt zu seiner diesjährigen Jahreshauptversammlung am Freitag, den 27.03.2020, um 20:15 Uhr, ins Vereinsheim, Andreas-Kremp-Straße 29, 66130 Saarbrücken, &#8230; </p>
<p class="read-more-container"><a title="ABGESAGT &#8211; Jahreshauptversammlung" class="read-more button" href="https://tus.eschringen.de/wordpress/event/jahreshauptversammlung-2/#more-2588" aria-label="Mehr Informationen über ABGESAGT &#8211; Jahreshauptversammlung">alles lesen</a></p>

<!-- This site is optimized with the Yoast SEO plugin v27.4 - https://yoast.com/product/yoast-seo-wordpress/ -->
<title>ABGESAGT - Jahreshauptversammlung - TuS Eschringen</title>
<meta name="robots" content="index, follow, max-snippet:-1, max-image-preview:large, max-video-preview:-1" />
<link rel="canonical" href="https://tus.eschringen.de/wordpress/event/jahreshauptversammlung-2/" />
<meta property="og:locale" content="de_DE" />
<meta property="og:type" content="article" />
<meta property="og:title" content="ABGESAGT - Jahreshauptversammlung - TuS Eschringen" />
<meta property="og:description" content="Aufgrund der momentanen Coronavirus-Situation und den damit verbundenen Empfehlungen, soziale Kontakte auf ein Mindestmaß zu reduzieren, findet die für den 27. März 2020 angesetzte Jahreshauptversammlung nicht statt. Sie wird zu gegebener Zeit nachgeholt. &nbsp; Der TuS Eschringen lädt zu seiner diesjährigen Jahreshauptversammlung am Freitag, den 27.03.2020, um 20:15 Uhr, ins Vereinsheim, Andreas-Kremp-Straße 29, 66130 Saarbrücken, ... alles lesen" />
<meta property="og:url" content="https://tus.eschringen.de/wordpress/event/jahreshauptversammlung-2/" />
<meta property="og:site_name" content="TuS Eschringen" />
<meta property="article:publisher" content="https://www.facebook.com/TuS.Eschringen/" />
<meta property="article:modified_time" content="2020-03-16T21:42:17+00:00" />
<meta name="twitter:card" content="summary_large_image" />
<meta name="twitter:label1" content="Geschätzte Lesezeit" />
	<meta name="twitter:data1" content="1 Minute" />
<script type="application/ld+json" class="yoast-schema-graph">{"@context":"https:\/\/schema.org","@graph":[{"@type":"WebPage","@id":"https:\/\/tus.eschringen.de\/wordpress\/event\/jahreshauptversammlung-2\/","url":"https:\/\/tus.eschringen.de\/wordpress\/event\/jahreshauptversammlung-2\/","name":"ABGESAGT - Jahreshauptversammlung - TuS Eschringen","isPartOf":{"@id":"https:\/\/tus.eschringen.de\/wordpress\/#website"},"datePublished":"2020-02-26T09:01:37+00:00","dateModified":"2020-03-16T21:42:17+00:00","breadcrumb":{"@id":"https:\/\/tus.eschringen.de\/wordpress\/event\/jahreshauptversammlung-2\/#breadcrumb"},"inLanguage":"de","potentialAction":[{"@type":"ReadAction","target":["https:\/\/tus.eschringen.de\/wordpress\/event\/jahreshauptversammlung-2\/"]}]},{"@type":"BreadcrumbList","@id":"https:\/\/tus.eschringen.de\/wordpress\/event\/jahreshauptversammlung-2\/#breadcrumb","itemListElement":[{"@type":"ListItem","position":1,"name":"Startseite","item":"https:\/\/tus.eschringen.de\/wordpress\/"},{"@type":"ListItem","position":2,"name":"Veranstaltungen","item":"https:\/\/tus.eschringen.de\/wordpress\/events\/"},{"@type":"ListItem","position":3,"name":"ABGESAGT &#8211; Jahreshauptversammlung"}]},{"@type":"WebSite","@id":"https:\/\/tus.eschringen.de\/wordpress\/#website","url":"https:\/\/tus.eschringen.de\/wordpress\/","name":"TuS Eschringen","description":"","publisher":{"@id":"https:\/\/tus.eschringen.de\/wordpress\/#organization"},"potentialAction":[{"@type":"SearchAction","target":{"@type":"EntryPoint","urlTemplate":"https:\/\/tus.eschringen.de\/wordpress\/?s={search_term_string}"},"query-input":{"@type":"PropertyValueSpecification","valueRequired":true,"valueName":"search_term_string"}}],"inLanguage":"de"},{"@type":"Organization","@id":"https:\/\/tus.eschringen.de\/wordpress\/#organization","name":"TuS Eschringen","url":"https:\/\/tus.eschringen.de\/wordpress\/","logo":{"@type":"ImageObject","inLanguage":"de","@id":"https:\/\/tus.eschringen.de\/wordpress\/#\/schema\/logo\/image\/","url":"https:\/\/i0.wp.com\/tus.eschringen.de\/wordpress\/wp-content\/uploads\/2025\/07\/Web_kopf.jpg?fit=1260%2C240&ssl=1","contentUrl":"https:\/\/i0.wp.com\/tus.eschringen.de\/wordpress\/wp-content\/uploads\/2025\/07\/Web_kopf.jpg?fit=1260%2C240&ssl=1","width":1260,"height":240,"caption":"TuS Eschringen"},"image":{"@id":"https:\/\/tus.eschringen.de\/wordpress\/#\/schema\/logo\/image\/"},"sameAs":["https:\/\/www.facebook.com\/TuS.Eschringen\/","https:\/\/www.instagram.com\/tus.eschringen\/"]}]}</script>
<!-- / Yoast SEO plugin. -->

Aufgrund der momentanen Coronavirus-Situation und den damit verbundenen Empfehlungen, soziale Kontakte auf ein Mindestmaß zu reduzieren, findet die für den 27. März 2020 angesetzte Jahreshauptversammlung nicht statt. Sie wird zu gegebener Zeit nachgeholt. &nbsp; Der TuS Eschringen lädt zu seiner diesjährigen Jahreshauptversammlung am Freitag, den 27.03.2020, um 20:15 Uhr, ins Vereinsheim, Andreas-Kremp-Straße 29, 66130 Saarbrücken, ... alles lesen
