{"id":1513,"date":"2018-08-16T14:07:47","date_gmt":"2018-08-16T12:07:47","guid":{"rendered":"http:\/\/tus.eschringen.de\/wordpress\/?post_type=tribe_events&#038;p=1513"},"modified":"2018-09-05T23:24:18","modified_gmt":"2018-09-05T21:24:18","slug":"tus-eschringen-ii-sv-gersweiler-ii","status":"publish","type":"tribe_events","link":"https:\/\/tus.eschringen.de\/wordpress\/event\/tus-eschringen-ii-sv-gersweiler-ii\/","title":{"rendered":"TuS Eschringen II &#8211; SV Gersweiler III"},"content":{"rendered":"\n\n\n\n<div class=\"tribe-events-single-event-description tribe-events-content\">\n<p><strong>Kreisliga A Saarbr\u00fccken<br \/><\/strong><\/p>\n<p>5. Spieltag<\/p>\n<p>TuS Eschringen II &#8211; SV Gersweiler III <span style=\"color: #ff0000;\"><strong>2:0 <\/strong><\/span>(1:0)<\/p>\n<p><strong>Spielbericht:<\/strong><\/p>\n<p>Auch der Tabellenf\u00fchrer konnte unsere zweite Mannschaft nicht stoppen. Mit einer b\u00e4renstarken Defensive legte man den Grundstein zum Erfolg.<\/p>\n<p>Die G\u00e4ste hatten vom Anpfiff weg mehr Ballbesitz und versuchten uns, ihr Spiel aufzuzw\u00e4ngen. Das gelang lediglich im ungef\u00e4hrlichen Bereich. Im Abschlussbereich konnte unsere Defensive, an der sich die gesamte Mannschaft erfolgreich beteiligte, die entscheidenden Zweik\u00e4mpfe immer wieder gewinnen. Was dennoch durchkam war die sichere Beute unseres Torwarts Justin Strassner. Unsere Zweite wurde ihrerseits bei Gegenst\u00f6\u00dfen und Standards immer wieder gef\u00e4hrlich. So f\u00fchrte ein von Peter Meyer aus dem Halbfeld geschlagener Freisto\u00df und eine Kopfballverl\u00e4ngerung von Paul Vogelgesang bereits in der 6. Minute zum F\u00fchrungstreffer. Auch in der Folge hatte unser Team die gr\u00f6\u00dferen M\u00f6glichkeiten, vers\u00e4umte es aber, entscheidend nachzulegen. Die angewandte Taktik, den Gegner kommen zu lassen und bei dessen Ballverlusten, aus dem Umschaltspiel heraus, schnell nach vorne zu kommen, ging voll auf. Bis zum Ende \u00e4nderte sich an den von beiden Mannschaften angewandten Schemen nichts. Ab der 70. Spielminute wurde das Spiel aufgrund einer schweren Verletzung des G\u00e4stespielers Matthias Wintrich f\u00fcr ca. eine Dreiviertelstunde unterbrochen. Unser Team blieb auch danach konzentriert und versetzte dem Gegner eine Viertelstunde vor dem Ende durch einen fulminanten Schuss von Paul Vogelgesang den entscheidenden Sto\u00df. Danach brachte man den Zwei-Tore-Vorsprung routiniert \u00fcber die Runden.<\/p>\n<p>In einem tollen Zweitmannschaftsspiel behielt der TuS dank einer taktischen Meisterleistung verdienterma\u00dfen die Oberhand und schaffte es, den bis dahin ungeschlagenen Tabellenf\u00fchrer ohne Gegentor, mit einer Niederlage nach Hause zu schicken.<\/p>\n<p><strong>Torsch\u00fctzen:<\/strong><\/p>\n<p>1:0 (6.) Paul Vogelgesang<\/p>\n<p>2:0 (75.) Paul Vogelgesang<\/p>\n<\/div>\n\n\n\n\n\n","protected":false},"excerpt":{"rendered":"<p>Kreisliga A Saarbr\u00fccken 5. Spieltag TuS Eschringen II &#8211; SV Gersweiler III 2:0 (1:0) Spielbericht: Auch der Tabellenf\u00fchrer konnte unsere zweite Mannschaft nicht stoppen. Mit einer b\u00e4renstarken Defensive legte man den Grundstein zum Erfolg. Die G\u00e4ste hatten vom Anpfiff weg mehr Ballbesitz und versuchten uns, ihr Spiel aufzuzw\u00e4ngen. Das gelang lediglich im ungef\u00e4hrlichen Bereich. Im &#8230; <\/p>\n<p class=\"read-more-container\"><a title=\"TuS Eschringen II &#8211; SV Gersweiler III\" class=\"read-more button\" href=\"https:\/\/tus.eschringen.de\/wordpress\/event\/tus-eschringen-ii-sv-gersweiler-ii\/#more-1513\" aria-label=\"Mehr Informationen \u00fcber TuS Eschringen II &#8211; SV Gersweiler III\">alles lesen<\/a><\/p>\n","protected":false},"author":1,"featured_media":0,"template":"","meta":{"generate_page_header":"","_tribe_events_status":"","_tribe_events_status_reason":"","footnotes":""},"tags":[],"tribe_events_cat":[9],"class_list":["post-1513","tribe_events","type-tribe_events","status-publish","hentry","tribe_events_cat-kreisliga-a-saarbruecken","cat_kreisliga-a-saarbruecken"],"yoast_head":"<!-- This site is optimized with the Yoast SEO plugin v27.4 - https:\/\/yoast.com\/product\/yoast-seo-wordpress\/ -->\n<title>TuS Eschringen II - SV Gersweiler III - TuS Eschringen<\/title>\n<meta name=\"robots\" content=\"index, follow, max-snippet:-1, max-image-preview:large, max-video-preview:-1\" \/>\n<link rel=\"canonical\" href=\"https:\/\/tus.eschringen.de\/wordpress\/event\/tus-eschringen-ii-sv-gersweiler-ii\/\" \/>\n<meta property=\"og:locale\" content=\"de_DE\" \/>\n<meta property=\"og:type\" content=\"article\" \/>\n<meta property=\"og:title\" content=\"TuS Eschringen II - SV Gersweiler III - TuS Eschringen\" \/>\n<meta property=\"og:description\" content=\"Kreisliga A Saarbr\u00fccken 5. Spieltag TuS Eschringen II &#8211; SV Gersweiler III 2:0 (1:0) Spielbericht: Auch der Tabellenf\u00fchrer konnte unsere zweite Mannschaft nicht stoppen. Mit einer b\u00e4renstarken Defensive legte man den Grundstein zum Erfolg. Die G\u00e4ste hatten vom Anpfiff weg mehr Ballbesitz und versuchten uns, ihr Spiel aufzuzw\u00e4ngen. Das gelang lediglich im ungef\u00e4hrlichen Bereich. Im ... alles lesen\" \/>\n<meta property=\"og:url\" content=\"https:\/\/tus.eschringen.de\/wordpress\/event\/tus-eschringen-ii-sv-gersweiler-ii\/\" \/>\n<meta property=\"og:site_name\" content=\"TuS Eschringen\" \/>\n<meta property=\"article:publisher\" content=\"https:\/\/www.facebook.com\/TuS.Eschringen\/\" \/>\n<meta property=\"article:modified_time\" content=\"2018-09-05T21:24:18+00:00\" \/>\n<meta name=\"twitter:card\" content=\"summary_large_image\" \/>\n<meta name=\"twitter:label1\" content=\"Gesch\u00e4tzte Lesezeit\" \/>\n\t<meta name=\"twitter:data1\" content=\"1\u00a0Minute\" \/>\n<script type=\"application\/ld+json\" class=\"yoast-schema-graph\">{\"@context\":\"https:\\\/\\\/schema.org\",\"@graph\":[{\"@type\":\"WebPage\",\"@id\":\"https:\\\/\\\/tus.eschringen.de\\\/wordpress\\\/event\\\/tus-eschringen-ii-sv-gersweiler-ii\\\/\",\"url\":\"https:\\\/\\\/tus.eschringen.de\\\/wordpress\\\/event\\\/tus-eschringen-ii-sv-gersweiler-ii\\\/\",\"name\":\"TuS Eschringen II - SV Gersweiler III - TuS Eschringen\",\"isPartOf\":{\"@id\":\"https:\\\/\\\/tus.eschringen.de\\\/wordpress\\\/#website\"},\"datePublished\":\"2018-08-16T12:07:47+00:00\",\"dateModified\":\"2018-09-05T21:24:18+00:00\",\"breadcrumb\":{\"@id\":\"https:\\\/\\\/tus.eschringen.de\\\/wordpress\\\/event\\\/tus-eschringen-ii-sv-gersweiler-ii\\\/#breadcrumb\"},\"inLanguage\":\"de\",\"potentialAction\":[{\"@type\":\"ReadAction\",\"target\":[\"https:\\\/\\\/tus.eschringen.de\\\/wordpress\\\/event\\\/tus-eschringen-ii-sv-gersweiler-ii\\\/\"]}]},{\"@type\":\"BreadcrumbList\",\"@id\":\"https:\\\/\\\/tus.eschringen.de\\\/wordpress\\\/event\\\/tus-eschringen-ii-sv-gersweiler-ii\\\/#breadcrumb\",\"itemListElement\":[{\"@type\":\"ListItem\",\"position\":1,\"name\":\"Startseite\",\"item\":\"https:\\\/\\\/tus.eschringen.de\\\/wordpress\\\/\"},{\"@type\":\"ListItem\",\"position\":2,\"name\":\"Veranstaltungen\",\"item\":\"https:\\\/\\\/tus.eschringen.de\\\/wordpress\\\/events\\\/\"},{\"@type\":\"ListItem\",\"position\":3,\"name\":\"TuS Eschringen II &#8211; SV Gersweiler III\"}]},{\"@type\":\"WebSite\",\"@id\":\"https:\\\/\\\/tus.eschringen.de\\\/wordpress\\\/#website\",\"url\":\"https:\\\/\\\/tus.eschringen.de\\\/wordpress\\\/\",\"name\":\"TuS Eschringen\",\"description\":\"\",\"publisher\":{\"@id\":\"https:\\\/\\\/tus.eschringen.de\\\/wordpress\\\/#organization\"},\"potentialAction\":[{\"@type\":\"SearchAction\",\"target\":{\"@type\":\"EntryPoint\",\"urlTemplate\":\"https:\\\/\\\/tus.eschringen.de\\\/wordpress\\\/?s={search_term_string}\"},\"query-input\":{\"@type\":\"PropertyValueSpecification\",\"valueRequired\":true,\"valueName\":\"search_term_string\"}}],\"inLanguage\":\"de\"},{\"@type\":\"Organization\",\"@id\":\"https:\\\/\\\/tus.eschringen.de\\\/wordpress\\\/#organization\",\"name\":\"TuS Eschringen\",\"url\":\"https:\\\/\\\/tus.eschringen.de\\\/wordpress\\\/\",\"logo\":{\"@type\":\"ImageObject\",\"inLanguage\":\"de\",\"@id\":\"https:\\\/\\\/tus.eschringen.de\\\/wordpress\\\/#\\\/schema\\\/logo\\\/image\\\/\",\"url\":\"https:\\\/\\\/i0.wp.com\\\/tus.eschringen.de\\\/wordpress\\\/wp-content\\\/uploads\\\/2025\\\/07\\\/Web_kopf.jpg?fit=1260%2C240&ssl=1\",\"contentUrl\":\"https:\\\/\\\/i0.wp.com\\\/tus.eschringen.de\\\/wordpress\\\/wp-content\\\/uploads\\\/2025\\\/07\\\/Web_kopf.jpg?fit=1260%2C240&ssl=1\",\"width\":1260,\"height\":240,\"caption\":\"TuS Eschringen\"},\"image\":{\"@id\":\"https:\\\/\\\/tus.eschringen.de\\\/wordpress\\\/#\\\/schema\\\/logo\\\/image\\\/\"},\"sameAs\":[\"https:\\\/\\\/www.facebook.com\\\/TuS.Eschringen\\\/\",\"https:\\\/\\\/www.instagram.com\\\/tus.eschringen\\\/\"]}]}<\/script>\n<!-- \/ Yoast SEO plugin. -->","yoast_head_json":{"title":"TuS Eschringen II - SV Gersweiler III - TuS Eschringen","robots":{"index":"index","follow":"follow","max-snippet":"max-snippet:-1","max-image-preview":"max-image-preview:large","max-video-preview":"max-video-preview:-1"},"canonical":"https:\/\/tus.eschringen.de\/wordpress\/event\/tus-eschringen-ii-sv-gersweiler-ii\/","og_locale":"de_DE","og_type":"article","og_title":"TuS Eschringen II - SV Gersweiler III - TuS Eschringen","og_description":"Kreisliga A Saarbr\u00fccken 5. Spieltag TuS Eschringen II &#8211; SV Gersweiler III 2:0 (1:0) Spielbericht: Auch der Tabellenf\u00fchrer konnte unsere zweite Mannschaft nicht stoppen. Mit einer b\u00e4renstarken Defensive legte man den Grundstein zum Erfolg. Die G\u00e4ste hatten vom Anpfiff weg mehr Ballbesitz und versuchten uns, ihr Spiel aufzuzw\u00e4ngen. Das gelang lediglich im ungef\u00e4hrlichen Bereich. Im ... alles lesen","og_url":"https:\/\/tus.eschringen.de\/wordpress\/event\/tus-eschringen-ii-sv-gersweiler-ii\/","og_site_name":"TuS Eschringen","article_publisher":"https:\/\/www.facebook.com\/TuS.Eschringen\/","article_modified_time":"2018-09-05T21:24:18+00:00","twitter_card":"summary_large_image","twitter_misc":{"Gesch\u00e4tzte Lesezeit":"1\u00a0Minute"},"schema":{"@context":"https:\/\/schema.org","@graph":[{"@type":"WebPage","@id":"https:\/\/tus.eschringen.de\/wordpress\/event\/tus-eschringen-ii-sv-gersweiler-ii\/","url":"https:\/\/tus.eschringen.de\/wordpress\/event\/tus-eschringen-ii-sv-gersweiler-ii\/","name":"TuS Eschringen II - SV Gersweiler III - TuS Eschringen","isPartOf":{"@id":"https:\/\/tus.eschringen.de\/wordpress\/#website"},"datePublished":"2018-08-16T12:07:47+00:00","dateModified":"2018-09-05T21:24:18+00:00","breadcrumb":{"@id":"https:\/\/tus.eschringen.de\/wordpress\/event\/tus-eschringen-ii-sv-gersweiler-ii\/#breadcrumb"},"inLanguage":"de","potentialAction":[{"@type":"ReadAction","target":["https:\/\/tus.eschringen.de\/wordpress\/event\/tus-eschringen-ii-sv-gersweiler-ii\/"]}]},{"@type":"BreadcrumbList","@id":"https:\/\/tus.eschringen.de\/wordpress\/event\/tus-eschringen-ii-sv-gersweiler-ii\/#breadcrumb","itemListElement":[{"@type":"ListItem","position":1,"name":"Startseite","item":"https:\/\/tus.eschringen.de\/wordpress\/"},{"@type":"ListItem","position":2,"name":"Veranstaltungen","item":"https:\/\/tus.eschringen.de\/wordpress\/events\/"},{"@type":"ListItem","position":3,"name":"TuS Eschringen II &#8211; SV Gersweiler III"}]},{"@type":"WebSite","@id":"https:\/\/tus.eschringen.de\/wordpress\/#website","url":"https:\/\/tus.eschringen.de\/wordpress\/","name":"TuS Eschringen","description":"","publisher":{"@id":"https:\/\/tus.eschringen.de\/wordpress\/#organization"},"potentialAction":[{"@type":"SearchAction","target":{"@type":"EntryPoint","urlTemplate":"https:\/\/tus.eschringen.de\/wordpress\/?s={search_term_string}"},"query-input":{"@type":"PropertyValueSpecification","valueRequired":true,"valueName":"search_term_string"}}],"inLanguage":"de"},{"@type":"Organization","@id":"https:\/\/tus.eschringen.de\/wordpress\/#organization","name":"TuS Eschringen","url":"https:\/\/tus.eschringen.de\/wordpress\/","logo":{"@type":"ImageObject","inLanguage":"de","@id":"https:\/\/tus.eschringen.de\/wordpress\/#\/schema\/logo\/image\/","url":"https:\/\/i0.wp.com\/tus.eschringen.de\/wordpress\/wp-content\/uploads\/2025\/07\/Web_kopf.jpg?fit=1260%2C240&ssl=1","contentUrl":"https:\/\/i0.wp.com\/tus.eschringen.de\/wordpress\/wp-content\/uploads\/2025\/07\/Web_kopf.jpg?fit=1260%2C240&ssl=1","width":1260,"height":240,"caption":"TuS Eschringen"},"image":{"@id":"https:\/\/tus.eschringen.de\/wordpress\/#\/schema\/logo\/image\/"},"sameAs":["https:\/\/www.facebook.com\/TuS.Eschringen\/","https:\/\/www.instagram.com\/tus.eschringen\/"]}]}},"jetpack_sharing_enabled":true,"_links":{"self":[{"href":"https:\/\/tus.eschringen.de\/wordpress\/wp-json\/wp\/v2\/tribe_events\/1513","targetHints":{"allow":["GET"]}}],"collection":[{"href":"https:\/\/tus.eschringen.de\/wordpress\/wp-json\/wp\/v2\/tribe_events"}],"about":[{"href":"https:\/\/tus.eschringen.de\/wordpress\/wp-json\/wp\/v2\/types\/tribe_events"}],"author":[{"embeddable":true,"href":"https:\/\/tus.eschringen.de\/wordpress\/wp-json\/wp\/v2\/users\/1"}],"version-history":[{"count":5,"href":"https:\/\/tus.eschringen.de\/wordpress\/wp-json\/wp\/v2\/tribe_events\/1513\/revisions"}],"predecessor-version":[{"id":1668,"href":"https:\/\/tus.eschringen.de\/wordpress\/wp-json\/wp\/v2\/tribe_events\/1513\/revisions\/1668"}],"wp:attachment":[{"href":"https:\/\/tus.eschringen.de\/wordpress\/wp-json\/wp\/v2\/media?parent=1513"}],"wp:term":[{"taxonomy":"post_tag","embeddable":true,"href":"https:\/\/tus.eschringen.de\/wordpress\/wp-json\/wp\/v2\/tags?post=1513"},{"taxonomy":"tribe_events_cat","embeddable":true,"href":"https:\/\/tus.eschringen.de\/wordpress\/wp-json\/wp\/v2\/tribe_events_cat?post=1513"}],"curies":[{"name":"wp","href":"https:\/\/api.w.org\/{rel}","templated":true}]}}

<div class="tribe-events-single-event-description tribe-events-content">
<p><strong>Kreisliga A Saarbrücken<br /></strong></p>
<p>5. Spieltag</p>
<p>TuS Eschringen II &#8211; SV Gersweiler III <span style="color: #ff0000;"><strong>2:0 </strong></span>(1:0)</p>
<p><strong>Spielbericht:</strong></p>
<p>Auch der Tabellenführer konnte unsere zweite Mannschaft nicht stoppen. Mit einer bärenstarken Defensive legte man den Grundstein zum Erfolg.</p>
<p>Die Gäste hatten vom Anpfiff weg mehr Ballbesitz und versuchten uns, ihr Spiel aufzuzwängen. Das gelang lediglich im ungefährlichen Bereich. Im Abschlussbereich konnte unsere Defensive, an der sich die gesamte Mannschaft erfolgreich beteiligte, die entscheidenden Zweikämpfe immer wieder gewinnen. Was dennoch durchkam war die sichere Beute unseres Torwarts Justin Strassner. Unsere Zweite wurde ihrerseits bei Gegenstößen und Standards immer wieder gefährlich. So führte ein von Peter Meyer aus dem Halbfeld geschlagener Freistoß und eine Kopfballverlängerung von Paul Vogelgesang bereits in der 6. Minute zum Führungstreffer. Auch in der Folge hatte unser Team die größeren Möglichkeiten, versäumte es aber, entscheidend nachzulegen. Die angewandte Taktik, den Gegner kommen zu lassen und bei dessen Ballverlusten, aus dem Umschaltspiel heraus, schnell nach vorne zu kommen, ging voll auf. Bis zum Ende änderte sich an den von beiden Mannschaften angewandten Schemen nichts. Ab der 70. Spielminute wurde das Spiel aufgrund einer schweren Verletzung des Gästespielers Matthias Wintrich für ca. eine Dreiviertelstunde unterbrochen. Unser Team blieb auch danach konzentriert und versetzte dem Gegner eine Viertelstunde vor dem Ende durch einen fulminanten Schuss von Paul Vogelgesang den entscheidenden Stoß. Danach brachte man den Zwei-Tore-Vorsprung routiniert über die Runden.</p>
<p>In einem tollen Zweitmannschaftsspiel behielt der TuS dank einer taktischen Meisterleistung verdientermaßen die Oberhand und schaffte es, den bis dahin ungeschlagenen Tabellenführer ohne Gegentor, mit einer Niederlage nach Hause zu schicken.</p>
<p><strong>Torschützen:</strong></p>
<p>1:0 (6.) Paul Vogelgesang</p>
<p>2:0 (75.) Paul Vogelgesang</p>
</div>

<p>Kreisliga A Saarbrücken 5. Spieltag TuS Eschringen II &#8211; SV Gersweiler III 2:0 (1:0) Spielbericht: Auch der Tabellenführer konnte unsere zweite Mannschaft nicht stoppen. Mit einer bärenstarken Defensive legte man den Grundstein zum Erfolg. Die Gäste hatten vom Anpfiff weg mehr Ballbesitz und versuchten uns, ihr Spiel aufzuzwängen. Das gelang lediglich im ungefährlichen Bereich. Im &#8230; </p>
<p class="read-more-container"><a title="TuS Eschringen II &#8211; SV Gersweiler III" class="read-more button" href="https://tus.eschringen.de/wordpress/event/tus-eschringen-ii-sv-gersweiler-ii/#more-1513" aria-label="Mehr Informationen über TuS Eschringen II &#8211; SV Gersweiler III">alles lesen</a></p>

<!-- This site is optimized with the Yoast SEO plugin v27.4 - https://yoast.com/product/yoast-seo-wordpress/ -->
<title>TuS Eschringen II - SV Gersweiler III - TuS Eschringen</title>
<meta name="robots" content="index, follow, max-snippet:-1, max-image-preview:large, max-video-preview:-1" />
<link rel="canonical" href="https://tus.eschringen.de/wordpress/event/tus-eschringen-ii-sv-gersweiler-ii/" />
<meta property="og:locale" content="de_DE" />
<meta property="og:type" content="article" />
<meta property="og:title" content="TuS Eschringen II - SV Gersweiler III - TuS Eschringen" />
<meta property="og:description" content="Kreisliga A Saarbrücken 5. Spieltag TuS Eschringen II &#8211; SV Gersweiler III 2:0 (1:0) Spielbericht: Auch der Tabellenführer konnte unsere zweite Mannschaft nicht stoppen. Mit einer bärenstarken Defensive legte man den Grundstein zum Erfolg. Die Gäste hatten vom Anpfiff weg mehr Ballbesitz und versuchten uns, ihr Spiel aufzuzwängen. Das gelang lediglich im ungefährlichen Bereich. Im ... alles lesen" />
<meta property="og:url" content="https://tus.eschringen.de/wordpress/event/tus-eschringen-ii-sv-gersweiler-ii/" />
<meta property="og:site_name" content="TuS Eschringen" />
<meta property="article:publisher" content="https://www.facebook.com/TuS.Eschringen/" />
<meta property="article:modified_time" content="2018-09-05T21:24:18+00:00" />
<meta name="twitter:card" content="summary_large_image" />
<meta name="twitter:label1" content="Geschätzte Lesezeit" />
	<meta name="twitter:data1" content="1 Minute" />
<script type="application/ld+json" class="yoast-schema-graph">{"@context":"https:\/\/schema.org","@graph":[{"@type":"WebPage","@id":"https:\/\/tus.eschringen.de\/wordpress\/event\/tus-eschringen-ii-sv-gersweiler-ii\/","url":"https:\/\/tus.eschringen.de\/wordpress\/event\/tus-eschringen-ii-sv-gersweiler-ii\/","name":"TuS Eschringen II - SV Gersweiler III - TuS Eschringen","isPartOf":{"@id":"https:\/\/tus.eschringen.de\/wordpress\/#website"},"datePublished":"2018-08-16T12:07:47+00:00","dateModified":"2018-09-05T21:24:18+00:00","breadcrumb":{"@id":"https:\/\/tus.eschringen.de\/wordpress\/event\/tus-eschringen-ii-sv-gersweiler-ii\/#breadcrumb"},"inLanguage":"de","potentialAction":[{"@type":"ReadAction","target":["https:\/\/tus.eschringen.de\/wordpress\/event\/tus-eschringen-ii-sv-gersweiler-ii\/"]}]},{"@type":"BreadcrumbList","@id":"https:\/\/tus.eschringen.de\/wordpress\/event\/tus-eschringen-ii-sv-gersweiler-ii\/#breadcrumb","itemListElement":[{"@type":"ListItem","position":1,"name":"Startseite","item":"https:\/\/tus.eschringen.de\/wordpress\/"},{"@type":"ListItem","position":2,"name":"Veranstaltungen","item":"https:\/\/tus.eschringen.de\/wordpress\/events\/"},{"@type":"ListItem","position":3,"name":"TuS Eschringen II &#8211; SV Gersweiler III"}]},{"@type":"WebSite","@id":"https:\/\/tus.eschringen.de\/wordpress\/#website","url":"https:\/\/tus.eschringen.de\/wordpress\/","name":"TuS Eschringen","description":"","publisher":{"@id":"https:\/\/tus.eschringen.de\/wordpress\/#organization"},"potentialAction":[{"@type":"SearchAction","target":{"@type":"EntryPoint","urlTemplate":"https:\/\/tus.eschringen.de\/wordpress\/?s={search_term_string}"},"query-input":{"@type":"PropertyValueSpecification","valueRequired":true,"valueName":"search_term_string"}}],"inLanguage":"de"},{"@type":"Organization","@id":"https:\/\/tus.eschringen.de\/wordpress\/#organization","name":"TuS Eschringen","url":"https:\/\/tus.eschringen.de\/wordpress\/","logo":{"@type":"ImageObject","inLanguage":"de","@id":"https:\/\/tus.eschringen.de\/wordpress\/#\/schema\/logo\/image\/","url":"https:\/\/i0.wp.com\/tus.eschringen.de\/wordpress\/wp-content\/uploads\/2025\/07\/Web_kopf.jpg?fit=1260%2C240&ssl=1","contentUrl":"https:\/\/i0.wp.com\/tus.eschringen.de\/wordpress\/wp-content\/uploads\/2025\/07\/Web_kopf.jpg?fit=1260%2C240&ssl=1","width":1260,"height":240,"caption":"TuS Eschringen"},"image":{"@id":"https:\/\/tus.eschringen.de\/wordpress\/#\/schema\/logo\/image\/"},"sameAs":["https:\/\/www.facebook.com\/TuS.Eschringen\/","https:\/\/www.instagram.com\/tus.eschringen\/"]}]}</script>
<!-- / Yoast SEO plugin. -->

Kreisliga A Saarbrücken 5. Spieltag TuS Eschringen II &#8211; SV Gersweiler III 2:0 (1:0) Spielbericht: Auch der Tabellenführer konnte unsere zweite Mannschaft nicht stoppen. Mit einer bärenstarken Defensive legte man den Grundstein zum Erfolg. Die Gäste hatten vom Anpfiff weg mehr Ballbesitz und versuchten uns, ihr Spiel aufzuzwängen. Das gelang lediglich im ungefährlichen Bereich. Im ... alles lesen
