{"id":148,"date":"2016-02-26T23:17:53","date_gmt":"2016-02-26T22:17:53","guid":{"rendered":"http:\/\/tus.eschringen.de\/wordpress\/?post_type=tribe_events&#038;p=148"},"modified":"2016-02-26T23:18:22","modified_gmt":"2016-02-26T22:18:22","slug":"fussball-sc-altenkessel-tus-eschringen","status":"publish","type":"tribe_events","link":"https:\/\/tus.eschringen.de\/wordpress\/event\/fussball-sc-altenkessel-tus-eschringen\/","title":{"rendered":"Fussball: SC Altenkessel &#8211; TuS Eschringen"},"content":{"rendered":"<p><strong>Bezirksliga Saarbr\u00fccken<\/strong> \u2013<strong> 13. Spieltag<\/strong><\/p>\n<p>SC Altenkessel \u2013 TuS Eschringen\u00a0 <span style=\"color: #ff0000;\"><strong>0:3<\/strong><\/span> (0:1)<\/p>\n<p><strong>Spielbericht:<\/strong><\/p>\n<p>Der personelle Notstand und drei Niederlagen in Folge lassen den TuS in Richtung Tabellenkeller taumeln.<br \/>\nBeim Tabellenf\u00fchrer aus Altenkessel war der TuS nur in der Anfangsphase ein ebenb\u00fcrtiger Gegner. In den ersten 35 Minuten erspielte man sich zwar selbst keine Torm\u00f6glichkeiten, schaffte es aber immerhin, den Gegner aus der gef\u00e4hrlichen Zone zu halten. Zwei recht einfach zu verhindernde Gegentreffer f\u00fchrten dann allerdings noch vor dem Pause zum vorentscheidenden R\u00fcckstand. Wer in der 2. Halbzeit ein Aufb\u00e4umen unseres Teams erwartet hatte, sah sich get\u00e4uscht. Durch den Ausfall tragender S\u00e4ulen geschw\u00e4cht, aber auch recht willenlos, sich gegen die Niederlage zu stemmen oder diese in Grenzen zu halten, ergab man sich in die Niederlage. So hatte Altenkessel keine gro\u00dfe M\u00fche, f\u00fcnf weitere Tore folgen zu lassen und TuS-Spieler wie TuS-Anh\u00e4nger waren froh, als der Schiedsrichter das Spiel beendete. Eschringen hatte \u00fcber 90 Minuten nicht eine Torchance!<br \/>\nAuch wenn der Ausfall der vielen Spieler nur schwer zu verkraften ist, so sollte sich unsere Truppe dar\u00fcber im Klaren sein, dass man sich im Abstiegskampf befindet und hier ein anderes Auftreten vonn\u00f6ten ist. Mit spielerischen Mitteln alleine wird man auch in den n\u00e4chsten Spielen nichts ernten. Gerade in Anbetracht der anderen Ergebnisse ist es sinnvoll, den Blick nach unten zu richten und die verbleibenden Kr\u00e4fte zu b\u00fcndeln, um vor der Winterpause den ein oder anderen Punkt mitzunehmen. Am besten beginnt man damit bereits im Spiel gegen J\u00e4gersfreude am kommenden Sonntag.<\/p>\n<p>Torsch\u00fctzen:<br \/>\n1:0 (34.) Mohamed Lima Livramento<br \/>\n2:0 (42.) Mohamed Lima Livramento<br \/>\n3:0 (54.) Maxime Fiori<br \/>\n4:0 (65.) Maxime Fiori<br \/>\n5:0 (76.) Alexandre Potier<br \/>\n6:0 (77.) Maxime Fiori<br \/>\n7:0 (85.) Alexandre Potier<\/p>\n","protected":false},"excerpt":{"rendered":"<p>Bezirksliga Saarbr\u00fccken \u2013 13. Spieltag SC Altenkessel \u2013 TuS Eschringen\u00a0 0:3 (0:1) Spielbericht: Der personelle Notstand und drei Niederlagen in Folge lassen den TuS in Richtung Tabellenkeller taumeln. Beim Tabellenf\u00fchrer aus Altenkessel war der TuS nur in der Anfangsphase ein ebenb\u00fcrtiger Gegner. In den ersten 35 Minuten erspielte man sich zwar selbst keine Torm\u00f6glichkeiten, schaffte &#8230; <\/p>\n<p class=\"read-more-container\"><a title=\"Fussball: SC Altenkessel &#8211; TuS Eschringen\" class=\"read-more button\" href=\"https:\/\/tus.eschringen.de\/wordpress\/event\/fussball-sc-altenkessel-tus-eschringen\/#more-148\" aria-label=\"Mehr Informationen \u00fcber Fussball: SC Altenkessel &#8211; TuS Eschringen\">alles lesen<\/a><\/p>\n","protected":false},"author":1,"featured_media":0,"template":"","meta":{"generate_page_header":"","_tribe_events_status":"","_tribe_events_status_reason":"","footnotes":""},"tags":[],"tribe_events_cat":[],"class_list":["post-148","tribe_events","type-tribe_events","status-publish","hentry"],"yoast_head":"<!-- This site is optimized with the Yoast SEO plugin v27.5 - https:\/\/yoast.com\/product\/yoast-seo-wordpress\/ -->\n<title>Fussball: SC Altenkessel - TuS Eschringen - TuS Eschringen<\/title>\n<meta name=\"robots\" content=\"index, follow, max-snippet:-1, max-image-preview:large, max-video-preview:-1\" \/>\n<link rel=\"canonical\" href=\"https:\/\/tus.eschringen.de\/wordpress\/event\/fussball-sc-altenkessel-tus-eschringen\/\" \/>\n<meta property=\"og:locale\" content=\"de_DE\" \/>\n<meta property=\"og:type\" content=\"article\" \/>\n<meta property=\"og:title\" content=\"Fussball: SC Altenkessel - TuS Eschringen - TuS Eschringen\" \/>\n<meta property=\"og:description\" content=\"Bezirksliga Saarbr\u00fccken \u2013 13. Spieltag SC Altenkessel \u2013 TuS Eschringen\u00a0 0:3 (0:1) Spielbericht: Der personelle Notstand und drei Niederlagen in Folge lassen den TuS in Richtung Tabellenkeller taumeln. Beim Tabellenf\u00fchrer aus Altenkessel war der TuS nur in der Anfangsphase ein ebenb\u00fcrtiger Gegner. In den ersten 35 Minuten erspielte man sich zwar selbst keine Torm\u00f6glichkeiten, schaffte ... alles lesen\" \/>\n<meta property=\"og:url\" content=\"https:\/\/tus.eschringen.de\/wordpress\/event\/fussball-sc-altenkessel-tus-eschringen\/\" \/>\n<meta property=\"og:site_name\" content=\"TuS Eschringen\" \/>\n<meta property=\"article:publisher\" content=\"https:\/\/www.facebook.com\/TuS.Eschringen\/\" \/>\n<meta property=\"article:modified_time\" content=\"2016-02-26T22:18:22+00:00\" \/>\n<meta name=\"twitter:card\" content=\"summary_large_image\" \/>\n<meta name=\"twitter:label1\" content=\"Gesch\u00e4tzte Lesezeit\" \/>\n\t<meta name=\"twitter:data1\" content=\"1\u00a0Minute\" \/>\n<script type=\"application\/ld+json\" class=\"yoast-schema-graph\">{\"@context\":\"https:\\\/\\\/schema.org\",\"@graph\":[{\"@type\":\"WebPage\",\"@id\":\"https:\\\/\\\/tus.eschringen.de\\\/wordpress\\\/event\\\/fussball-sc-altenkessel-tus-eschringen\\\/\",\"url\":\"https:\\\/\\\/tus.eschringen.de\\\/wordpress\\\/event\\\/fussball-sc-altenkessel-tus-eschringen\\\/\",\"name\":\"Fussball: SC Altenkessel - TuS Eschringen - TuS Eschringen\",\"isPartOf\":{\"@id\":\"https:\\\/\\\/tus.eschringen.de\\\/wordpress\\\/#website\"},\"datePublished\":\"2016-02-26T22:17:53+00:00\",\"dateModified\":\"2016-02-26T22:18:22+00:00\",\"breadcrumb\":{\"@id\":\"https:\\\/\\\/tus.eschringen.de\\\/wordpress\\\/event\\\/fussball-sc-altenkessel-tus-eschringen\\\/#breadcrumb\"},\"inLanguage\":\"de\",\"potentialAction\":[{\"@type\":\"ReadAction\",\"target\":[\"https:\\\/\\\/tus.eschringen.de\\\/wordpress\\\/event\\\/fussball-sc-altenkessel-tus-eschringen\\\/\"]}]},{\"@type\":\"BreadcrumbList\",\"@id\":\"https:\\\/\\\/tus.eschringen.de\\\/wordpress\\\/event\\\/fussball-sc-altenkessel-tus-eschringen\\\/#breadcrumb\",\"itemListElement\":[{\"@type\":\"ListItem\",\"position\":1,\"name\":\"Startseite\",\"item\":\"https:\\\/\\\/tus.eschringen.de\\\/wordpress\\\/\"},{\"@type\":\"ListItem\",\"position\":2,\"name\":\"Veranstaltungen\",\"item\":\"https:\\\/\\\/tus.eschringen.de\\\/wordpress\\\/events\\\/\"},{\"@type\":\"ListItem\",\"position\":3,\"name\":\"Fussball: SC Altenkessel &#8211; TuS Eschringen\"}]},{\"@type\":\"WebSite\",\"@id\":\"https:\\\/\\\/tus.eschringen.de\\\/wordpress\\\/#website\",\"url\":\"https:\\\/\\\/tus.eschringen.de\\\/wordpress\\\/\",\"name\":\"TuS Eschringen\",\"description\":\"\",\"publisher\":{\"@id\":\"https:\\\/\\\/tus.eschringen.de\\\/wordpress\\\/#organization\"},\"potentialAction\":[{\"@type\":\"SearchAction\",\"target\":{\"@type\":\"EntryPoint\",\"urlTemplate\":\"https:\\\/\\\/tus.eschringen.de\\\/wordpress\\\/?s={search_term_string}\"},\"query-input\":{\"@type\":\"PropertyValueSpecification\",\"valueRequired\":true,\"valueName\":\"search_term_string\"}}],\"inLanguage\":\"de\"},{\"@type\":\"Organization\",\"@id\":\"https:\\\/\\\/tus.eschringen.de\\\/wordpress\\\/#organization\",\"name\":\"TuS Eschringen\",\"url\":\"https:\\\/\\\/tus.eschringen.de\\\/wordpress\\\/\",\"logo\":{\"@type\":\"ImageObject\",\"inLanguage\":\"de\",\"@id\":\"https:\\\/\\\/tus.eschringen.de\\\/wordpress\\\/#\\\/schema\\\/logo\\\/image\\\/\",\"url\":\"https:\\\/\\\/i0.wp.com\\\/tus.eschringen.de\\\/wordpress\\\/wp-content\\\/uploads\\\/2025\\\/07\\\/Web_kopf.jpg?fit=1260%2C240&ssl=1\",\"contentUrl\":\"https:\\\/\\\/i0.wp.com\\\/tus.eschringen.de\\\/wordpress\\\/wp-content\\\/uploads\\\/2025\\\/07\\\/Web_kopf.jpg?fit=1260%2C240&ssl=1\",\"width\":1260,\"height\":240,\"caption\":\"TuS Eschringen\"},\"image\":{\"@id\":\"https:\\\/\\\/tus.eschringen.de\\\/wordpress\\\/#\\\/schema\\\/logo\\\/image\\\/\"},\"sameAs\":[\"https:\\\/\\\/www.facebook.com\\\/TuS.Eschringen\\\/\",\"https:\\\/\\\/www.instagram.com\\\/tus.eschringen\\\/\"]}]}<\/script>\n<!-- \/ Yoast SEO plugin. -->","yoast_head_json":{"title":"Fussball: SC Altenkessel - TuS Eschringen - TuS Eschringen","robots":{"index":"index","follow":"follow","max-snippet":"max-snippet:-1","max-image-preview":"max-image-preview:large","max-video-preview":"max-video-preview:-1"},"canonical":"https:\/\/tus.eschringen.de\/wordpress\/event\/fussball-sc-altenkessel-tus-eschringen\/","og_locale":"de_DE","og_type":"article","og_title":"Fussball: SC Altenkessel - TuS Eschringen - TuS Eschringen","og_description":"Bezirksliga Saarbr\u00fccken \u2013 13. Spieltag SC Altenkessel \u2013 TuS Eschringen\u00a0 0:3 (0:1) Spielbericht: Der personelle Notstand und drei Niederlagen in Folge lassen den TuS in Richtung Tabellenkeller taumeln. Beim Tabellenf\u00fchrer aus Altenkessel war der TuS nur in der Anfangsphase ein ebenb\u00fcrtiger Gegner. In den ersten 35 Minuten erspielte man sich zwar selbst keine Torm\u00f6glichkeiten, schaffte ... alles lesen","og_url":"https:\/\/tus.eschringen.de\/wordpress\/event\/fussball-sc-altenkessel-tus-eschringen\/","og_site_name":"TuS Eschringen","article_publisher":"https:\/\/www.facebook.com\/TuS.Eschringen\/","article_modified_time":"2016-02-26T22:18:22+00:00","twitter_card":"summary_large_image","twitter_misc":{"Gesch\u00e4tzte Lesezeit":"1\u00a0Minute"},"schema":{"@context":"https:\/\/schema.org","@graph":[{"@type":"WebPage","@id":"https:\/\/tus.eschringen.de\/wordpress\/event\/fussball-sc-altenkessel-tus-eschringen\/","url":"https:\/\/tus.eschringen.de\/wordpress\/event\/fussball-sc-altenkessel-tus-eschringen\/","name":"Fussball: SC Altenkessel - TuS Eschringen - TuS Eschringen","isPartOf":{"@id":"https:\/\/tus.eschringen.de\/wordpress\/#website"},"datePublished":"2016-02-26T22:17:53+00:00","dateModified":"2016-02-26T22:18:22+00:00","breadcrumb":{"@id":"https:\/\/tus.eschringen.de\/wordpress\/event\/fussball-sc-altenkessel-tus-eschringen\/#breadcrumb"},"inLanguage":"de","potentialAction":[{"@type":"ReadAction","target":["https:\/\/tus.eschringen.de\/wordpress\/event\/fussball-sc-altenkessel-tus-eschringen\/"]}]},{"@type":"BreadcrumbList","@id":"https:\/\/tus.eschringen.de\/wordpress\/event\/fussball-sc-altenkessel-tus-eschringen\/#breadcrumb","itemListElement":[{"@type":"ListItem","position":1,"name":"Startseite","item":"https:\/\/tus.eschringen.de\/wordpress\/"},{"@type":"ListItem","position":2,"name":"Veranstaltungen","item":"https:\/\/tus.eschringen.de\/wordpress\/events\/"},{"@type":"ListItem","position":3,"name":"Fussball: SC Altenkessel &#8211; TuS Eschringen"}]},{"@type":"WebSite","@id":"https:\/\/tus.eschringen.de\/wordpress\/#website","url":"https:\/\/tus.eschringen.de\/wordpress\/","name":"TuS Eschringen","description":"","publisher":{"@id":"https:\/\/tus.eschringen.de\/wordpress\/#organization"},"potentialAction":[{"@type":"SearchAction","target":{"@type":"EntryPoint","urlTemplate":"https:\/\/tus.eschringen.de\/wordpress\/?s={search_term_string}"},"query-input":{"@type":"PropertyValueSpecification","valueRequired":true,"valueName":"search_term_string"}}],"inLanguage":"de"},{"@type":"Organization","@id":"https:\/\/tus.eschringen.de\/wordpress\/#organization","name":"TuS Eschringen","url":"https:\/\/tus.eschringen.de\/wordpress\/","logo":{"@type":"ImageObject","inLanguage":"de","@id":"https:\/\/tus.eschringen.de\/wordpress\/#\/schema\/logo\/image\/","url":"https:\/\/i0.wp.com\/tus.eschringen.de\/wordpress\/wp-content\/uploads\/2025\/07\/Web_kopf.jpg?fit=1260%2C240&ssl=1","contentUrl":"https:\/\/i0.wp.com\/tus.eschringen.de\/wordpress\/wp-content\/uploads\/2025\/07\/Web_kopf.jpg?fit=1260%2C240&ssl=1","width":1260,"height":240,"caption":"TuS Eschringen"},"image":{"@id":"https:\/\/tus.eschringen.de\/wordpress\/#\/schema\/logo\/image\/"},"sameAs":["https:\/\/www.facebook.com\/TuS.Eschringen\/","https:\/\/www.instagram.com\/tus.eschringen\/"]}]}},"jetpack_sharing_enabled":true,"_links":{"self":[{"href":"https:\/\/tus.eschringen.de\/wordpress\/wp-json\/wp\/v2\/tribe_events\/148","targetHints":{"allow":["GET"]}}],"collection":[{"href":"https:\/\/tus.eschringen.de\/wordpress\/wp-json\/wp\/v2\/tribe_events"}],"about":[{"href":"https:\/\/tus.eschringen.de\/wordpress\/wp-json\/wp\/v2\/types\/tribe_events"}],"author":[{"embeddable":true,"href":"https:\/\/tus.eschringen.de\/wordpress\/wp-json\/wp\/v2\/users\/1"}],"version-history":[{"count":0,"href":"https:\/\/tus.eschringen.de\/wordpress\/wp-json\/wp\/v2\/tribe_events\/148\/revisions"}],"wp:attachment":[{"href":"https:\/\/tus.eschringen.de\/wordpress\/wp-json\/wp\/v2\/media?parent=148"}],"wp:term":[{"taxonomy":"post_tag","embeddable":true,"href":"https:\/\/tus.eschringen.de\/wordpress\/wp-json\/wp\/v2\/tags?post=148"},{"taxonomy":"tribe_events_cat","embeddable":true,"href":"https:\/\/tus.eschringen.de\/wordpress\/wp-json\/wp\/v2\/tribe_events_cat?post=148"}],"curies":[{"name":"wp","href":"https:\/\/api.w.org\/{rel}","templated":true}]}}

<p><strong>Bezirksliga Saarbrücken</strong> –<strong> 13. Spieltag</strong></p>
<p>SC Altenkessel – TuS Eschringen  <span style="color: #ff0000;"><strong>0:3</strong></span> (0:1)</p>
<p><strong>Spielbericht:</strong></p>
<p>Der personelle Notstand und drei Niederlagen in Folge lassen den TuS in Richtung Tabellenkeller taumeln.<br />
Beim Tabellenführer aus Altenkessel war der TuS nur in der Anfangsphase ein ebenbürtiger Gegner. In den ersten 35 Minuten erspielte man sich zwar selbst keine Tormöglichkeiten, schaffte es aber immerhin, den Gegner aus der gefährlichen Zone zu halten. Zwei recht einfach zu verhindernde Gegentreffer führten dann allerdings noch vor dem Pause zum vorentscheidenden Rückstand. Wer in der 2. Halbzeit ein Aufbäumen unseres Teams erwartet hatte, sah sich getäuscht. Durch den Ausfall tragender Säulen geschwächt, aber auch recht willenlos, sich gegen die Niederlage zu stemmen oder diese in Grenzen zu halten, ergab man sich in die Niederlage. So hatte Altenkessel keine große Mühe, fünf weitere Tore folgen zu lassen und TuS-Spieler wie TuS-Anhänger waren froh, als der Schiedsrichter das Spiel beendete. Eschringen hatte über 90 Minuten nicht eine Torchance!<br />
Auch wenn der Ausfall der vielen Spieler nur schwer zu verkraften ist, so sollte sich unsere Truppe darüber im Klaren sein, dass man sich im Abstiegskampf befindet und hier ein anderes Auftreten vonnöten ist. Mit spielerischen Mitteln alleine wird man auch in den nächsten Spielen nichts ernten. Gerade in Anbetracht der anderen Ergebnisse ist es sinnvoll, den Blick nach unten zu richten und die verbleibenden Kräfte zu bündeln, um vor der Winterpause den ein oder anderen Punkt mitzunehmen. Am besten beginnt man damit bereits im Spiel gegen Jägersfreude am kommenden Sonntag.</p>
<p>Torschützen:<br />
1:0 (34.) Mohamed Lima Livramento<br />
2:0 (42.) Mohamed Lima Livramento<br />
3:0 (54.) Maxime Fiori<br />
4:0 (65.) Maxime Fiori<br />
5:0 (76.) Alexandre Potier<br />
6:0 (77.) Maxime Fiori<br />
7:0 (85.) Alexandre Potier</p>

<p>Bezirksliga Saarbrücken – 13. Spieltag SC Altenkessel – TuS Eschringen  0:3 (0:1) Spielbericht: Der personelle Notstand und drei Niederlagen in Folge lassen den TuS in Richtung Tabellenkeller taumeln. Beim Tabellenführer aus Altenkessel war der TuS nur in der Anfangsphase ein ebenbürtiger Gegner. In den ersten 35 Minuten erspielte man sich zwar selbst keine Tormöglichkeiten, schaffte &#8230; </p>
<p class="read-more-container"><a title="Fussball: SC Altenkessel &#8211; TuS Eschringen" class="read-more button" href="https://tus.eschringen.de/wordpress/event/fussball-sc-altenkessel-tus-eschringen/#more-148" aria-label="Mehr Informationen über Fussball: SC Altenkessel &#8211; TuS Eschringen">alles lesen</a></p>

<!-- This site is optimized with the Yoast SEO plugin v27.5 - https://yoast.com/product/yoast-seo-wordpress/ -->
<title>Fussball: SC Altenkessel - TuS Eschringen - TuS Eschringen</title>
<meta name="robots" content="index, follow, max-snippet:-1, max-image-preview:large, max-video-preview:-1" />
<link rel="canonical" href="https://tus.eschringen.de/wordpress/event/fussball-sc-altenkessel-tus-eschringen/" />
<meta property="og:locale" content="de_DE" />
<meta property="og:type" content="article" />
<meta property="og:title" content="Fussball: SC Altenkessel - TuS Eschringen - TuS Eschringen" />
<meta property="og:description" content="Bezirksliga Saarbrücken – 13. Spieltag SC Altenkessel – TuS Eschringen  0:3 (0:1) Spielbericht: Der personelle Notstand und drei Niederlagen in Folge lassen den TuS in Richtung Tabellenkeller taumeln. Beim Tabellenführer aus Altenkessel war der TuS nur in der Anfangsphase ein ebenbürtiger Gegner. In den ersten 35 Minuten erspielte man sich zwar selbst keine Tormöglichkeiten, schaffte ... alles lesen" />
<meta property="og:url" content="https://tus.eschringen.de/wordpress/event/fussball-sc-altenkessel-tus-eschringen/" />
<meta property="og:site_name" content="TuS Eschringen" />
<meta property="article:publisher" content="https://www.facebook.com/TuS.Eschringen/" />
<meta property="article:modified_time" content="2016-02-26T22:18:22+00:00" />
<meta name="twitter:card" content="summary_large_image" />
<meta name="twitter:label1" content="Geschätzte Lesezeit" />
	<meta name="twitter:data1" content="1 Minute" />
<script type="application/ld+json" class="yoast-schema-graph">{"@context":"https:\/\/schema.org","@graph":[{"@type":"WebPage","@id":"https:\/\/tus.eschringen.de\/wordpress\/event\/fussball-sc-altenkessel-tus-eschringen\/","url":"https:\/\/tus.eschringen.de\/wordpress\/event\/fussball-sc-altenkessel-tus-eschringen\/","name":"Fussball: SC Altenkessel - TuS Eschringen - TuS Eschringen","isPartOf":{"@id":"https:\/\/tus.eschringen.de\/wordpress\/#website"},"datePublished":"2016-02-26T22:17:53+00:00","dateModified":"2016-02-26T22:18:22+00:00","breadcrumb":{"@id":"https:\/\/tus.eschringen.de\/wordpress\/event\/fussball-sc-altenkessel-tus-eschringen\/#breadcrumb"},"inLanguage":"de","potentialAction":[{"@type":"ReadAction","target":["https:\/\/tus.eschringen.de\/wordpress\/event\/fussball-sc-altenkessel-tus-eschringen\/"]}]},{"@type":"BreadcrumbList","@id":"https:\/\/tus.eschringen.de\/wordpress\/event\/fussball-sc-altenkessel-tus-eschringen\/#breadcrumb","itemListElement":[{"@type":"ListItem","position":1,"name":"Startseite","item":"https:\/\/tus.eschringen.de\/wordpress\/"},{"@type":"ListItem","position":2,"name":"Veranstaltungen","item":"https:\/\/tus.eschringen.de\/wordpress\/events\/"},{"@type":"ListItem","position":3,"name":"Fussball: SC Altenkessel &#8211; TuS Eschringen"}]},{"@type":"WebSite","@id":"https:\/\/tus.eschringen.de\/wordpress\/#website","url":"https:\/\/tus.eschringen.de\/wordpress\/","name":"TuS Eschringen","description":"","publisher":{"@id":"https:\/\/tus.eschringen.de\/wordpress\/#organization"},"potentialAction":[{"@type":"SearchAction","target":{"@type":"EntryPoint","urlTemplate":"https:\/\/tus.eschringen.de\/wordpress\/?s={search_term_string}"},"query-input":{"@type":"PropertyValueSpecification","valueRequired":true,"valueName":"search_term_string"}}],"inLanguage":"de"},{"@type":"Organization","@id":"https:\/\/tus.eschringen.de\/wordpress\/#organization","name":"TuS Eschringen","url":"https:\/\/tus.eschringen.de\/wordpress\/","logo":{"@type":"ImageObject","inLanguage":"de","@id":"https:\/\/tus.eschringen.de\/wordpress\/#\/schema\/logo\/image\/","url":"https:\/\/i0.wp.com\/tus.eschringen.de\/wordpress\/wp-content\/uploads\/2025\/07\/Web_kopf.jpg?fit=1260%2C240&ssl=1","contentUrl":"https:\/\/i0.wp.com\/tus.eschringen.de\/wordpress\/wp-content\/uploads\/2025\/07\/Web_kopf.jpg?fit=1260%2C240&ssl=1","width":1260,"height":240,"caption":"TuS Eschringen"},"image":{"@id":"https:\/\/tus.eschringen.de\/wordpress\/#\/schema\/logo\/image\/"},"sameAs":["https:\/\/www.facebook.com\/TuS.Eschringen\/","https:\/\/www.instagram.com\/tus.eschringen\/"]}]}</script>
<!-- / Yoast SEO plugin. -->

Bezirksliga Saarbrücken – 13. Spieltag SC Altenkessel – TuS Eschringen  0:3 (0:1) Spielbericht: Der personelle Notstand und drei Niederlagen in Folge lassen den TuS in Richtung Tabellenkeller taumeln. Beim Tabellenführer aus Altenkessel war der TuS nur in der Anfangsphase ein ebenbürtiger Gegner. In den ersten 35 Minuten erspielte man sich zwar selbst keine Tormöglichkeiten, schaffte ... alles lesen
