{"id":1470,"date":"2018-08-05T18:10:32","date_gmt":"2018-08-05T16:10:32","guid":{"rendered":"http:\/\/tus.eschringen.de\/wordpress\/?post_type=tribe_events&#038;p=1470"},"modified":"2018-08-28T08:26:56","modified_gmt":"2018-08-28T06:26:56","slug":"tus-eschringen-fv-fischbach","status":"publish","type":"tribe_events","link":"https:\/\/tus.eschringen.de\/wordpress\/event\/tus-eschringen-fv-fischbach\/","title":{"rendered":"TuS Eschringen &#8211; FV Fischbach"},"content":{"rendered":"\n\n\n\n\n<p><strong>Bezirksliga Saarbr\u00fccken<br\/><\/strong><\/p>\n\n\n\n<p>4. Spieltag<\/p>\n\n\n\n<p style=\"color:#ff0000\">TuS Eschringen &#8211; FV Fischbach <strong>6:0 <\/strong>(4:0)<\/p>\n\n\n\n<p>Der TuS-Express rollte an diesem Tag \u00fcber den bis dato ungeschlagenen FV Fischbach hinweg. Mit einem unerwarteten Sch\u00fctzenfest wurden die G\u00e4ste nach Hause geschickt.<\/p>\n\n\n\n<p>Wer das Resultat liest, geht von einem eindeutigen Spielverlauf aus. Gerade die 1. Halbzeit hatte allerdings auf beiden Seiten einen sehr gro\u00dfen Unterhaltungswert. Der spielerisch starke FV Fischbach konnte sogar ein leichtes Chancenplus verzeichnen, scheiterte aber entweder am \u00fcberragenden Dennis Strassner oder an der eigenen Unzul\u00e4nglichkeit. Der TuS dagegen war an diesem Tag gnadenlos effektiv. In der 1. Halbzeit wurde fast jede Torchance verwandelt. Unsere St\u00fcrmer setzten sich ein ums andere Mal blendend in Szene. Die G\u00e4steabwehr wirkte teilweise heillos \u00fcberfordert. So stand am Ende des 1. Durchgangs ein kaum fassbares 4:0.<\/p>\n\n\n\n<p>Konnte der G\u00e4stetrainer in der Halbzeitpause noch auf die Wende beim Spiel Dortmund \u2013 Schalke verweisen, so war nach zwei weiteren Minuten Spielzeit die endg\u00fcltige Entscheidung gefallen. Philipp Wilhelm markierte seinen dritten Treffer und erh\u00f6hte auf 5:0. Als Janis Bentz zehn Minuten sp\u00e4ter mit einem Kopfball zum 6:0 traf, war das halbe Dutzend voll. Fortan war die Agilit\u00e4t unserer Mannschaft nicht mehr ganz so gro\u00df. Fischbach hatte in Halbzeit zwei nicht eine einzige Torm\u00f6glichkeit. Unsere Jungs zelebrierten dennoch den ein oder anderen Angriff. Au\u00dfer einem Lattentreffer von Simon Herter, nach einer Traumkombination \u00fcber die rechte Seite, wollte aber nichts Z\u00e4hlbares mehr herausspringen.<\/p>\n\n\n\n<p>Das Spiel zweier Mannschaften, die sich am Saisonende im oberen Tabellendrittel wiederfinden d\u00fcrften, hatte einen eindeutigen Sieger gefunden. Nach der Auftaktniederlage in Fechingen marschiert unsere Erste mit drei aufeinanderfolgenden Siegen weiter in Richtung vordere Tabellenr\u00e4nge und ist seit dem 17.04.2017 zu Hause ungeschlagen.<\/p>\n\n\n\n<p><strong>Torsch\u00fctzen:<\/strong><\/p>\n\n\n\n<p style=\"color:#ff0000\"><strong>1:0 Philipp Wihelm (12. Min)<\/strong><br\/>\n<strong>2:0 Philipp Wilhelm (28. Min)<\/strong><br\/>\n<strong>3:0 Eigentor (34. Min)<\/strong><br\/>\n<strong>4:0 Simon Herter (45. Min)<\/strong><br\/>\n<strong>5:0 Philipp Wilhelm (47. Min)<\/strong><br\/>\n<strong>6:0 Janis Bentz (56. Min)<\/strong><\/p>\n\n\n\n<p><strong>Zuschauer:<\/strong> 75<\/p>\n\n\n\n\n\n\n","protected":false},"excerpt":{"rendered":"<p>Bezirksliga Saarbr\u00fccken 4. Spieltag TuS Eschringen &#8211; FV Fischbach 6:0 (4:0) Der TuS-Express rollte an diesem Tag \u00fcber den bis dato ungeschlagenen FV Fischbach hinweg. Mit einem unerwarteten Sch\u00fctzenfest wurden die G\u00e4ste nach Hause geschickt. Wer das Resultat liest, geht von einem eindeutigen Spielverlauf aus. Gerade die 1. Halbzeit hatte allerdings auf beiden Seiten einen &#8230; <\/p>\n<p class=\"read-more-container\"><a title=\"TuS Eschringen &#8211; FV Fischbach\" class=\"read-more button\" href=\"https:\/\/tus.eschringen.de\/wordpress\/event\/tus-eschringen-fv-fischbach\/#more-1470\" aria-label=\"Mehr Informationen \u00fcber TuS Eschringen &#8211; FV Fischbach\">alles lesen<\/a><\/p>\n","protected":false},"author":1,"featured_media":0,"template":"","meta":{"generate_page_header":"","_tribe_events_status":"","_tribe_events_status_reason":"","footnotes":""},"tags":[],"tribe_events_cat":[8],"class_list":["post-1470","tribe_events","type-tribe_events","status-publish","hentry","tribe_events_cat-bezirksliga-saarbruecken","cat_bezirksliga-saarbruecken"],"yoast_head":"<!-- This site is optimized with the Yoast SEO plugin v27.4 - https:\/\/yoast.com\/product\/yoast-seo-wordpress\/ -->\n<title>TuS Eschringen - FV Fischbach - TuS Eschringen<\/title>\n<meta name=\"robots\" content=\"index, follow, max-snippet:-1, max-image-preview:large, max-video-preview:-1\" \/>\n<link rel=\"canonical\" href=\"https:\/\/tus.eschringen.de\/wordpress\/event\/tus-eschringen-fv-fischbach\/\" \/>\n<meta property=\"og:locale\" content=\"de_DE\" \/>\n<meta property=\"og:type\" content=\"article\" \/>\n<meta property=\"og:title\" content=\"TuS Eschringen - FV Fischbach - TuS Eschringen\" \/>\n<meta property=\"og:description\" content=\"Bezirksliga Saarbr\u00fccken 4. Spieltag TuS Eschringen &#8211; FV Fischbach 6:0 (4:0) Der TuS-Express rollte an diesem Tag \u00fcber den bis dato ungeschlagenen FV Fischbach hinweg. Mit einem unerwarteten Sch\u00fctzenfest wurden die G\u00e4ste nach Hause geschickt. Wer das Resultat liest, geht von einem eindeutigen Spielverlauf aus. Gerade die 1. Halbzeit hatte allerdings auf beiden Seiten einen ... alles lesen\" \/>\n<meta property=\"og:url\" content=\"https:\/\/tus.eschringen.de\/wordpress\/event\/tus-eschringen-fv-fischbach\/\" \/>\n<meta property=\"og:site_name\" content=\"TuS Eschringen\" \/>\n<meta property=\"article:publisher\" content=\"https:\/\/www.facebook.com\/TuS.Eschringen\/\" \/>\n<meta property=\"article:modified_time\" content=\"2018-08-28T06:26:56+00:00\" \/>\n<meta name=\"twitter:card\" content=\"summary_large_image\" \/>\n<meta name=\"twitter:label1\" content=\"Gesch\u00e4tzte Lesezeit\" \/>\n\t<meta name=\"twitter:data1\" content=\"1\u00a0Minute\" \/>\n<script type=\"application\/ld+json\" class=\"yoast-schema-graph\">{\"@context\":\"https:\\\/\\\/schema.org\",\"@graph\":[{\"@type\":\"WebPage\",\"@id\":\"https:\\\/\\\/tus.eschringen.de\\\/wordpress\\\/event\\\/tus-eschringen-fv-fischbach\\\/\",\"url\":\"https:\\\/\\\/tus.eschringen.de\\\/wordpress\\\/event\\\/tus-eschringen-fv-fischbach\\\/\",\"name\":\"TuS Eschringen - FV Fischbach - TuS Eschringen\",\"isPartOf\":{\"@id\":\"https:\\\/\\\/tus.eschringen.de\\\/wordpress\\\/#website\"},\"datePublished\":\"2018-08-05T16:10:32+00:00\",\"dateModified\":\"2018-08-28T06:26:56+00:00\",\"breadcrumb\":{\"@id\":\"https:\\\/\\\/tus.eschringen.de\\\/wordpress\\\/event\\\/tus-eschringen-fv-fischbach\\\/#breadcrumb\"},\"inLanguage\":\"de\",\"potentialAction\":[{\"@type\":\"ReadAction\",\"target\":[\"https:\\\/\\\/tus.eschringen.de\\\/wordpress\\\/event\\\/tus-eschringen-fv-fischbach\\\/\"]}]},{\"@type\":\"BreadcrumbList\",\"@id\":\"https:\\\/\\\/tus.eschringen.de\\\/wordpress\\\/event\\\/tus-eschringen-fv-fischbach\\\/#breadcrumb\",\"itemListElement\":[{\"@type\":\"ListItem\",\"position\":1,\"name\":\"Startseite\",\"item\":\"https:\\\/\\\/tus.eschringen.de\\\/wordpress\\\/\"},{\"@type\":\"ListItem\",\"position\":2,\"name\":\"Veranstaltungen\",\"item\":\"https:\\\/\\\/tus.eschringen.de\\\/wordpress\\\/events\\\/\"},{\"@type\":\"ListItem\",\"position\":3,\"name\":\"TuS Eschringen &#8211; FV Fischbach\"}]},{\"@type\":\"WebSite\",\"@id\":\"https:\\\/\\\/tus.eschringen.de\\\/wordpress\\\/#website\",\"url\":\"https:\\\/\\\/tus.eschringen.de\\\/wordpress\\\/\",\"name\":\"TuS Eschringen\",\"description\":\"\",\"publisher\":{\"@id\":\"https:\\\/\\\/tus.eschringen.de\\\/wordpress\\\/#organization\"},\"potentialAction\":[{\"@type\":\"SearchAction\",\"target\":{\"@type\":\"EntryPoint\",\"urlTemplate\":\"https:\\\/\\\/tus.eschringen.de\\\/wordpress\\\/?s={search_term_string}\"},\"query-input\":{\"@type\":\"PropertyValueSpecification\",\"valueRequired\":true,\"valueName\":\"search_term_string\"}}],\"inLanguage\":\"de\"},{\"@type\":\"Organization\",\"@id\":\"https:\\\/\\\/tus.eschringen.de\\\/wordpress\\\/#organization\",\"name\":\"TuS Eschringen\",\"url\":\"https:\\\/\\\/tus.eschringen.de\\\/wordpress\\\/\",\"logo\":{\"@type\":\"ImageObject\",\"inLanguage\":\"de\",\"@id\":\"https:\\\/\\\/tus.eschringen.de\\\/wordpress\\\/#\\\/schema\\\/logo\\\/image\\\/\",\"url\":\"https:\\\/\\\/i0.wp.com\\\/tus.eschringen.de\\\/wordpress\\\/wp-content\\\/uploads\\\/2025\\\/07\\\/Web_kopf.jpg?fit=1260%2C240&ssl=1\",\"contentUrl\":\"https:\\\/\\\/i0.wp.com\\\/tus.eschringen.de\\\/wordpress\\\/wp-content\\\/uploads\\\/2025\\\/07\\\/Web_kopf.jpg?fit=1260%2C240&ssl=1\",\"width\":1260,\"height\":240,\"caption\":\"TuS Eschringen\"},\"image\":{\"@id\":\"https:\\\/\\\/tus.eschringen.de\\\/wordpress\\\/#\\\/schema\\\/logo\\\/image\\\/\"},\"sameAs\":[\"https:\\\/\\\/www.facebook.com\\\/TuS.Eschringen\\\/\",\"https:\\\/\\\/www.instagram.com\\\/tus.eschringen\\\/\"]}]}<\/script>\n<!-- \/ Yoast SEO plugin. -->","yoast_head_json":{"title":"TuS Eschringen - FV Fischbach - TuS Eschringen","robots":{"index":"index","follow":"follow","max-snippet":"max-snippet:-1","max-image-preview":"max-image-preview:large","max-video-preview":"max-video-preview:-1"},"canonical":"https:\/\/tus.eschringen.de\/wordpress\/event\/tus-eschringen-fv-fischbach\/","og_locale":"de_DE","og_type":"article","og_title":"TuS Eschringen - FV Fischbach - TuS Eschringen","og_description":"Bezirksliga Saarbr\u00fccken 4. Spieltag TuS Eschringen &#8211; FV Fischbach 6:0 (4:0) Der TuS-Express rollte an diesem Tag \u00fcber den bis dato ungeschlagenen FV Fischbach hinweg. Mit einem unerwarteten Sch\u00fctzenfest wurden die G\u00e4ste nach Hause geschickt. Wer das Resultat liest, geht von einem eindeutigen Spielverlauf aus. Gerade die 1. Halbzeit hatte allerdings auf beiden Seiten einen ... alles lesen","og_url":"https:\/\/tus.eschringen.de\/wordpress\/event\/tus-eschringen-fv-fischbach\/","og_site_name":"TuS Eschringen","article_publisher":"https:\/\/www.facebook.com\/TuS.Eschringen\/","article_modified_time":"2018-08-28T06:26:56+00:00","twitter_card":"summary_large_image","twitter_misc":{"Gesch\u00e4tzte Lesezeit":"1\u00a0Minute"},"schema":{"@context":"https:\/\/schema.org","@graph":[{"@type":"WebPage","@id":"https:\/\/tus.eschringen.de\/wordpress\/event\/tus-eschringen-fv-fischbach\/","url":"https:\/\/tus.eschringen.de\/wordpress\/event\/tus-eschringen-fv-fischbach\/","name":"TuS Eschringen - FV Fischbach - TuS Eschringen","isPartOf":{"@id":"https:\/\/tus.eschringen.de\/wordpress\/#website"},"datePublished":"2018-08-05T16:10:32+00:00","dateModified":"2018-08-28T06:26:56+00:00","breadcrumb":{"@id":"https:\/\/tus.eschringen.de\/wordpress\/event\/tus-eschringen-fv-fischbach\/#breadcrumb"},"inLanguage":"de","potentialAction":[{"@type":"ReadAction","target":["https:\/\/tus.eschringen.de\/wordpress\/event\/tus-eschringen-fv-fischbach\/"]}]},{"@type":"BreadcrumbList","@id":"https:\/\/tus.eschringen.de\/wordpress\/event\/tus-eschringen-fv-fischbach\/#breadcrumb","itemListElement":[{"@type":"ListItem","position":1,"name":"Startseite","item":"https:\/\/tus.eschringen.de\/wordpress\/"},{"@type":"ListItem","position":2,"name":"Veranstaltungen","item":"https:\/\/tus.eschringen.de\/wordpress\/events\/"},{"@type":"ListItem","position":3,"name":"TuS Eschringen &#8211; FV Fischbach"}]},{"@type":"WebSite","@id":"https:\/\/tus.eschringen.de\/wordpress\/#website","url":"https:\/\/tus.eschringen.de\/wordpress\/","name":"TuS Eschringen","description":"","publisher":{"@id":"https:\/\/tus.eschringen.de\/wordpress\/#organization"},"potentialAction":[{"@type":"SearchAction","target":{"@type":"EntryPoint","urlTemplate":"https:\/\/tus.eschringen.de\/wordpress\/?s={search_term_string}"},"query-input":{"@type":"PropertyValueSpecification","valueRequired":true,"valueName":"search_term_string"}}],"inLanguage":"de"},{"@type":"Organization","@id":"https:\/\/tus.eschringen.de\/wordpress\/#organization","name":"TuS Eschringen","url":"https:\/\/tus.eschringen.de\/wordpress\/","logo":{"@type":"ImageObject","inLanguage":"de","@id":"https:\/\/tus.eschringen.de\/wordpress\/#\/schema\/logo\/image\/","url":"https:\/\/i0.wp.com\/tus.eschringen.de\/wordpress\/wp-content\/uploads\/2025\/07\/Web_kopf.jpg?fit=1260%2C240&ssl=1","contentUrl":"https:\/\/i0.wp.com\/tus.eschringen.de\/wordpress\/wp-content\/uploads\/2025\/07\/Web_kopf.jpg?fit=1260%2C240&ssl=1","width":1260,"height":240,"caption":"TuS Eschringen"},"image":{"@id":"https:\/\/tus.eschringen.de\/wordpress\/#\/schema\/logo\/image\/"},"sameAs":["https:\/\/www.facebook.com\/TuS.Eschringen\/","https:\/\/www.instagram.com\/tus.eschringen\/"]}]}},"jetpack_sharing_enabled":true,"_links":{"self":[{"href":"https:\/\/tus.eschringen.de\/wordpress\/wp-json\/wp\/v2\/tribe_events\/1470","targetHints":{"allow":["GET"]}}],"collection":[{"href":"https:\/\/tus.eschringen.de\/wordpress\/wp-json\/wp\/v2\/tribe_events"}],"about":[{"href":"https:\/\/tus.eschringen.de\/wordpress\/wp-json\/wp\/v2\/types\/tribe_events"}],"author":[{"embeddable":true,"href":"https:\/\/tus.eschringen.de\/wordpress\/wp-json\/wp\/v2\/users\/1"}],"version-history":[{"count":7,"href":"https:\/\/tus.eschringen.de\/wordpress\/wp-json\/wp\/v2\/tribe_events\/1470\/revisions"}],"predecessor-version":[{"id":1631,"href":"https:\/\/tus.eschringen.de\/wordpress\/wp-json\/wp\/v2\/tribe_events\/1470\/revisions\/1631"}],"wp:attachment":[{"href":"https:\/\/tus.eschringen.de\/wordpress\/wp-json\/wp\/v2\/media?parent=1470"}],"wp:term":[{"taxonomy":"post_tag","embeddable":true,"href":"https:\/\/tus.eschringen.de\/wordpress\/wp-json\/wp\/v2\/tags?post=1470"},{"taxonomy":"tribe_events_cat","embeddable":true,"href":"https:\/\/tus.eschringen.de\/wordpress\/wp-json\/wp\/v2\/tribe_events_cat?post=1470"}],"curies":[{"name":"wp","href":"https:\/\/api.w.org\/{rel}","templated":true}]}}

<p><strong>Bezirksliga Saarbrücken<br/></strong></p>



<p>4. Spieltag</p>



<p style="color:#ff0000">TuS Eschringen &#8211; FV Fischbach <strong>6:0 </strong>(4:0)</p>



<p>Der TuS-Express rollte an diesem Tag über den bis dato ungeschlagenen FV Fischbach hinweg. Mit einem unerwarteten Schützenfest wurden die Gäste nach Hause geschickt.</p>



<p>Wer das Resultat liest, geht von einem eindeutigen Spielverlauf aus. Gerade die 1. Halbzeit hatte allerdings auf beiden Seiten einen sehr großen Unterhaltungswert. Der spielerisch starke FV Fischbach konnte sogar ein leichtes Chancenplus verzeichnen, scheiterte aber entweder am überragenden Dennis Strassner oder an der eigenen Unzulänglichkeit. Der TuS dagegen war an diesem Tag gnadenlos effektiv. In der 1. Halbzeit wurde fast jede Torchance verwandelt. Unsere Stürmer setzten sich ein ums andere Mal blendend in Szene. Die Gästeabwehr wirkte teilweise heillos überfordert. So stand am Ende des 1. Durchgangs ein kaum fassbares 4:0.</p>



<p>Konnte der Gästetrainer in der Halbzeitpause noch auf die Wende beim Spiel Dortmund – Schalke verweisen, so war nach zwei weiteren Minuten Spielzeit die endgültige Entscheidung gefallen. Philipp Wilhelm markierte seinen dritten Treffer und erhöhte auf 5:0. Als Janis Bentz zehn Minuten später mit einem Kopfball zum 6:0 traf, war das halbe Dutzend voll. Fortan war die Agilität unserer Mannschaft nicht mehr ganz so groß. Fischbach hatte in Halbzeit zwei nicht eine einzige Tormöglichkeit. Unsere Jungs zelebrierten dennoch den ein oder anderen Angriff. Außer einem Lattentreffer von Simon Herter, nach einer Traumkombination über die rechte Seite, wollte aber nichts Zählbares mehr herausspringen.</p>



<p>Das Spiel zweier Mannschaften, die sich am Saisonende im oberen Tabellendrittel wiederfinden dürften, hatte einen eindeutigen Sieger gefunden. Nach der Auftaktniederlage in Fechingen marschiert unsere Erste mit drei aufeinanderfolgenden Siegen weiter in Richtung vordere Tabellenränge und ist seit dem 17.04.2017 zu Hause ungeschlagen.</p>



<p><strong>Torschützen:</strong></p>



<p style="color:#ff0000"><strong>1:0 Philipp Wihelm (12. Min)</strong><br/>
<strong>2:0 Philipp Wilhelm (28. Min)</strong><br/>
<strong>3:0 Eigentor (34. Min)</strong><br/>
<strong>4:0 Simon Herter (45. Min)</strong><br/>
<strong>5:0 Philipp Wilhelm (47. Min)</strong><br/>
<strong>6:0 Janis Bentz (56. Min)</strong></p>



<p><strong>Zuschauer:</strong> 75</p>

<p>Bezirksliga Saarbrücken 4. Spieltag TuS Eschringen &#8211; FV Fischbach 6:0 (4:0) Der TuS-Express rollte an diesem Tag über den bis dato ungeschlagenen FV Fischbach hinweg. Mit einem unerwarteten Schützenfest wurden die Gäste nach Hause geschickt. Wer das Resultat liest, geht von einem eindeutigen Spielverlauf aus. Gerade die 1. Halbzeit hatte allerdings auf beiden Seiten einen &#8230; </p>
<p class="read-more-container"><a title="TuS Eschringen &#8211; FV Fischbach" class="read-more button" href="https://tus.eschringen.de/wordpress/event/tus-eschringen-fv-fischbach/#more-1470" aria-label="Mehr Informationen über TuS Eschringen &#8211; FV Fischbach">alles lesen</a></p>

<!-- This site is optimized with the Yoast SEO plugin v27.4 - https://yoast.com/product/yoast-seo-wordpress/ -->
<title>TuS Eschringen - FV Fischbach - TuS Eschringen</title>
<meta name="robots" content="index, follow, max-snippet:-1, max-image-preview:large, max-video-preview:-1" />
<link rel="canonical" href="https://tus.eschringen.de/wordpress/event/tus-eschringen-fv-fischbach/" />
<meta property="og:locale" content="de_DE" />
<meta property="og:type" content="article" />
<meta property="og:title" content="TuS Eschringen - FV Fischbach - TuS Eschringen" />
<meta property="og:description" content="Bezirksliga Saarbrücken 4. Spieltag TuS Eschringen &#8211; FV Fischbach 6:0 (4:0) Der TuS-Express rollte an diesem Tag über den bis dato ungeschlagenen FV Fischbach hinweg. Mit einem unerwarteten Schützenfest wurden die Gäste nach Hause geschickt. Wer das Resultat liest, geht von einem eindeutigen Spielverlauf aus. Gerade die 1. Halbzeit hatte allerdings auf beiden Seiten einen ... alles lesen" />
<meta property="og:url" content="https://tus.eschringen.de/wordpress/event/tus-eschringen-fv-fischbach/" />
<meta property="og:site_name" content="TuS Eschringen" />
<meta property="article:publisher" content="https://www.facebook.com/TuS.Eschringen/" />
<meta property="article:modified_time" content="2018-08-28T06:26:56+00:00" />
<meta name="twitter:card" content="summary_large_image" />
<meta name="twitter:label1" content="Geschätzte Lesezeit" />
	<meta name="twitter:data1" content="1 Minute" />
<script type="application/ld+json" class="yoast-schema-graph">{"@context":"https:\/\/schema.org","@graph":[{"@type":"WebPage","@id":"https:\/\/tus.eschringen.de\/wordpress\/event\/tus-eschringen-fv-fischbach\/","url":"https:\/\/tus.eschringen.de\/wordpress\/event\/tus-eschringen-fv-fischbach\/","name":"TuS Eschringen - FV Fischbach - TuS Eschringen","isPartOf":{"@id":"https:\/\/tus.eschringen.de\/wordpress\/#website"},"datePublished":"2018-08-05T16:10:32+00:00","dateModified":"2018-08-28T06:26:56+00:00","breadcrumb":{"@id":"https:\/\/tus.eschringen.de\/wordpress\/event\/tus-eschringen-fv-fischbach\/#breadcrumb"},"inLanguage":"de","potentialAction":[{"@type":"ReadAction","target":["https:\/\/tus.eschringen.de\/wordpress\/event\/tus-eschringen-fv-fischbach\/"]}]},{"@type":"BreadcrumbList","@id":"https:\/\/tus.eschringen.de\/wordpress\/event\/tus-eschringen-fv-fischbach\/#breadcrumb","itemListElement":[{"@type":"ListItem","position":1,"name":"Startseite","item":"https:\/\/tus.eschringen.de\/wordpress\/"},{"@type":"ListItem","position":2,"name":"Veranstaltungen","item":"https:\/\/tus.eschringen.de\/wordpress\/events\/"},{"@type":"ListItem","position":3,"name":"TuS Eschringen &#8211; FV Fischbach"}]},{"@type":"WebSite","@id":"https:\/\/tus.eschringen.de\/wordpress\/#website","url":"https:\/\/tus.eschringen.de\/wordpress\/","name":"TuS Eschringen","description":"","publisher":{"@id":"https:\/\/tus.eschringen.de\/wordpress\/#organization"},"potentialAction":[{"@type":"SearchAction","target":{"@type":"EntryPoint","urlTemplate":"https:\/\/tus.eschringen.de\/wordpress\/?s={search_term_string}"},"query-input":{"@type":"PropertyValueSpecification","valueRequired":true,"valueName":"search_term_string"}}],"inLanguage":"de"},{"@type":"Organization","@id":"https:\/\/tus.eschringen.de\/wordpress\/#organization","name":"TuS Eschringen","url":"https:\/\/tus.eschringen.de\/wordpress\/","logo":{"@type":"ImageObject","inLanguage":"de","@id":"https:\/\/tus.eschringen.de\/wordpress\/#\/schema\/logo\/image\/","url":"https:\/\/i0.wp.com\/tus.eschringen.de\/wordpress\/wp-content\/uploads\/2025\/07\/Web_kopf.jpg?fit=1260%2C240&ssl=1","contentUrl":"https:\/\/i0.wp.com\/tus.eschringen.de\/wordpress\/wp-content\/uploads\/2025\/07\/Web_kopf.jpg?fit=1260%2C240&ssl=1","width":1260,"height":240,"caption":"TuS Eschringen"},"image":{"@id":"https:\/\/tus.eschringen.de\/wordpress\/#\/schema\/logo\/image\/"},"sameAs":["https:\/\/www.facebook.com\/TuS.Eschringen\/","https:\/\/www.instagram.com\/tus.eschringen\/"]}]}</script>
<!-- / Yoast SEO plugin. -->

Bezirksliga Saarbrücken 4. Spieltag TuS Eschringen &#8211; FV Fischbach 6:0 (4:0) Der TuS-Express rollte an diesem Tag über den bis dato ungeschlagenen FV Fischbach hinweg. Mit einem unerwarteten Schützenfest wurden die Gäste nach Hause geschickt. Wer das Resultat liest, geht von einem eindeutigen Spielverlauf aus. Gerade die 1. Halbzeit hatte allerdings auf beiden Seiten einen ... alles lesen
