{"id":1468,"date":"2018-08-05T18:08:52","date_gmt":"2018-08-05T16:08:52","guid":{"rendered":"http:\/\/tus.eschringen.de\/wordpress\/?post_type=tribe_events&#038;p=1468"},"modified":"2018-08-22T09:03:31","modified_gmt":"2018-08-22T07:03:31","slug":"fc-st-arnual-ii-tus-eschringen","status":"publish","type":"tribe_events","link":"https:\/\/tus.eschringen.de\/wordpress\/event\/fc-st-arnual-ii-tus-eschringen\/","title":{"rendered":"FC St. Arnual II &#8211; TuS Eschringen"},"content":{"rendered":"\n\n\n\n<div class=\"tribe-events-single-event-description tribe-events-content\">\n<p><strong>Bezirksliga Saarbr\u00fccken<br \/><\/strong><\/p>\n<p>3. Spieltag<\/p>\n<p>FC St. Arnual II \u2013 TuS Eschringen <span style=\"color: #ff0000;\"><strong>1:4 <\/strong><\/span>(1:1)<\/p>\n<p><strong>Spielbericht:<\/strong><\/p>\n<p>St. Arnual bleibt f\u00fcr den TuS ein gutes Pflaster. Obwohl unsere Erste phasenweise Schw\u00e4chen offenbarte, fuhr man am Ende einen deutlichen Sieg in.<\/p>\n<p>Der TuS war von Anfang an spielbestimmend und verf\u00fcgte bereits zur Halbzeit \u00fcber ein klares Chancenplus, das G\u00e4stetor erschien allerdings zwischenzeitlich wie vernagelt. St. Arnual operierte im Spielaufbau mit langen B\u00e4llen auf ihren Mittelst\u00fcrmer Dill. Durch Abstimmungsprobleme im Defensivverbund kam dieser immer wieder zu M\u00f6glichkeiten und nutzte in der Anfangsphase prompt eine zur 1:0-F\u00fchrung f\u00fcr die Wackenberger. Dies sollte es f\u00fcr unsere Mannschaft nicht einfacher machen. Kurz vor der Pause aber fiel das Bollwerk und Janis Bentz konnte ausgleichen. Ein ganz wichtiger Treffer f\u00fcr unser Team.<\/p>\n<p>Nach dem Wechsel k\u00e4mpfte man weiterhin aufopferungsvoll, die spielerische Linie blieb dabei aber allzu oft auf der Strecke. Eine Kopfballablage von Philipp Wilhelm verwandelte Kevin Weinland aus Mittelst\u00fcrmerposition zu unserer F\u00fchrung. Dieses Ergebnis hatte auch bis lange in die zweite Halbzeit hinein Bestand. Erst in der Endphase machte Kevin Weinland seinen lupenreinen Hattrick perfekt und sicherte unserem Team drei wertvolle Punkte.<\/p>\n<p>Konstatieren l\u00e4sst sich, dass unsere Elf endg\u00fcltig in der Liga angekommen ist. Mit zwei Siegen aus drei Spielen l\u00e4sst sich gut leben.<\/p>\n<p><strong>Torsch\u00fctzen:<\/strong><\/p>\n<p>1:0 Bj\u00f6rn Dill (11. Min)<br \/><strong><span style=\"color: #ff0000;\">1:1<\/span> Janis Bentz (42. Min)<\/strong><br \/><strong><span style=\"color: #ff0000;\">1:2<\/span> Kevin Weinland (53. Min)<\/strong><br \/><strong><span style=\"color: #ff0000;\">1:3<\/span> Kevin Weinland (78. Min)<\/strong><br \/><strong><span style=\"color: #ff0000;\">1:4<\/span> Kevin Weinland (89. Min)<\/strong><\/p>\n<\/div>\n\n\n\n\n\n","protected":false},"excerpt":{"rendered":"<p>Bezirksliga Saarbr\u00fccken 3. Spieltag FC St. Arnual II \u2013 TuS Eschringen 1:4 (1:1) Spielbericht: St. Arnual bleibt f\u00fcr den TuS ein gutes Pflaster. Obwohl unsere Erste phasenweise Schw\u00e4chen offenbarte, fuhr man am Ende einen deutlichen Sieg in. Der TuS war von Anfang an spielbestimmend und verf\u00fcgte bereits zur Halbzeit \u00fcber ein klares Chancenplus, das G\u00e4stetor &#8230; <\/p>\n<p class=\"read-more-container\"><a title=\"FC St. Arnual II &#8211; TuS Eschringen\" class=\"read-more button\" href=\"https:\/\/tus.eschringen.de\/wordpress\/event\/fc-st-arnual-ii-tus-eschringen\/#more-1468\" aria-label=\"Mehr Informationen \u00fcber FC St. Arnual II &#8211; TuS Eschringen\">alles lesen<\/a><\/p>\n","protected":false},"author":1,"featured_media":0,"template":"","meta":{"generate_page_header":"","_tribe_events_status":"","_tribe_events_status_reason":"","footnotes":""},"tags":[],"tribe_events_cat":[8],"class_list":["post-1468","tribe_events","type-tribe_events","status-publish","hentry","tribe_events_cat-bezirksliga-saarbruecken","cat_bezirksliga-saarbruecken"],"yoast_head":"<!-- This site is optimized with the Yoast SEO plugin v27.4 - https:\/\/yoast.com\/product\/yoast-seo-wordpress\/ -->\n<title>FC St. Arnual II - TuS Eschringen - TuS Eschringen<\/title>\n<meta name=\"robots\" content=\"index, follow, max-snippet:-1, max-image-preview:large, max-video-preview:-1\" \/>\n<link rel=\"canonical\" href=\"https:\/\/tus.eschringen.de\/wordpress\/event\/fc-st-arnual-ii-tus-eschringen\/\" \/>\n<meta property=\"og:locale\" content=\"de_DE\" \/>\n<meta property=\"og:type\" content=\"article\" \/>\n<meta property=\"og:title\" content=\"FC St. Arnual II - TuS Eschringen - TuS Eschringen\" \/>\n<meta property=\"og:description\" content=\"Bezirksliga Saarbr\u00fccken 3. Spieltag FC St. Arnual II \u2013 TuS Eschringen 1:4 (1:1) Spielbericht: St. Arnual bleibt f\u00fcr den TuS ein gutes Pflaster. Obwohl unsere Erste phasenweise Schw\u00e4chen offenbarte, fuhr man am Ende einen deutlichen Sieg in. Der TuS war von Anfang an spielbestimmend und verf\u00fcgte bereits zur Halbzeit \u00fcber ein klares Chancenplus, das G\u00e4stetor ... alles lesen\" \/>\n<meta property=\"og:url\" content=\"https:\/\/tus.eschringen.de\/wordpress\/event\/fc-st-arnual-ii-tus-eschringen\/\" \/>\n<meta property=\"og:site_name\" content=\"TuS Eschringen\" \/>\n<meta property=\"article:publisher\" content=\"https:\/\/www.facebook.com\/TuS.Eschringen\/\" \/>\n<meta property=\"article:modified_time\" content=\"2018-08-22T07:03:31+00:00\" \/>\n<meta name=\"twitter:card\" content=\"summary_large_image\" \/>\n<meta name=\"twitter:label1\" content=\"Gesch\u00e4tzte Lesezeit\" \/>\n\t<meta name=\"twitter:data1\" content=\"1\u00a0Minute\" \/>\n<script type=\"application\/ld+json\" class=\"yoast-schema-graph\">{\"@context\":\"https:\\\/\\\/schema.org\",\"@graph\":[{\"@type\":\"WebPage\",\"@id\":\"https:\\\/\\\/tus.eschringen.de\\\/wordpress\\\/event\\\/fc-st-arnual-ii-tus-eschringen\\\/\",\"url\":\"https:\\\/\\\/tus.eschringen.de\\\/wordpress\\\/event\\\/fc-st-arnual-ii-tus-eschringen\\\/\",\"name\":\"FC St. Arnual II - TuS Eschringen - TuS Eschringen\",\"isPartOf\":{\"@id\":\"https:\\\/\\\/tus.eschringen.de\\\/wordpress\\\/#website\"},\"datePublished\":\"2018-08-05T16:08:52+00:00\",\"dateModified\":\"2018-08-22T07:03:31+00:00\",\"breadcrumb\":{\"@id\":\"https:\\\/\\\/tus.eschringen.de\\\/wordpress\\\/event\\\/fc-st-arnual-ii-tus-eschringen\\\/#breadcrumb\"},\"inLanguage\":\"de\",\"potentialAction\":[{\"@type\":\"ReadAction\",\"target\":[\"https:\\\/\\\/tus.eschringen.de\\\/wordpress\\\/event\\\/fc-st-arnual-ii-tus-eschringen\\\/\"]}]},{\"@type\":\"BreadcrumbList\",\"@id\":\"https:\\\/\\\/tus.eschringen.de\\\/wordpress\\\/event\\\/fc-st-arnual-ii-tus-eschringen\\\/#breadcrumb\",\"itemListElement\":[{\"@type\":\"ListItem\",\"position\":1,\"name\":\"Startseite\",\"item\":\"https:\\\/\\\/tus.eschringen.de\\\/wordpress\\\/\"},{\"@type\":\"ListItem\",\"position\":2,\"name\":\"Veranstaltungen\",\"item\":\"https:\\\/\\\/tus.eschringen.de\\\/wordpress\\\/events\\\/\"},{\"@type\":\"ListItem\",\"position\":3,\"name\":\"FC St. Arnual II &#8211; TuS Eschringen\"}]},{\"@type\":\"WebSite\",\"@id\":\"https:\\\/\\\/tus.eschringen.de\\\/wordpress\\\/#website\",\"url\":\"https:\\\/\\\/tus.eschringen.de\\\/wordpress\\\/\",\"name\":\"TuS Eschringen\",\"description\":\"\",\"publisher\":{\"@id\":\"https:\\\/\\\/tus.eschringen.de\\\/wordpress\\\/#organization\"},\"potentialAction\":[{\"@type\":\"SearchAction\",\"target\":{\"@type\":\"EntryPoint\",\"urlTemplate\":\"https:\\\/\\\/tus.eschringen.de\\\/wordpress\\\/?s={search_term_string}\"},\"query-input\":{\"@type\":\"PropertyValueSpecification\",\"valueRequired\":true,\"valueName\":\"search_term_string\"}}],\"inLanguage\":\"de\"},{\"@type\":\"Organization\",\"@id\":\"https:\\\/\\\/tus.eschringen.de\\\/wordpress\\\/#organization\",\"name\":\"TuS Eschringen\",\"url\":\"https:\\\/\\\/tus.eschringen.de\\\/wordpress\\\/\",\"logo\":{\"@type\":\"ImageObject\",\"inLanguage\":\"de\",\"@id\":\"https:\\\/\\\/tus.eschringen.de\\\/wordpress\\\/#\\\/schema\\\/logo\\\/image\\\/\",\"url\":\"https:\\\/\\\/i0.wp.com\\\/tus.eschringen.de\\\/wordpress\\\/wp-content\\\/uploads\\\/2025\\\/07\\\/Web_kopf.jpg?fit=1260%2C240&ssl=1\",\"contentUrl\":\"https:\\\/\\\/i0.wp.com\\\/tus.eschringen.de\\\/wordpress\\\/wp-content\\\/uploads\\\/2025\\\/07\\\/Web_kopf.jpg?fit=1260%2C240&ssl=1\",\"width\":1260,\"height\":240,\"caption\":\"TuS Eschringen\"},\"image\":{\"@id\":\"https:\\\/\\\/tus.eschringen.de\\\/wordpress\\\/#\\\/schema\\\/logo\\\/image\\\/\"},\"sameAs\":[\"https:\\\/\\\/www.facebook.com\\\/TuS.Eschringen\\\/\",\"https:\\\/\\\/www.instagram.com\\\/tus.eschringen\\\/\"]}]}<\/script>\n<!-- \/ Yoast SEO plugin. -->","yoast_head_json":{"title":"FC St. Arnual II - TuS Eschringen - TuS Eschringen","robots":{"index":"index","follow":"follow","max-snippet":"max-snippet:-1","max-image-preview":"max-image-preview:large","max-video-preview":"max-video-preview:-1"},"canonical":"https:\/\/tus.eschringen.de\/wordpress\/event\/fc-st-arnual-ii-tus-eschringen\/","og_locale":"de_DE","og_type":"article","og_title":"FC St. Arnual II - TuS Eschringen - TuS Eschringen","og_description":"Bezirksliga Saarbr\u00fccken 3. Spieltag FC St. Arnual II \u2013 TuS Eschringen 1:4 (1:1) Spielbericht: St. Arnual bleibt f\u00fcr den TuS ein gutes Pflaster. Obwohl unsere Erste phasenweise Schw\u00e4chen offenbarte, fuhr man am Ende einen deutlichen Sieg in. Der TuS war von Anfang an spielbestimmend und verf\u00fcgte bereits zur Halbzeit \u00fcber ein klares Chancenplus, das G\u00e4stetor ... alles lesen","og_url":"https:\/\/tus.eschringen.de\/wordpress\/event\/fc-st-arnual-ii-tus-eschringen\/","og_site_name":"TuS Eschringen","article_publisher":"https:\/\/www.facebook.com\/TuS.Eschringen\/","article_modified_time":"2018-08-22T07:03:31+00:00","twitter_card":"summary_large_image","twitter_misc":{"Gesch\u00e4tzte Lesezeit":"1\u00a0Minute"},"schema":{"@context":"https:\/\/schema.org","@graph":[{"@type":"WebPage","@id":"https:\/\/tus.eschringen.de\/wordpress\/event\/fc-st-arnual-ii-tus-eschringen\/","url":"https:\/\/tus.eschringen.de\/wordpress\/event\/fc-st-arnual-ii-tus-eschringen\/","name":"FC St. Arnual II - TuS Eschringen - TuS Eschringen","isPartOf":{"@id":"https:\/\/tus.eschringen.de\/wordpress\/#website"},"datePublished":"2018-08-05T16:08:52+00:00","dateModified":"2018-08-22T07:03:31+00:00","breadcrumb":{"@id":"https:\/\/tus.eschringen.de\/wordpress\/event\/fc-st-arnual-ii-tus-eschringen\/#breadcrumb"},"inLanguage":"de","potentialAction":[{"@type":"ReadAction","target":["https:\/\/tus.eschringen.de\/wordpress\/event\/fc-st-arnual-ii-tus-eschringen\/"]}]},{"@type":"BreadcrumbList","@id":"https:\/\/tus.eschringen.de\/wordpress\/event\/fc-st-arnual-ii-tus-eschringen\/#breadcrumb","itemListElement":[{"@type":"ListItem","position":1,"name":"Startseite","item":"https:\/\/tus.eschringen.de\/wordpress\/"},{"@type":"ListItem","position":2,"name":"Veranstaltungen","item":"https:\/\/tus.eschringen.de\/wordpress\/events\/"},{"@type":"ListItem","position":3,"name":"FC St. Arnual II &#8211; TuS Eschringen"}]},{"@type":"WebSite","@id":"https:\/\/tus.eschringen.de\/wordpress\/#website","url":"https:\/\/tus.eschringen.de\/wordpress\/","name":"TuS Eschringen","description":"","publisher":{"@id":"https:\/\/tus.eschringen.de\/wordpress\/#organization"},"potentialAction":[{"@type":"SearchAction","target":{"@type":"EntryPoint","urlTemplate":"https:\/\/tus.eschringen.de\/wordpress\/?s={search_term_string}"},"query-input":{"@type":"PropertyValueSpecification","valueRequired":true,"valueName":"search_term_string"}}],"inLanguage":"de"},{"@type":"Organization","@id":"https:\/\/tus.eschringen.de\/wordpress\/#organization","name":"TuS Eschringen","url":"https:\/\/tus.eschringen.de\/wordpress\/","logo":{"@type":"ImageObject","inLanguage":"de","@id":"https:\/\/tus.eschringen.de\/wordpress\/#\/schema\/logo\/image\/","url":"https:\/\/i0.wp.com\/tus.eschringen.de\/wordpress\/wp-content\/uploads\/2025\/07\/Web_kopf.jpg?fit=1260%2C240&ssl=1","contentUrl":"https:\/\/i0.wp.com\/tus.eschringen.de\/wordpress\/wp-content\/uploads\/2025\/07\/Web_kopf.jpg?fit=1260%2C240&ssl=1","width":1260,"height":240,"caption":"TuS Eschringen"},"image":{"@id":"https:\/\/tus.eschringen.de\/wordpress\/#\/schema\/logo\/image\/"},"sameAs":["https:\/\/www.facebook.com\/TuS.Eschringen\/","https:\/\/www.instagram.com\/tus.eschringen\/"]}]}},"jetpack_sharing_enabled":true,"_links":{"self":[{"href":"https:\/\/tus.eschringen.de\/wordpress\/wp-json\/wp\/v2\/tribe_events\/1468","targetHints":{"allow":["GET"]}}],"collection":[{"href":"https:\/\/tus.eschringen.de\/wordpress\/wp-json\/wp\/v2\/tribe_events"}],"about":[{"href":"https:\/\/tus.eschringen.de\/wordpress\/wp-json\/wp\/v2\/types\/tribe_events"}],"author":[{"embeddable":true,"href":"https:\/\/tus.eschringen.de\/wordpress\/wp-json\/wp\/v2\/users\/1"}],"version-history":[{"count":7,"href":"https:\/\/tus.eschringen.de\/wordpress\/wp-json\/wp\/v2\/tribe_events\/1468\/revisions"}],"predecessor-version":[{"id":1606,"href":"https:\/\/tus.eschringen.de\/wordpress\/wp-json\/wp\/v2\/tribe_events\/1468\/revisions\/1606"}],"wp:attachment":[{"href":"https:\/\/tus.eschringen.de\/wordpress\/wp-json\/wp\/v2\/media?parent=1468"}],"wp:term":[{"taxonomy":"post_tag","embeddable":true,"href":"https:\/\/tus.eschringen.de\/wordpress\/wp-json\/wp\/v2\/tags?post=1468"},{"taxonomy":"tribe_events_cat","embeddable":true,"href":"https:\/\/tus.eschringen.de\/wordpress\/wp-json\/wp\/v2\/tribe_events_cat?post=1468"}],"curies":[{"name":"wp","href":"https:\/\/api.w.org\/{rel}","templated":true}]}}

<div class="tribe-events-single-event-description tribe-events-content">
<p><strong>Bezirksliga Saarbrücken<br /></strong></p>
<p>3. Spieltag</p>
<p>FC St. Arnual II – TuS Eschringen <span style="color: #ff0000;"><strong>1:4 </strong></span>(1:1)</p>
<p><strong>Spielbericht:</strong></p>
<p>St. Arnual bleibt für den TuS ein gutes Pflaster. Obwohl unsere Erste phasenweise Schwächen offenbarte, fuhr man am Ende einen deutlichen Sieg in.</p>
<p>Der TuS war von Anfang an spielbestimmend und verfügte bereits zur Halbzeit über ein klares Chancenplus, das Gästetor erschien allerdings zwischenzeitlich wie vernagelt. St. Arnual operierte im Spielaufbau mit langen Bällen auf ihren Mittelstürmer Dill. Durch Abstimmungsprobleme im Defensivverbund kam dieser immer wieder zu Möglichkeiten und nutzte in der Anfangsphase prompt eine zur 1:0-Führung für die Wackenberger. Dies sollte es für unsere Mannschaft nicht einfacher machen. Kurz vor der Pause aber fiel das Bollwerk und Janis Bentz konnte ausgleichen. Ein ganz wichtiger Treffer für unser Team.</p>
<p>Nach dem Wechsel kämpfte man weiterhin aufopferungsvoll, die spielerische Linie blieb dabei aber allzu oft auf der Strecke. Eine Kopfballablage von Philipp Wilhelm verwandelte Kevin Weinland aus Mittelstürmerposition zu unserer Führung. Dieses Ergebnis hatte auch bis lange in die zweite Halbzeit hinein Bestand. Erst in der Endphase machte Kevin Weinland seinen lupenreinen Hattrick perfekt und sicherte unserem Team drei wertvolle Punkte.</p>
<p>Konstatieren lässt sich, dass unsere Elf endgültig in der Liga angekommen ist. Mit zwei Siegen aus drei Spielen lässt sich gut leben.</p>
<p><strong>Torschützen:</strong></p>
<p>1:0 Björn Dill (11. Min)<br /><strong><span style="color: #ff0000;">1:1</span> Janis Bentz (42. Min)</strong><br /><strong><span style="color: #ff0000;">1:2</span> Kevin Weinland (53. Min)</strong><br /><strong><span style="color: #ff0000;">1:3</span> Kevin Weinland (78. Min)</strong><br /><strong><span style="color: #ff0000;">1:4</span> Kevin Weinland (89. Min)</strong></p>
</div>

<p>Bezirksliga Saarbrücken 3. Spieltag FC St. Arnual II – TuS Eschringen 1:4 (1:1) Spielbericht: St. Arnual bleibt für den TuS ein gutes Pflaster. Obwohl unsere Erste phasenweise Schwächen offenbarte, fuhr man am Ende einen deutlichen Sieg in. Der TuS war von Anfang an spielbestimmend und verfügte bereits zur Halbzeit über ein klares Chancenplus, das Gästetor &#8230; </p>
<p class="read-more-container"><a title="FC St. Arnual II &#8211; TuS Eschringen" class="read-more button" href="https://tus.eschringen.de/wordpress/event/fc-st-arnual-ii-tus-eschringen/#more-1468" aria-label="Mehr Informationen über FC St. Arnual II &#8211; TuS Eschringen">alles lesen</a></p>

<!-- This site is optimized with the Yoast SEO plugin v27.4 - https://yoast.com/product/yoast-seo-wordpress/ -->
<title>FC St. Arnual II - TuS Eschringen - TuS Eschringen</title>
<meta name="robots" content="index, follow, max-snippet:-1, max-image-preview:large, max-video-preview:-1" />
<link rel="canonical" href="https://tus.eschringen.de/wordpress/event/fc-st-arnual-ii-tus-eschringen/" />
<meta property="og:locale" content="de_DE" />
<meta property="og:type" content="article" />
<meta property="og:title" content="FC St. Arnual II - TuS Eschringen - TuS Eschringen" />
<meta property="og:description" content="Bezirksliga Saarbrücken 3. Spieltag FC St. Arnual II – TuS Eschringen 1:4 (1:1) Spielbericht: St. Arnual bleibt für den TuS ein gutes Pflaster. Obwohl unsere Erste phasenweise Schwächen offenbarte, fuhr man am Ende einen deutlichen Sieg in. Der TuS war von Anfang an spielbestimmend und verfügte bereits zur Halbzeit über ein klares Chancenplus, das Gästetor ... alles lesen" />
<meta property="og:url" content="https://tus.eschringen.de/wordpress/event/fc-st-arnual-ii-tus-eschringen/" />
<meta property="og:site_name" content="TuS Eschringen" />
<meta property="article:publisher" content="https://www.facebook.com/TuS.Eschringen/" />
<meta property="article:modified_time" content="2018-08-22T07:03:31+00:00" />
<meta name="twitter:card" content="summary_large_image" />
<meta name="twitter:label1" content="Geschätzte Lesezeit" />
	<meta name="twitter:data1" content="1 Minute" />
<script type="application/ld+json" class="yoast-schema-graph">{"@context":"https:\/\/schema.org","@graph":[{"@type":"WebPage","@id":"https:\/\/tus.eschringen.de\/wordpress\/event\/fc-st-arnual-ii-tus-eschringen\/","url":"https:\/\/tus.eschringen.de\/wordpress\/event\/fc-st-arnual-ii-tus-eschringen\/","name":"FC St. Arnual II - TuS Eschringen - TuS Eschringen","isPartOf":{"@id":"https:\/\/tus.eschringen.de\/wordpress\/#website"},"datePublished":"2018-08-05T16:08:52+00:00","dateModified":"2018-08-22T07:03:31+00:00","breadcrumb":{"@id":"https:\/\/tus.eschringen.de\/wordpress\/event\/fc-st-arnual-ii-tus-eschringen\/#breadcrumb"},"inLanguage":"de","potentialAction":[{"@type":"ReadAction","target":["https:\/\/tus.eschringen.de\/wordpress\/event\/fc-st-arnual-ii-tus-eschringen\/"]}]},{"@type":"BreadcrumbList","@id":"https:\/\/tus.eschringen.de\/wordpress\/event\/fc-st-arnual-ii-tus-eschringen\/#breadcrumb","itemListElement":[{"@type":"ListItem","position":1,"name":"Startseite","item":"https:\/\/tus.eschringen.de\/wordpress\/"},{"@type":"ListItem","position":2,"name":"Veranstaltungen","item":"https:\/\/tus.eschringen.de\/wordpress\/events\/"},{"@type":"ListItem","position":3,"name":"FC St. Arnual II &#8211; TuS Eschringen"}]},{"@type":"WebSite","@id":"https:\/\/tus.eschringen.de\/wordpress\/#website","url":"https:\/\/tus.eschringen.de\/wordpress\/","name":"TuS Eschringen","description":"","publisher":{"@id":"https:\/\/tus.eschringen.de\/wordpress\/#organization"},"potentialAction":[{"@type":"SearchAction","target":{"@type":"EntryPoint","urlTemplate":"https:\/\/tus.eschringen.de\/wordpress\/?s={search_term_string}"},"query-input":{"@type":"PropertyValueSpecification","valueRequired":true,"valueName":"search_term_string"}}],"inLanguage":"de"},{"@type":"Organization","@id":"https:\/\/tus.eschringen.de\/wordpress\/#organization","name":"TuS Eschringen","url":"https:\/\/tus.eschringen.de\/wordpress\/","logo":{"@type":"ImageObject","inLanguage":"de","@id":"https:\/\/tus.eschringen.de\/wordpress\/#\/schema\/logo\/image\/","url":"https:\/\/i0.wp.com\/tus.eschringen.de\/wordpress\/wp-content\/uploads\/2025\/07\/Web_kopf.jpg?fit=1260%2C240&ssl=1","contentUrl":"https:\/\/i0.wp.com\/tus.eschringen.de\/wordpress\/wp-content\/uploads\/2025\/07\/Web_kopf.jpg?fit=1260%2C240&ssl=1","width":1260,"height":240,"caption":"TuS Eschringen"},"image":{"@id":"https:\/\/tus.eschringen.de\/wordpress\/#\/schema\/logo\/image\/"},"sameAs":["https:\/\/www.facebook.com\/TuS.Eschringen\/","https:\/\/www.instagram.com\/tus.eschringen\/"]}]}</script>
<!-- / Yoast SEO plugin. -->

Bezirksliga Saarbrücken 3. Spieltag FC St. Arnual II – TuS Eschringen 1:4 (1:1) Spielbericht: St. Arnual bleibt für den TuS ein gutes Pflaster. Obwohl unsere Erste phasenweise Schwächen offenbarte, fuhr man am Ende einen deutlichen Sieg in. Der TuS war von Anfang an spielbestimmend und verfügte bereits zur Halbzeit über ein klares Chancenplus, das Gästetor ... alles lesen
