{"id":1416,"date":"2018-07-02T08:51:49","date_gmt":"2018-07-02T06:51:49","guid":{"rendered":"http:\/\/tus.eschringen.de\/wordpress\/?post_type=tribe_events&#038;p=1416"},"modified":"2018-08-13T18:54:51","modified_gmt":"2018-08-13T16:54:51","slug":"tus-eschringen-ii-sf-koellerbach-iii","status":"publish","type":"tribe_events","link":"https:\/\/tus.eschringen.de\/wordpress\/event\/tus-eschringen-ii-sf-koellerbach-iii\/","title":{"rendered":"TuS Eschringen II &#8211; SF K\u00f6llerbach III"},"content":{"rendered":"<p><strong>Kreisliga A Saarbr\u00fccken<br \/>\n<\/strong><\/p>\n<p>2. Spieltag<\/p>\n<p>TuS Eschringen II &#8211; SF K\u00f6llerbach III <span style=\"color: #ff0000;\"><strong>1:0 <\/strong><\/span>(1:0)<\/p>\n<p><strong>Spielbericht:<\/strong><\/p>\n<p>Unsere zweite Mannschaft blieb in der Erfolgsspur. Im zweiten Spiel wurde der erste Saisonsieg eingefahren. Der TuS machte es aber bis zum Schluss spannend.<\/p>\n<p>Unsere Elf bestimmte das Spiel von Anfang an und hatte eine Vielzahl an M\u00f6glichkeiten, die aber zu h\u00e4ufig ungl\u00fccklich abgeschlossen wurden. Andreas Mergener war es in der 32. Spielminute vorbehalten, den entscheidenden Treffer zu markieren, als er im Strafraum von halbrechts abzog und der abgef\u00e4lschte Ball den Weg ins G\u00e4stetor fand.<\/p>\n<p>Auch in der Folge war es quasi ein Spiel auf ein Tor. Der mangelnden Chancenverwertung hatten die G\u00e4ste es zu verdanken, dass sie bis zum Schluss im Spiel blieben. K\u00f6llerbach wurde lediglich durch Standardsituationen gef\u00e4hrlich. Hier zeigte sich aber unser Torwart Kevin Schmitt bestens auf dem Posten.<\/p>\n<p>Ein gelungener Saisonstart l\u00e4sst den TuS in die oberen Tabellenregionen schnellen und mach nicht nur den Spielern Lust auf mehr.<\/p>\n<p><strong>Torsch\u00fctze:<\/strong><\/p>\n<p><strong><span style=\"color: #ff0000;\">1:0<\/span> Andreas Mergener (32. Min)<br \/>\n<\/strong><\/p>\n","protected":false},"excerpt":{"rendered":"<p>Kreisliga A Saarbr\u00fccken 2. Spieltag TuS Eschringen II &#8211; SF K\u00f6llerbach III 1:0 (1:0) Spielbericht: Unsere zweite Mannschaft blieb in der Erfolgsspur. Im zweiten Spiel wurde der erste Saisonsieg eingefahren. Der TuS machte es aber bis zum Schluss spannend. Unsere Elf bestimmte das Spiel von Anfang an und hatte eine Vielzahl an M\u00f6glichkeiten, die aber &#8230; <\/p>\n<p class=\"read-more-container\"><a title=\"TuS Eschringen II &#8211; SF K\u00f6llerbach III\" class=\"read-more button\" href=\"https:\/\/tus.eschringen.de\/wordpress\/event\/tus-eschringen-ii-sf-koellerbach-iii\/#more-1416\" aria-label=\"Mehr Informationen \u00fcber TuS Eschringen II &#8211; SF K\u00f6llerbach III\">alles lesen<\/a><\/p>\n","protected":false},"author":1,"featured_media":0,"template":"","meta":{"generate_page_header":"","_tribe_events_status":"","_tribe_events_status_reason":"","footnotes":""},"tags":[],"tribe_events_cat":[9],"class_list":["post-1416","tribe_events","type-tribe_events","status-publish","hentry","tribe_events_cat-kreisliga-a-saarbruecken","cat_kreisliga-a-saarbruecken"],"yoast_head":"<!-- This site is optimized with the Yoast SEO plugin v27.4 - https:\/\/yoast.com\/product\/yoast-seo-wordpress\/ -->\n<title>TuS Eschringen II - SF K\u00f6llerbach III - TuS Eschringen<\/title>\n<meta name=\"robots\" content=\"index, follow, max-snippet:-1, max-image-preview:large, max-video-preview:-1\" \/>\n<link rel=\"canonical\" href=\"https:\/\/tus.eschringen.de\/wordpress\/event\/tus-eschringen-ii-sf-koellerbach-iii\/\" \/>\n<meta property=\"og:locale\" content=\"de_DE\" \/>\n<meta property=\"og:type\" content=\"article\" \/>\n<meta property=\"og:title\" content=\"TuS Eschringen II - SF K\u00f6llerbach III - TuS Eschringen\" \/>\n<meta property=\"og:description\" content=\"Kreisliga A Saarbr\u00fccken 2. Spieltag TuS Eschringen II &#8211; SF K\u00f6llerbach III 1:0 (1:0) Spielbericht: Unsere zweite Mannschaft blieb in der Erfolgsspur. Im zweiten Spiel wurde der erste Saisonsieg eingefahren. Der TuS machte es aber bis zum Schluss spannend. Unsere Elf bestimmte das Spiel von Anfang an und hatte eine Vielzahl an M\u00f6glichkeiten, die aber ... alles lesen\" \/>\n<meta property=\"og:url\" content=\"https:\/\/tus.eschringen.de\/wordpress\/event\/tus-eschringen-ii-sf-koellerbach-iii\/\" \/>\n<meta property=\"og:site_name\" content=\"TuS Eschringen\" \/>\n<meta property=\"article:publisher\" content=\"https:\/\/www.facebook.com\/TuS.Eschringen\/\" \/>\n<meta property=\"article:modified_time\" content=\"2018-08-13T16:54:51+00:00\" \/>\n<meta name=\"twitter:card\" content=\"summary_large_image\" \/>\n<meta name=\"twitter:label1\" content=\"Gesch\u00e4tzte Lesezeit\" \/>\n\t<meta name=\"twitter:data1\" content=\"1\u00a0Minute\" \/>\n<script type=\"application\/ld+json\" class=\"yoast-schema-graph\">{\"@context\":\"https:\\\/\\\/schema.org\",\"@graph\":[{\"@type\":\"WebPage\",\"@id\":\"https:\\\/\\\/tus.eschringen.de\\\/wordpress\\\/event\\\/tus-eschringen-ii-sf-koellerbach-iii\\\/\",\"url\":\"https:\\\/\\\/tus.eschringen.de\\\/wordpress\\\/event\\\/tus-eschringen-ii-sf-koellerbach-iii\\\/\",\"name\":\"TuS Eschringen II - SF K\u00f6llerbach III - TuS Eschringen\",\"isPartOf\":{\"@id\":\"https:\\\/\\\/tus.eschringen.de\\\/wordpress\\\/#website\"},\"datePublished\":\"2018-07-02T06:51:49+00:00\",\"dateModified\":\"2018-08-13T16:54:51+00:00\",\"breadcrumb\":{\"@id\":\"https:\\\/\\\/tus.eschringen.de\\\/wordpress\\\/event\\\/tus-eschringen-ii-sf-koellerbach-iii\\\/#breadcrumb\"},\"inLanguage\":\"de\",\"potentialAction\":[{\"@type\":\"ReadAction\",\"target\":[\"https:\\\/\\\/tus.eschringen.de\\\/wordpress\\\/event\\\/tus-eschringen-ii-sf-koellerbach-iii\\\/\"]}]},{\"@type\":\"BreadcrumbList\",\"@id\":\"https:\\\/\\\/tus.eschringen.de\\\/wordpress\\\/event\\\/tus-eschringen-ii-sf-koellerbach-iii\\\/#breadcrumb\",\"itemListElement\":[{\"@type\":\"ListItem\",\"position\":1,\"name\":\"Startseite\",\"item\":\"https:\\\/\\\/tus.eschringen.de\\\/wordpress\\\/\"},{\"@type\":\"ListItem\",\"position\":2,\"name\":\"Veranstaltungen\",\"item\":\"https:\\\/\\\/tus.eschringen.de\\\/wordpress\\\/events\\\/\"},{\"@type\":\"ListItem\",\"position\":3,\"name\":\"TuS Eschringen II &#8211; SF K\u00f6llerbach III\"}]},{\"@type\":\"WebSite\",\"@id\":\"https:\\\/\\\/tus.eschringen.de\\\/wordpress\\\/#website\",\"url\":\"https:\\\/\\\/tus.eschringen.de\\\/wordpress\\\/\",\"name\":\"TuS Eschringen\",\"description\":\"\",\"publisher\":{\"@id\":\"https:\\\/\\\/tus.eschringen.de\\\/wordpress\\\/#organization\"},\"potentialAction\":[{\"@type\":\"SearchAction\",\"target\":{\"@type\":\"EntryPoint\",\"urlTemplate\":\"https:\\\/\\\/tus.eschringen.de\\\/wordpress\\\/?s={search_term_string}\"},\"query-input\":{\"@type\":\"PropertyValueSpecification\",\"valueRequired\":true,\"valueName\":\"search_term_string\"}}],\"inLanguage\":\"de\"},{\"@type\":\"Organization\",\"@id\":\"https:\\\/\\\/tus.eschringen.de\\\/wordpress\\\/#organization\",\"name\":\"TuS Eschringen\",\"url\":\"https:\\\/\\\/tus.eschringen.de\\\/wordpress\\\/\",\"logo\":{\"@type\":\"ImageObject\",\"inLanguage\":\"de\",\"@id\":\"https:\\\/\\\/tus.eschringen.de\\\/wordpress\\\/#\\\/schema\\\/logo\\\/image\\\/\",\"url\":\"https:\\\/\\\/i0.wp.com\\\/tus.eschringen.de\\\/wordpress\\\/wp-content\\\/uploads\\\/2025\\\/07\\\/Web_kopf.jpg?fit=1260%2C240&ssl=1\",\"contentUrl\":\"https:\\\/\\\/i0.wp.com\\\/tus.eschringen.de\\\/wordpress\\\/wp-content\\\/uploads\\\/2025\\\/07\\\/Web_kopf.jpg?fit=1260%2C240&ssl=1\",\"width\":1260,\"height\":240,\"caption\":\"TuS Eschringen\"},\"image\":{\"@id\":\"https:\\\/\\\/tus.eschringen.de\\\/wordpress\\\/#\\\/schema\\\/logo\\\/image\\\/\"},\"sameAs\":[\"https:\\\/\\\/www.facebook.com\\\/TuS.Eschringen\\\/\",\"https:\\\/\\\/www.instagram.com\\\/tus.eschringen\\\/\"]}]}<\/script>\n<!-- \/ Yoast SEO plugin. -->","yoast_head_json":{"title":"TuS Eschringen II - SF K\u00f6llerbach III - TuS Eschringen","robots":{"index":"index","follow":"follow","max-snippet":"max-snippet:-1","max-image-preview":"max-image-preview:large","max-video-preview":"max-video-preview:-1"},"canonical":"https:\/\/tus.eschringen.de\/wordpress\/event\/tus-eschringen-ii-sf-koellerbach-iii\/","og_locale":"de_DE","og_type":"article","og_title":"TuS Eschringen II - SF K\u00f6llerbach III - TuS Eschringen","og_description":"Kreisliga A Saarbr\u00fccken 2. Spieltag TuS Eschringen II &#8211; SF K\u00f6llerbach III 1:0 (1:0) Spielbericht: Unsere zweite Mannschaft blieb in der Erfolgsspur. Im zweiten Spiel wurde der erste Saisonsieg eingefahren. Der TuS machte es aber bis zum Schluss spannend. Unsere Elf bestimmte das Spiel von Anfang an und hatte eine Vielzahl an M\u00f6glichkeiten, die aber ... alles lesen","og_url":"https:\/\/tus.eschringen.de\/wordpress\/event\/tus-eschringen-ii-sf-koellerbach-iii\/","og_site_name":"TuS Eschringen","article_publisher":"https:\/\/www.facebook.com\/TuS.Eschringen\/","article_modified_time":"2018-08-13T16:54:51+00:00","twitter_card":"summary_large_image","twitter_misc":{"Gesch\u00e4tzte Lesezeit":"1\u00a0Minute"},"schema":{"@context":"https:\/\/schema.org","@graph":[{"@type":"WebPage","@id":"https:\/\/tus.eschringen.de\/wordpress\/event\/tus-eschringen-ii-sf-koellerbach-iii\/","url":"https:\/\/tus.eschringen.de\/wordpress\/event\/tus-eschringen-ii-sf-koellerbach-iii\/","name":"TuS Eschringen II - SF K\u00f6llerbach III - TuS Eschringen","isPartOf":{"@id":"https:\/\/tus.eschringen.de\/wordpress\/#website"},"datePublished":"2018-07-02T06:51:49+00:00","dateModified":"2018-08-13T16:54:51+00:00","breadcrumb":{"@id":"https:\/\/tus.eschringen.de\/wordpress\/event\/tus-eschringen-ii-sf-koellerbach-iii\/#breadcrumb"},"inLanguage":"de","potentialAction":[{"@type":"ReadAction","target":["https:\/\/tus.eschringen.de\/wordpress\/event\/tus-eschringen-ii-sf-koellerbach-iii\/"]}]},{"@type":"BreadcrumbList","@id":"https:\/\/tus.eschringen.de\/wordpress\/event\/tus-eschringen-ii-sf-koellerbach-iii\/#breadcrumb","itemListElement":[{"@type":"ListItem","position":1,"name":"Startseite","item":"https:\/\/tus.eschringen.de\/wordpress\/"},{"@type":"ListItem","position":2,"name":"Veranstaltungen","item":"https:\/\/tus.eschringen.de\/wordpress\/events\/"},{"@type":"ListItem","position":3,"name":"TuS Eschringen II &#8211; SF K\u00f6llerbach III"}]},{"@type":"WebSite","@id":"https:\/\/tus.eschringen.de\/wordpress\/#website","url":"https:\/\/tus.eschringen.de\/wordpress\/","name":"TuS Eschringen","description":"","publisher":{"@id":"https:\/\/tus.eschringen.de\/wordpress\/#organization"},"potentialAction":[{"@type":"SearchAction","target":{"@type":"EntryPoint","urlTemplate":"https:\/\/tus.eschringen.de\/wordpress\/?s={search_term_string}"},"query-input":{"@type":"PropertyValueSpecification","valueRequired":true,"valueName":"search_term_string"}}],"inLanguage":"de"},{"@type":"Organization","@id":"https:\/\/tus.eschringen.de\/wordpress\/#organization","name":"TuS Eschringen","url":"https:\/\/tus.eschringen.de\/wordpress\/","logo":{"@type":"ImageObject","inLanguage":"de","@id":"https:\/\/tus.eschringen.de\/wordpress\/#\/schema\/logo\/image\/","url":"https:\/\/i0.wp.com\/tus.eschringen.de\/wordpress\/wp-content\/uploads\/2025\/07\/Web_kopf.jpg?fit=1260%2C240&ssl=1","contentUrl":"https:\/\/i0.wp.com\/tus.eschringen.de\/wordpress\/wp-content\/uploads\/2025\/07\/Web_kopf.jpg?fit=1260%2C240&ssl=1","width":1260,"height":240,"caption":"TuS Eschringen"},"image":{"@id":"https:\/\/tus.eschringen.de\/wordpress\/#\/schema\/logo\/image\/"},"sameAs":["https:\/\/www.facebook.com\/TuS.Eschringen\/","https:\/\/www.instagram.com\/tus.eschringen\/"]}]}},"jetpack_sharing_enabled":true,"_links":{"self":[{"href":"https:\/\/tus.eschringen.de\/wordpress\/wp-json\/wp\/v2\/tribe_events\/1416","targetHints":{"allow":["GET"]}}],"collection":[{"href":"https:\/\/tus.eschringen.de\/wordpress\/wp-json\/wp\/v2\/tribe_events"}],"about":[{"href":"https:\/\/tus.eschringen.de\/wordpress\/wp-json\/wp\/v2\/types\/tribe_events"}],"author":[{"embeddable":true,"href":"https:\/\/tus.eschringen.de\/wordpress\/wp-json\/wp\/v2\/users\/1"}],"version-history":[{"count":4,"href":"https:\/\/tus.eschringen.de\/wordpress\/wp-json\/wp\/v2\/tribe_events\/1416\/revisions"}],"predecessor-version":[{"id":1492,"href":"https:\/\/tus.eschringen.de\/wordpress\/wp-json\/wp\/v2\/tribe_events\/1416\/revisions\/1492"}],"wp:attachment":[{"href":"https:\/\/tus.eschringen.de\/wordpress\/wp-json\/wp\/v2\/media?parent=1416"}],"wp:term":[{"taxonomy":"post_tag","embeddable":true,"href":"https:\/\/tus.eschringen.de\/wordpress\/wp-json\/wp\/v2\/tags?post=1416"},{"taxonomy":"tribe_events_cat","embeddable":true,"href":"https:\/\/tus.eschringen.de\/wordpress\/wp-json\/wp\/v2\/tribe_events_cat?post=1416"}],"curies":[{"name":"wp","href":"https:\/\/api.w.org\/{rel}","templated":true}]}}

TuS Eschringen II &#8211; SF Köllerbach III

<p><strong>Kreisliga A Saarbrücken<br />
</strong></p>
<p>2. Spieltag</p>
<p>TuS Eschringen II &#8211; SF Köllerbach III <span style="color: #ff0000;"><strong>1:0 </strong></span>(1:0)</p>
<p><strong>Spielbericht:</strong></p>
<p>Unsere zweite Mannschaft blieb in der Erfolgsspur. Im zweiten Spiel wurde der erste Saisonsieg eingefahren. Der TuS machte es aber bis zum Schluss spannend.</p>
<p>Unsere Elf bestimmte das Spiel von Anfang an und hatte eine Vielzahl an Möglichkeiten, die aber zu häufig unglücklich abgeschlossen wurden. Andreas Mergener war es in der 32. Spielminute vorbehalten, den entscheidenden Treffer zu markieren, als er im Strafraum von halbrechts abzog und der abgefälschte Ball den Weg ins Gästetor fand.</p>
<p>Auch in der Folge war es quasi ein Spiel auf ein Tor. Der mangelnden Chancenverwertung hatten die Gäste es zu verdanken, dass sie bis zum Schluss im Spiel blieben. Köllerbach wurde lediglich durch Standardsituationen gefährlich. Hier zeigte sich aber unser Torwart Kevin Schmitt bestens auf dem Posten.</p>
<p>Ein gelungener Saisonstart lässt den TuS in die oberen Tabellenregionen schnellen und mach nicht nur den Spielern Lust auf mehr.</p>
<p><strong>Torschütze:</strong></p>
<p><strong><span style="color: #ff0000;">1:0</span> Andreas Mergener (32. Min)<br />
</strong></p>

<p>Kreisliga A Saarbrücken 2. Spieltag TuS Eschringen II &#8211; SF Köllerbach III 1:0 (1:0) Spielbericht: Unsere zweite Mannschaft blieb in der Erfolgsspur. Im zweiten Spiel wurde der erste Saisonsieg eingefahren. Der TuS machte es aber bis zum Schluss spannend. Unsere Elf bestimmte das Spiel von Anfang an und hatte eine Vielzahl an Möglichkeiten, die aber &#8230; </p>
<p class="read-more-container"><a title="TuS Eschringen II &#8211; SF Köllerbach III" class="read-more button" href="https://tus.eschringen.de/wordpress/event/tus-eschringen-ii-sf-koellerbach-iii/#more-1416" aria-label="Mehr Informationen über TuS Eschringen II &#8211; SF Köllerbach III">alles lesen</a></p>

<!-- This site is optimized with the Yoast SEO plugin v27.4 - https://yoast.com/product/yoast-seo-wordpress/ -->
<title>TuS Eschringen II - SF Köllerbach III - TuS Eschringen</title>
<meta name="robots" content="index, follow, max-snippet:-1, max-image-preview:large, max-video-preview:-1" />
<link rel="canonical" href="https://tus.eschringen.de/wordpress/event/tus-eschringen-ii-sf-koellerbach-iii/" />
<meta property="og:locale" content="de_DE" />
<meta property="og:type" content="article" />
<meta property="og:title" content="TuS Eschringen II - SF Köllerbach III - TuS Eschringen" />
<meta property="og:description" content="Kreisliga A Saarbrücken 2. Spieltag TuS Eschringen II &#8211; SF Köllerbach III 1:0 (1:0) Spielbericht: Unsere zweite Mannschaft blieb in der Erfolgsspur. Im zweiten Spiel wurde der erste Saisonsieg eingefahren. Der TuS machte es aber bis zum Schluss spannend. Unsere Elf bestimmte das Spiel von Anfang an und hatte eine Vielzahl an Möglichkeiten, die aber ... alles lesen" />
<meta property="og:url" content="https://tus.eschringen.de/wordpress/event/tus-eschringen-ii-sf-koellerbach-iii/" />
<meta property="og:site_name" content="TuS Eschringen" />
<meta property="article:publisher" content="https://www.facebook.com/TuS.Eschringen/" />
<meta property="article:modified_time" content="2018-08-13T16:54:51+00:00" />
<meta name="twitter:card" content="summary_large_image" />
<meta name="twitter:label1" content="Geschätzte Lesezeit" />
	<meta name="twitter:data1" content="1 Minute" />
<script type="application/ld+json" class="yoast-schema-graph">{"@context":"https:\/\/schema.org","@graph":[{"@type":"WebPage","@id":"https:\/\/tus.eschringen.de\/wordpress\/event\/tus-eschringen-ii-sf-koellerbach-iii\/","url":"https:\/\/tus.eschringen.de\/wordpress\/event\/tus-eschringen-ii-sf-koellerbach-iii\/","name":"TuS Eschringen II - SF Köllerbach III - TuS Eschringen","isPartOf":{"@id":"https:\/\/tus.eschringen.de\/wordpress\/#website"},"datePublished":"2018-07-02T06:51:49+00:00","dateModified":"2018-08-13T16:54:51+00:00","breadcrumb":{"@id":"https:\/\/tus.eschringen.de\/wordpress\/event\/tus-eschringen-ii-sf-koellerbach-iii\/#breadcrumb"},"inLanguage":"de","potentialAction":[{"@type":"ReadAction","target":["https:\/\/tus.eschringen.de\/wordpress\/event\/tus-eschringen-ii-sf-koellerbach-iii\/"]}]},{"@type":"BreadcrumbList","@id":"https:\/\/tus.eschringen.de\/wordpress\/event\/tus-eschringen-ii-sf-koellerbach-iii\/#breadcrumb","itemListElement":[{"@type":"ListItem","position":1,"name":"Startseite","item":"https:\/\/tus.eschringen.de\/wordpress\/"},{"@type":"ListItem","position":2,"name":"Veranstaltungen","item":"https:\/\/tus.eschringen.de\/wordpress\/events\/"},{"@type":"ListItem","position":3,"name":"TuS Eschringen II &#8211; SF Köllerbach III"}]},{"@type":"WebSite","@id":"https:\/\/tus.eschringen.de\/wordpress\/#website","url":"https:\/\/tus.eschringen.de\/wordpress\/","name":"TuS Eschringen","description":"","publisher":{"@id":"https:\/\/tus.eschringen.de\/wordpress\/#organization"},"potentialAction":[{"@type":"SearchAction","target":{"@type":"EntryPoint","urlTemplate":"https:\/\/tus.eschringen.de\/wordpress\/?s={search_term_string}"},"query-input":{"@type":"PropertyValueSpecification","valueRequired":true,"valueName":"search_term_string"}}],"inLanguage":"de"},{"@type":"Organization","@id":"https:\/\/tus.eschringen.de\/wordpress\/#organization","name":"TuS Eschringen","url":"https:\/\/tus.eschringen.de\/wordpress\/","logo":{"@type":"ImageObject","inLanguage":"de","@id":"https:\/\/tus.eschringen.de\/wordpress\/#\/schema\/logo\/image\/","url":"https:\/\/i0.wp.com\/tus.eschringen.de\/wordpress\/wp-content\/uploads\/2025\/07\/Web_kopf.jpg?fit=1260%2C240&ssl=1","contentUrl":"https:\/\/i0.wp.com\/tus.eschringen.de\/wordpress\/wp-content\/uploads\/2025\/07\/Web_kopf.jpg?fit=1260%2C240&ssl=1","width":1260,"height":240,"caption":"TuS Eschringen"},"image":{"@id":"https:\/\/tus.eschringen.de\/wordpress\/#\/schema\/logo\/image\/"},"sameAs":["https:\/\/www.facebook.com\/TuS.Eschringen\/","https:\/\/www.instagram.com\/tus.eschringen\/"]}]}</script>
<!-- / Yoast SEO plugin. -->

TuS Eschringen II - SF Köllerbach III - TuS Eschringen

Kreisliga A Saarbrücken 2. Spieltag TuS Eschringen II &#8211; SF Köllerbach III 1:0 (1:0) Spielbericht: Unsere zweite Mannschaft blieb in der Erfolgsspur. Im zweiten Spiel wurde der erste Saisonsieg eingefahren. Der TuS machte es aber bis zum Schluss spannend. Unsere Elf bestimmte das Spiel von Anfang an und hatte eine Vielzahl an Möglichkeiten, die aber ... alles lesen
