{"id":3426,"date":"2022-04-02T08:21:32","date_gmt":"2022-04-02T06:21:32","guid":{"rendered":"http:\/\/tus.eschringen.de\/wordpress\/?page_id=3426"},"modified":"2022-04-02T08:21:33","modified_gmt":"2022-04-02T06:21:33","slug":"abschlussbericht-2021-22","status":"publish","type":"page","link":"https:\/\/tus.eschringen.de\/wordpress\/tischtennis\/abschlussbericht-2021-22\/","title":{"rendered":"Abschlussbericht 2021\/22"},"content":{"rendered":"\n<p><strong>Bericht Tischtennis TuS-Eschringen Spielzeit 2021-2022<\/strong><\/p>\n\n\n\n<p>Nachdem Roland Schmitt den letzten Bericht \u00fcber die Trainingsm\u00f6glichkeiten in Eschringen unter Coronabedingungen geschrieben hat, m\u00f6chte ich jetzt einen Bericht \u00fcber die Spielzeit 2021-2022 geben.<\/p>\n\n\n\n<p>An dieser Stelle m\u00f6chte ich nochmals erw\u00e4hnen, wie sehr wir Roland als Mitglied der Abteilung und auch als Redakteur der Homepages und Teil des Vorstands der Eschringer Vereine vermissen. Mit dem Tod von Roland hat Eschringen einen gro\u00dfartigen Menschen und das Vereinsleben einen herben Verlust erlitten.<\/p>\n\n\n\n<p>Nun zur Spielzeit. Die Spielzeit begann mit dem 1. Spiel am 15.09.2021 gegen DJK-Bildstock. Alle Spiele mussten unter Corona-Auflagen durchgef\u00fchrt werden. Unter diesen Bedingungen war es uns kaum m\u00f6glich 6 Spieler an die Platten zu bekommen. Auch beim Tischtennis-Verband wurde in einer Video-Konferenz diskutiert, ob die Spielzeit \u00fcberhaupt gespielt werden soll. Es hat sich eine kleine Mehrheit f\u00fcr den Beginn der Spielzeit ausgesprochen. Unter diesen Bedingungen wurden auch viele Spiele verschoben, so dass immer mehr Spiele nachgeholt werden mussten. Wir haben 5 Spiele mit ersatzgeschw\u00e4chter Mannschaft<\/p>\n\n\n\n<p>bestritten. Beim 5. Spiel konnten wir nur noch mit 4 Spielern antreten. Bei einer Mannschaftsumfrage haben wir uns einstimmig daf\u00fcr entschieden, die Mannschaft f\u00fcr diese Spielzeit abzumelden. Seitdem fand in der Sporthalle Eschringen nur noch Training statt.<\/p>\n\n\n\n<p>Am Montag, den 14.03.2022 erhielten wir vom Sportamt Saarbr\u00fccken die Nachricht, das die Sporthalle Eschringen zur Aufnahme von Fl\u00fcchtlingen aus der Ukraine ben\u00f6tigt wird. Die Halle war schon leerger\u00e4umt und unsere TT-Platten zum Messegel\u00e4nde gebracht worden. F\u00fcr diese Ma\u00dfnahme haben wir in Anbetracht des Leids, was diese Menschen ertragen m\u00fcssen, volles Verst\u00e4ndnis. Von einem Mitspieler habe ich erfahren, das sich in der Turnhalle der Wickersberg-Schule in Ensheim noch 2 Platten befinden. Ich fragte sofort beim Sportamt an, ob in der Halle noch Trainingszeiten frei sind. Mir wurde gesagt, das Montags von 20 bis 22 Uhr und ab Mittwoch den 06.04.2022 von 19.\u00b0\u00b0 bis 21:30 Uhr die Halle genutzt werden k\u00f6nnte. Das Sportamt hat uns diese Zeiten auch sehr schnell reserviert. Wir haben bereits am Montag den 21.03.2022 in der Halle trainiert. Wir sind froh, das wir f\u00fcr die \u00dcbergangszeit in Ensheim eine Bleibe gefunden haben. Alle Interessierte, auch Hobbyspieler, k\u00f6nnen gerne zu den genannten Zeiten zum Schnuppertraining in die Halle kommen.<\/p>\n\n\n\n<p>Bei R\u00fcckfragen: Alfred Boes, Ableilungsleiter Tischtennis, Telefon: 06893\/70993<\/p>\n","protected":false},"excerpt":{"rendered":"<p>Bericht Tischtennis TuS-Eschringen Spielzeit 2021-2022 Nachdem Roland Schmitt den letzten Bericht \u00fcber die Trainingsm\u00f6glichkeiten in Eschringen unter Coronabedingungen geschrieben hat, m\u00f6chte ich jetzt einen Bericht \u00fcber die Spielzeit 2021-2022 geben. An dieser Stelle m\u00f6chte ich nochmals erw\u00e4hnen, wie sehr wir Roland als Mitglied der Abteilung und auch als Redakteur der Homepages und Teil des Vorstands &#8230; <\/p>\n<p class=\"read-more-container\"><a title=\"Abschlussbericht 2021\/22\" class=\"read-more button\" href=\"https:\/\/tus.eschringen.de\/wordpress\/tischtennis\/abschlussbericht-2021-22\/#more-3426\" aria-label=\"Mehr Informationen \u00fcber Abschlussbericht 2021\/22\">alles lesen<\/a><\/p>\n","protected":false},"author":1,"featured_media":0,"parent":46,"menu_order":0,"comment_status":"closed","ping_status":"closed","template":"","meta":{"generate_page_header":"","footnotes":""},"class_list":["post-3426","page","type-page","status-publish"],"yoast_head":"<!-- This site is optimized with the Yoast SEO plugin v27.3 - https:\/\/yoast.com\/product\/yoast-seo-wordpress\/ -->\n<title>Abschlussbericht 2021\/22 - TuS Eschringen<\/title>\n<meta name=\"robots\" content=\"index, follow, max-snippet:-1, max-image-preview:large, max-video-preview:-1\" \/>\n<link rel=\"canonical\" href=\"https:\/\/tus.eschringen.de\/wordpress\/tischtennis\/abschlussbericht-2021-22\/\" \/>\n<meta property=\"og:locale\" content=\"de_DE\" \/>\n<meta property=\"og:type\" content=\"article\" \/>\n<meta property=\"og:title\" content=\"Abschlussbericht 2021\/22 - TuS Eschringen\" \/>\n<meta property=\"og:description\" content=\"Bericht Tischtennis TuS-Eschringen Spielzeit 2021-2022 Nachdem Roland Schmitt den letzten Bericht \u00fcber die Trainingsm\u00f6glichkeiten in Eschringen unter Coronabedingungen geschrieben hat, m\u00f6chte ich jetzt einen Bericht \u00fcber die Spielzeit 2021-2022 geben. An dieser Stelle m\u00f6chte ich nochmals erw\u00e4hnen, wie sehr wir Roland als Mitglied der Abteilung und auch als Redakteur der Homepages und Teil des Vorstands ... alles lesen\" \/>\n<meta property=\"og:url\" content=\"https:\/\/tus.eschringen.de\/wordpress\/tischtennis\/abschlussbericht-2021-22\/\" \/>\n<meta property=\"og:site_name\" content=\"TuS Eschringen\" \/>\n<meta property=\"article:publisher\" content=\"https:\/\/www.facebook.com\/TuS.Eschringen\/\" \/>\n<meta property=\"article:modified_time\" content=\"2022-04-02T06:21:33+00:00\" \/>\n<meta name=\"twitter:card\" content=\"summary_large_image\" \/>\n<meta name=\"twitter:label1\" content=\"Gesch\u00e4tzte Lesezeit\" \/>\n\t<meta name=\"twitter:data1\" content=\"3\u00a0Minuten\" \/>\n<script type=\"application\/ld+json\" class=\"yoast-schema-graph\">{\"@context\":\"https:\\\/\\\/schema.org\",\"@graph\":[{\"@type\":\"WebPage\",\"@id\":\"https:\\\/\\\/tus.eschringen.de\\\/wordpress\\\/tischtennis\\\/abschlussbericht-2021-22\\\/\",\"url\":\"https:\\\/\\\/tus.eschringen.de\\\/wordpress\\\/tischtennis\\\/abschlussbericht-2021-22\\\/\",\"name\":\"Abschlussbericht 2021\\\/22 - TuS Eschringen\",\"isPartOf\":{\"@id\":\"https:\\\/\\\/tus.eschringen.de\\\/wordpress\\\/#website\"},\"datePublished\":\"2022-04-02T06:21:32+00:00\",\"dateModified\":\"2022-04-02T06:21:33+00:00\",\"breadcrumb\":{\"@id\":\"https:\\\/\\\/tus.eschringen.de\\\/wordpress\\\/tischtennis\\\/abschlussbericht-2021-22\\\/#breadcrumb\"},\"inLanguage\":\"de\",\"potentialAction\":[{\"@type\":\"ReadAction\",\"target\":[\"https:\\\/\\\/tus.eschringen.de\\\/wordpress\\\/tischtennis\\\/abschlussbericht-2021-22\\\/\"]}]},{\"@type\":\"BreadcrumbList\",\"@id\":\"https:\\\/\\\/tus.eschringen.de\\\/wordpress\\\/tischtennis\\\/abschlussbericht-2021-22\\\/#breadcrumb\",\"itemListElement\":[{\"@type\":\"ListItem\",\"position\":1,\"name\":\"Startseite\",\"item\":\"https:\\\/\\\/tus.eschringen.de\\\/wordpress\\\/\"},{\"@type\":\"ListItem\",\"position\":2,\"name\":\"Tischtennis\",\"item\":\"https:\\\/\\\/tus.eschringen.de\\\/wordpress\\\/tischtennis\\\/\"},{\"@type\":\"ListItem\",\"position\":3,\"name\":\"Abschlussbericht 2021\\\/22\"}]},{\"@type\":\"WebSite\",\"@id\":\"https:\\\/\\\/tus.eschringen.de\\\/wordpress\\\/#website\",\"url\":\"https:\\\/\\\/tus.eschringen.de\\\/wordpress\\\/\",\"name\":\"TuS Eschringen\",\"description\":\"\",\"publisher\":{\"@id\":\"https:\\\/\\\/tus.eschringen.de\\\/wordpress\\\/#organization\"},\"potentialAction\":[{\"@type\":\"SearchAction\",\"target\":{\"@type\":\"EntryPoint\",\"urlTemplate\":\"https:\\\/\\\/tus.eschringen.de\\\/wordpress\\\/?s={search_term_string}\"},\"query-input\":{\"@type\":\"PropertyValueSpecification\",\"valueRequired\":true,\"valueName\":\"search_term_string\"}}],\"inLanguage\":\"de\"},{\"@type\":\"Organization\",\"@id\":\"https:\\\/\\\/tus.eschringen.de\\\/wordpress\\\/#organization\",\"name\":\"TuS Eschringen\",\"url\":\"https:\\\/\\\/tus.eschringen.de\\\/wordpress\\\/\",\"logo\":{\"@type\":\"ImageObject\",\"inLanguage\":\"de\",\"@id\":\"https:\\\/\\\/tus.eschringen.de\\\/wordpress\\\/#\\\/schema\\\/logo\\\/image\\\/\",\"url\":\"https:\\\/\\\/i0.wp.com\\\/tus.eschringen.de\\\/wordpress\\\/wp-content\\\/uploads\\\/2025\\\/07\\\/Web_kopf.jpg?fit=1260%2C240&ssl=1\",\"contentUrl\":\"https:\\\/\\\/i0.wp.com\\\/tus.eschringen.de\\\/wordpress\\\/wp-content\\\/uploads\\\/2025\\\/07\\\/Web_kopf.jpg?fit=1260%2C240&ssl=1\",\"width\":1260,\"height\":240,\"caption\":\"TuS Eschringen\"},\"image\":{\"@id\":\"https:\\\/\\\/tus.eschringen.de\\\/wordpress\\\/#\\\/schema\\\/logo\\\/image\\\/\"},\"sameAs\":[\"https:\\\/\\\/www.facebook.com\\\/TuS.Eschringen\\\/\",\"https:\\\/\\\/www.instagram.com\\\/tus.eschringen\\\/\"]}]}<\/script>\n<!-- \/ Yoast SEO plugin. -->","yoast_head_json":{"title":"Abschlussbericht 2021\/22 - TuS Eschringen","robots":{"index":"index","follow":"follow","max-snippet":"max-snippet:-1","max-image-preview":"max-image-preview:large","max-video-preview":"max-video-preview:-1"},"canonical":"https:\/\/tus.eschringen.de\/wordpress\/tischtennis\/abschlussbericht-2021-22\/","og_locale":"de_DE","og_type":"article","og_title":"Abschlussbericht 2021\/22 - TuS Eschringen","og_description":"Bericht Tischtennis TuS-Eschringen Spielzeit 2021-2022 Nachdem Roland Schmitt den letzten Bericht \u00fcber die Trainingsm\u00f6glichkeiten in Eschringen unter Coronabedingungen geschrieben hat, m\u00f6chte ich jetzt einen Bericht \u00fcber die Spielzeit 2021-2022 geben. An dieser Stelle m\u00f6chte ich nochmals erw\u00e4hnen, wie sehr wir Roland als Mitglied der Abteilung und auch als Redakteur der Homepages und Teil des Vorstands ... alles lesen","og_url":"https:\/\/tus.eschringen.de\/wordpress\/tischtennis\/abschlussbericht-2021-22\/","og_site_name":"TuS Eschringen","article_publisher":"https:\/\/www.facebook.com\/TuS.Eschringen\/","article_modified_time":"2022-04-02T06:21:33+00:00","twitter_card":"summary_large_image","twitter_misc":{"Gesch\u00e4tzte Lesezeit":"3\u00a0Minuten"},"schema":{"@context":"https:\/\/schema.org","@graph":[{"@type":"WebPage","@id":"https:\/\/tus.eschringen.de\/wordpress\/tischtennis\/abschlussbericht-2021-22\/","url":"https:\/\/tus.eschringen.de\/wordpress\/tischtennis\/abschlussbericht-2021-22\/","name":"Abschlussbericht 2021\/22 - TuS Eschringen","isPartOf":{"@id":"https:\/\/tus.eschringen.de\/wordpress\/#website"},"datePublished":"2022-04-02T06:21:32+00:00","dateModified":"2022-04-02T06:21:33+00:00","breadcrumb":{"@id":"https:\/\/tus.eschringen.de\/wordpress\/tischtennis\/abschlussbericht-2021-22\/#breadcrumb"},"inLanguage":"de","potentialAction":[{"@type":"ReadAction","target":["https:\/\/tus.eschringen.de\/wordpress\/tischtennis\/abschlussbericht-2021-22\/"]}]},{"@type":"BreadcrumbList","@id":"https:\/\/tus.eschringen.de\/wordpress\/tischtennis\/abschlussbericht-2021-22\/#breadcrumb","itemListElement":[{"@type":"ListItem","position":1,"name":"Startseite","item":"https:\/\/tus.eschringen.de\/wordpress\/"},{"@type":"ListItem","position":2,"name":"Tischtennis","item":"https:\/\/tus.eschringen.de\/wordpress\/tischtennis\/"},{"@type":"ListItem","position":3,"name":"Abschlussbericht 2021\/22"}]},{"@type":"WebSite","@id":"https:\/\/tus.eschringen.de\/wordpress\/#website","url":"https:\/\/tus.eschringen.de\/wordpress\/","name":"TuS Eschringen","description":"","publisher":{"@id":"https:\/\/tus.eschringen.de\/wordpress\/#organization"},"potentialAction":[{"@type":"SearchAction","target":{"@type":"EntryPoint","urlTemplate":"https:\/\/tus.eschringen.de\/wordpress\/?s={search_term_string}"},"query-input":{"@type":"PropertyValueSpecification","valueRequired":true,"valueName":"search_term_string"}}],"inLanguage":"de"},{"@type":"Organization","@id":"https:\/\/tus.eschringen.de\/wordpress\/#organization","name":"TuS Eschringen","url":"https:\/\/tus.eschringen.de\/wordpress\/","logo":{"@type":"ImageObject","inLanguage":"de","@id":"https:\/\/tus.eschringen.de\/wordpress\/#\/schema\/logo\/image\/","url":"https:\/\/i0.wp.com\/tus.eschringen.de\/wordpress\/wp-content\/uploads\/2025\/07\/Web_kopf.jpg?fit=1260%2C240&ssl=1","contentUrl":"https:\/\/i0.wp.com\/tus.eschringen.de\/wordpress\/wp-content\/uploads\/2025\/07\/Web_kopf.jpg?fit=1260%2C240&ssl=1","width":1260,"height":240,"caption":"TuS Eschringen"},"image":{"@id":"https:\/\/tus.eschringen.de\/wordpress\/#\/schema\/logo\/image\/"},"sameAs":["https:\/\/www.facebook.com\/TuS.Eschringen\/","https:\/\/www.instagram.com\/tus.eschringen\/"]}]}},"jetpack_sharing_enabled":true,"_links":{"self":[{"href":"https:\/\/tus.eschringen.de\/wordpress\/wp-json\/wp\/v2\/pages\/3426","targetHints":{"allow":["GET"]}}],"collection":[{"href":"https:\/\/tus.eschringen.de\/wordpress\/wp-json\/wp\/v2\/pages"}],"about":[{"href":"https:\/\/tus.eschringen.de\/wordpress\/wp-json\/wp\/v2\/types\/page"}],"author":[{"embeddable":true,"href":"https:\/\/tus.eschringen.de\/wordpress\/wp-json\/wp\/v2\/users\/1"}],"replies":[{"embeddable":true,"href":"https:\/\/tus.eschringen.de\/wordpress\/wp-json\/wp\/v2\/comments?post=3426"}],"version-history":[{"count":1,"href":"https:\/\/tus.eschringen.de\/wordpress\/wp-json\/wp\/v2\/pages\/3426\/revisions"}],"predecessor-version":[{"id":3427,"href":"https:\/\/tus.eschringen.de\/wordpress\/wp-json\/wp\/v2\/pages\/3426\/revisions\/3427"}],"up":[{"embeddable":true,"href":"https:\/\/tus.eschringen.de\/wordpress\/wp-json\/wp\/v2\/pages\/46"}],"wp:attachment":[{"href":"https:\/\/tus.eschringen.de\/wordpress\/wp-json\/wp\/v2\/media?parent=3426"}],"curies":[{"name":"wp","href":"https:\/\/api.w.org\/{rel}","templated":true}]}}