{"id":2217,"date":"2019-07-14T17:57:02","date_gmt":"2019-07-14T15:57:02","guid":{"rendered":"http:\/\/tus.eschringen.de\/wordpress\/?page_id=2217"},"modified":"2019-07-14T17:57:02","modified_gmt":"2019-07-14T15:57:02","slug":"abschlussbericht-tt-senioren-2018-2019","status":"publish","type":"page","link":"https:\/\/tus.eschringen.de\/wordpress\/tischtennis\/abschlussbericht-tt-senioren-2018-2019\/","title":{"rendered":"Abschlussbericht TT-Senioren 2018-2019."},"content":{"rendered":"\n<p>Sportlich\nwar die Spielzeit nicht sehr erfolgreich.<\/p>\n\n\n\n<p>Es\nwurde vom 8 Mannschaften nur der 7. Platz belegt. Grund daf\u00fcr war\ndas Fehlen von einem Spieler Nr. 2 \u00fcber die gesamte Spielzeit. Ein\nweiterer Grund war die \u00c4nderung der Wettkampfordnung die es erlaubt\nSpieler aus oberen Mannschaften in unteren Mannschaften einzusetzen.\nDas f\u00fchrt zu einer Beg\u00fcnstigung von gr\u00f6\u00dferen Vereinen, die\nmehrere Mannschaften haben. Es ist uns aber gelungen bei allen\nSpielen mit 6 Spielern anzutreten. Die Abteilung hat zur Zeit 19\nMitglieder und hat sich damit um 2 Personen erh\u00f6ht. Der Zusammenhalt\n und der Trainingseifer in der Abteilung ist gut. Wir haben in der\nSport- und Kulturhalle Eschringen ideale Trainingsbedingungen. Das\nTraining findet Montag und Mittwoch in der Zeit von 18:30 Uhr bis\n22:00 Uhr statt. Wir w\u00fcrden uns \u00fcber weitere Spieler und\nSpielerinnen sehr freuen. Wir haben zur Zeit 2 Damen in der\nAbteilung, die sich \u00fcber Verst\u00e4rkung freuen w\u00fcrden. Es ist jetzt\nauch ein junger Spieler in der Abteilung, der sich ein Training mit\njungen Spielern und Spielerinnen w\u00fcnscht. Vielleicht k\u00f6nnten wir\nauch  eine Mannschaft im Aktiven-Bereich melden.<\/p>\n\n\n\n<p>Es\nbesteht jederzeit die M\u00f6glichkeit an den Trainingstagen zum\nProbetraining zu kommen. Bei Fragen bitte Tel. 0689370993.<\/p>\n","protected":false},"excerpt":{"rendered":"<p>Sportlich war die Spielzeit nicht sehr erfolgreich. Es wurde vom 8 Mannschaften nur der 7. Platz belegt. Grund daf\u00fcr war das Fehlen von einem Spieler Nr. 2 \u00fcber die gesamte Spielzeit. Ein weiterer Grund war die \u00c4nderung der Wettkampfordnung die es erlaubt Spieler aus oberen Mannschaften in unteren Mannschaften einzusetzen. Das f\u00fchrt zu einer Beg\u00fcnstigung &#8230; <\/p>\n<p class=\"read-more-container\"><a title=\"Abschlussbericht TT-Senioren 2018-2019.\" class=\"read-more button\" href=\"https:\/\/tus.eschringen.de\/wordpress\/tischtennis\/abschlussbericht-tt-senioren-2018-2019\/#more-2217\" aria-label=\"Mehr Informationen \u00fcber Abschlussbericht TT-Senioren 2018-2019.\">alles lesen<\/a><\/p>\n","protected":false},"author":1,"featured_media":0,"parent":46,"menu_order":1,"comment_status":"closed","ping_status":"closed","template":"","meta":{"generate_page_header":"","footnotes":""},"class_list":["post-2217","page","type-page","status-publish"],"yoast_head":"<!-- This site is optimized with the Yoast SEO plugin v27.5 - https:\/\/yoast.com\/product\/yoast-seo-wordpress\/ -->\n<title>Abschlussbericht TT-Senioren 2018-2019. - TuS Eschringen<\/title>\n<meta name=\"robots\" content=\"index, follow, max-snippet:-1, max-image-preview:large, max-video-preview:-1\" \/>\n<link rel=\"canonical\" href=\"https:\/\/tus.eschringen.de\/wordpress\/tischtennis\/abschlussbericht-tt-senioren-2018-2019\/\" \/>\n<meta property=\"og:locale\" content=\"de_DE\" \/>\n<meta property=\"og:type\" content=\"article\" \/>\n<meta property=\"og:title\" content=\"Abschlussbericht TT-Senioren 2018-2019. - TuS Eschringen\" \/>\n<meta property=\"og:description\" content=\"Sportlich war die Spielzeit nicht sehr erfolgreich. Es wurde vom 8 Mannschaften nur der 7. Platz belegt. Grund daf\u00fcr war das Fehlen von einem Spieler Nr. 2 \u00fcber die gesamte Spielzeit. Ein weiterer Grund war die \u00c4nderung der Wettkampfordnung die es erlaubt Spieler aus oberen Mannschaften in unteren Mannschaften einzusetzen. Das f\u00fchrt zu einer Beg\u00fcnstigung ... alles lesen\" \/>\n<meta property=\"og:url\" content=\"https:\/\/tus.eschringen.de\/wordpress\/tischtennis\/abschlussbericht-tt-senioren-2018-2019\/\" \/>\n<meta property=\"og:site_name\" content=\"TuS Eschringen\" \/>\n<meta property=\"article:publisher\" content=\"https:\/\/www.facebook.com\/TuS.Eschringen\/\" \/>\n<meta name=\"twitter:card\" content=\"summary_large_image\" \/>\n<meta name=\"twitter:label1\" content=\"Gesch\u00e4tzte Lesezeit\" \/>\n\t<meta name=\"twitter:data1\" content=\"1\u00a0Minute\" \/>\n<script type=\"application\/ld+json\" class=\"yoast-schema-graph\">{\"@context\":\"https:\\\/\\\/schema.org\",\"@graph\":[{\"@type\":\"WebPage\",\"@id\":\"https:\\\/\\\/tus.eschringen.de\\\/wordpress\\\/tischtennis\\\/abschlussbericht-tt-senioren-2018-2019\\\/\",\"url\":\"https:\\\/\\\/tus.eschringen.de\\\/wordpress\\\/tischtennis\\\/abschlussbericht-tt-senioren-2018-2019\\\/\",\"name\":\"Abschlussbericht TT-Senioren 2018-2019. - TuS Eschringen\",\"isPartOf\":{\"@id\":\"https:\\\/\\\/tus.eschringen.de\\\/wordpress\\\/#website\"},\"datePublished\":\"2019-07-14T15:57:02+00:00\",\"breadcrumb\":{\"@id\":\"https:\\\/\\\/tus.eschringen.de\\\/wordpress\\\/tischtennis\\\/abschlussbericht-tt-senioren-2018-2019\\\/#breadcrumb\"},\"inLanguage\":\"de\",\"potentialAction\":[{\"@type\":\"ReadAction\",\"target\":[\"https:\\\/\\\/tus.eschringen.de\\\/wordpress\\\/tischtennis\\\/abschlussbericht-tt-senioren-2018-2019\\\/\"]}]},{\"@type\":\"BreadcrumbList\",\"@id\":\"https:\\\/\\\/tus.eschringen.de\\\/wordpress\\\/tischtennis\\\/abschlussbericht-tt-senioren-2018-2019\\\/#breadcrumb\",\"itemListElement\":[{\"@type\":\"ListItem\",\"position\":1,\"name\":\"Startseite\",\"item\":\"https:\\\/\\\/tus.eschringen.de\\\/wordpress\\\/\"},{\"@type\":\"ListItem\",\"position\":2,\"name\":\"Tischtennis\",\"item\":\"https:\\\/\\\/tus.eschringen.de\\\/wordpress\\\/tischtennis\\\/\"},{\"@type\":\"ListItem\",\"position\":3,\"name\":\"Abschlussbericht TT-Senioren 2018-2019.\"}]},{\"@type\":\"WebSite\",\"@id\":\"https:\\\/\\\/tus.eschringen.de\\\/wordpress\\\/#website\",\"url\":\"https:\\\/\\\/tus.eschringen.de\\\/wordpress\\\/\",\"name\":\"TuS Eschringen\",\"description\":\"\",\"publisher\":{\"@id\":\"https:\\\/\\\/tus.eschringen.de\\\/wordpress\\\/#organization\"},\"potentialAction\":[{\"@type\":\"SearchAction\",\"target\":{\"@type\":\"EntryPoint\",\"urlTemplate\":\"https:\\\/\\\/tus.eschringen.de\\\/wordpress\\\/?s={search_term_string}\"},\"query-input\":{\"@type\":\"PropertyValueSpecification\",\"valueRequired\":true,\"valueName\":\"search_term_string\"}}],\"inLanguage\":\"de\"},{\"@type\":\"Organization\",\"@id\":\"https:\\\/\\\/tus.eschringen.de\\\/wordpress\\\/#organization\",\"name\":\"TuS Eschringen\",\"url\":\"https:\\\/\\\/tus.eschringen.de\\\/wordpress\\\/\",\"logo\":{\"@type\":\"ImageObject\",\"inLanguage\":\"de\",\"@id\":\"https:\\\/\\\/tus.eschringen.de\\\/wordpress\\\/#\\\/schema\\\/logo\\\/image\\\/\",\"url\":\"https:\\\/\\\/i0.wp.com\\\/tus.eschringen.de\\\/wordpress\\\/wp-content\\\/uploads\\\/2025\\\/07\\\/Web_kopf.jpg?fit=1260%2C240&ssl=1\",\"contentUrl\":\"https:\\\/\\\/i0.wp.com\\\/tus.eschringen.de\\\/wordpress\\\/wp-content\\\/uploads\\\/2025\\\/07\\\/Web_kopf.jpg?fit=1260%2C240&ssl=1\",\"width\":1260,\"height\":240,\"caption\":\"TuS Eschringen\"},\"image\":{\"@id\":\"https:\\\/\\\/tus.eschringen.de\\\/wordpress\\\/#\\\/schema\\\/logo\\\/image\\\/\"},\"sameAs\":[\"https:\\\/\\\/www.facebook.com\\\/TuS.Eschringen\\\/\",\"https:\\\/\\\/www.instagram.com\\\/tus.eschringen\\\/\"]}]}<\/script>\n<!-- \/ Yoast SEO plugin. -->","yoast_head_json":{"title":"Abschlussbericht TT-Senioren 2018-2019. - TuS Eschringen","robots":{"index":"index","follow":"follow","max-snippet":"max-snippet:-1","max-image-preview":"max-image-preview:large","max-video-preview":"max-video-preview:-1"},"canonical":"https:\/\/tus.eschringen.de\/wordpress\/tischtennis\/abschlussbericht-tt-senioren-2018-2019\/","og_locale":"de_DE","og_type":"article","og_title":"Abschlussbericht TT-Senioren 2018-2019. - TuS Eschringen","og_description":"Sportlich war die Spielzeit nicht sehr erfolgreich. Es wurde vom 8 Mannschaften nur der 7. Platz belegt. Grund daf\u00fcr war das Fehlen von einem Spieler Nr. 2 \u00fcber die gesamte Spielzeit. Ein weiterer Grund war die \u00c4nderung der Wettkampfordnung die es erlaubt Spieler aus oberen Mannschaften in unteren Mannschaften einzusetzen. Das f\u00fchrt zu einer Beg\u00fcnstigung ... alles lesen","og_url":"https:\/\/tus.eschringen.de\/wordpress\/tischtennis\/abschlussbericht-tt-senioren-2018-2019\/","og_site_name":"TuS Eschringen","article_publisher":"https:\/\/www.facebook.com\/TuS.Eschringen\/","twitter_card":"summary_large_image","twitter_misc":{"Gesch\u00e4tzte Lesezeit":"1\u00a0Minute"},"schema":{"@context":"https:\/\/schema.org","@graph":[{"@type":"WebPage","@id":"https:\/\/tus.eschringen.de\/wordpress\/tischtennis\/abschlussbericht-tt-senioren-2018-2019\/","url":"https:\/\/tus.eschringen.de\/wordpress\/tischtennis\/abschlussbericht-tt-senioren-2018-2019\/","name":"Abschlussbericht TT-Senioren 2018-2019. - TuS Eschringen","isPartOf":{"@id":"https:\/\/tus.eschringen.de\/wordpress\/#website"},"datePublished":"2019-07-14T15:57:02+00:00","breadcrumb":{"@id":"https:\/\/tus.eschringen.de\/wordpress\/tischtennis\/abschlussbericht-tt-senioren-2018-2019\/#breadcrumb"},"inLanguage":"de","potentialAction":[{"@type":"ReadAction","target":["https:\/\/tus.eschringen.de\/wordpress\/tischtennis\/abschlussbericht-tt-senioren-2018-2019\/"]}]},{"@type":"BreadcrumbList","@id":"https:\/\/tus.eschringen.de\/wordpress\/tischtennis\/abschlussbericht-tt-senioren-2018-2019\/#breadcrumb","itemListElement":[{"@type":"ListItem","position":1,"name":"Startseite","item":"https:\/\/tus.eschringen.de\/wordpress\/"},{"@type":"ListItem","position":2,"name":"Tischtennis","item":"https:\/\/tus.eschringen.de\/wordpress\/tischtennis\/"},{"@type":"ListItem","position":3,"name":"Abschlussbericht TT-Senioren 2018-2019."}]},{"@type":"WebSite","@id":"https:\/\/tus.eschringen.de\/wordpress\/#website","url":"https:\/\/tus.eschringen.de\/wordpress\/","name":"TuS Eschringen","description":"","publisher":{"@id":"https:\/\/tus.eschringen.de\/wordpress\/#organization"},"potentialAction":[{"@type":"SearchAction","target":{"@type":"EntryPoint","urlTemplate":"https:\/\/tus.eschringen.de\/wordpress\/?s={search_term_string}"},"query-input":{"@type":"PropertyValueSpecification","valueRequired":true,"valueName":"search_term_string"}}],"inLanguage":"de"},{"@type":"Organization","@id":"https:\/\/tus.eschringen.de\/wordpress\/#organization","name":"TuS Eschringen","url":"https:\/\/tus.eschringen.de\/wordpress\/","logo":{"@type":"ImageObject","inLanguage":"de","@id":"https:\/\/tus.eschringen.de\/wordpress\/#\/schema\/logo\/image\/","url":"https:\/\/i0.wp.com\/tus.eschringen.de\/wordpress\/wp-content\/uploads\/2025\/07\/Web_kopf.jpg?fit=1260%2C240&ssl=1","contentUrl":"https:\/\/i0.wp.com\/tus.eschringen.de\/wordpress\/wp-content\/uploads\/2025\/07\/Web_kopf.jpg?fit=1260%2C240&ssl=1","width":1260,"height":240,"caption":"TuS Eschringen"},"image":{"@id":"https:\/\/tus.eschringen.de\/wordpress\/#\/schema\/logo\/image\/"},"sameAs":["https:\/\/www.facebook.com\/TuS.Eschringen\/","https:\/\/www.instagram.com\/tus.eschringen\/"]}]}},"jetpack_sharing_enabled":true,"_links":{"self":[{"href":"https:\/\/tus.eschringen.de\/wordpress\/wp-json\/wp\/v2\/pages\/2217","targetHints":{"allow":["GET"]}}],"collection":[{"href":"https:\/\/tus.eschringen.de\/wordpress\/wp-json\/wp\/v2\/pages"}],"about":[{"href":"https:\/\/tus.eschringen.de\/wordpress\/wp-json\/wp\/v2\/types\/page"}],"author":[{"embeddable":true,"href":"https:\/\/tus.eschringen.de\/wordpress\/wp-json\/wp\/v2\/users\/1"}],"replies":[{"embeddable":true,"href":"https:\/\/tus.eschringen.de\/wordpress\/wp-json\/wp\/v2\/comments?post=2217"}],"version-history":[{"count":1,"href":"https:\/\/tus.eschringen.de\/wordpress\/wp-json\/wp\/v2\/pages\/2217\/revisions"}],"predecessor-version":[{"id":2218,"href":"https:\/\/tus.eschringen.de\/wordpress\/wp-json\/wp\/v2\/pages\/2217\/revisions\/2218"}],"up":[{"embeddable":true,"href":"https:\/\/tus.eschringen.de\/wordpress\/wp-json\/wp\/v2\/pages\/46"}],"wp:attachment":[{"href":"https:\/\/tus.eschringen.de\/wordpress\/wp-json\/wp\/v2\/media?parent=2217"}],"curies":[{"name":"wp","href":"https:\/\/api.w.org\/{rel}","templated":true}]}}

<p>Sportlich
war die Spielzeit nicht sehr erfolgreich.</p>



<p>Es
wurde vom 8 Mannschaften nur der 7. Platz belegt. Grund dafür war
das Fehlen von einem Spieler Nr. 2 über die gesamte Spielzeit. Ein
weiterer Grund war die Änderung der Wettkampfordnung die es erlaubt
Spieler aus oberen Mannschaften in unteren Mannschaften einzusetzen.
Das führt zu einer Begünstigung von größeren Vereinen, die
mehrere Mannschaften haben. Es ist uns aber gelungen bei allen
Spielen mit 6 Spielern anzutreten. Die Abteilung hat zur Zeit 19
Mitglieder und hat sich damit um 2 Personen erhöht. Der Zusammenhalt
 und der Trainingseifer in der Abteilung ist gut. Wir haben in der
Sport- und Kulturhalle Eschringen ideale Trainingsbedingungen. Das
Training findet Montag und Mittwoch in der Zeit von 18:30 Uhr bis
22:00 Uhr statt. Wir würden uns über weitere Spieler und
Spielerinnen sehr freuen. Wir haben zur Zeit 2 Damen in der
Abteilung, die sich über Verstärkung freuen würden. Es ist jetzt
auch ein junger Spieler in der Abteilung, der sich ein Training mit
jungen Spielern und Spielerinnen wünscht. Vielleicht könnten wir
auch  eine Mannschaft im Aktiven-Bereich melden.</p>



<p>Es
besteht jederzeit die Möglichkeit an den Trainingstagen zum
Probetraining zu kommen. Bei Fragen bitte Tel. 0689370993.</p>

<p>Sportlich war die Spielzeit nicht sehr erfolgreich. Es wurde vom 8 Mannschaften nur der 7. Platz belegt. Grund dafür war das Fehlen von einem Spieler Nr. 2 über die gesamte Spielzeit. Ein weiterer Grund war die Änderung der Wettkampfordnung die es erlaubt Spieler aus oberen Mannschaften in unteren Mannschaften einzusetzen. Das führt zu einer Begünstigung &#8230; </p>
<p class="read-more-container"><a title="Abschlussbericht TT-Senioren 2018-2019." class="read-more button" href="https://tus.eschringen.de/wordpress/tischtennis/abschlussbericht-tt-senioren-2018-2019/#more-2217" aria-label="Mehr Informationen über Abschlussbericht TT-Senioren 2018-2019.">alles lesen</a></p>

<!-- This site is optimized with the Yoast SEO plugin v27.5 - https://yoast.com/product/yoast-seo-wordpress/ -->
<title>Abschlussbericht TT-Senioren 2018-2019. - TuS Eschringen</title>
<meta name="robots" content="index, follow, max-snippet:-1, max-image-preview:large, max-video-preview:-1" />
<link rel="canonical" href="https://tus.eschringen.de/wordpress/tischtennis/abschlussbericht-tt-senioren-2018-2019/" />
<meta property="og:locale" content="de_DE" />
<meta property="og:type" content="article" />
<meta property="og:title" content="Abschlussbericht TT-Senioren 2018-2019. - TuS Eschringen" />
<meta property="og:description" content="Sportlich war die Spielzeit nicht sehr erfolgreich. Es wurde vom 8 Mannschaften nur der 7. Platz belegt. Grund dafür war das Fehlen von einem Spieler Nr. 2 über die gesamte Spielzeit. Ein weiterer Grund war die Änderung der Wettkampfordnung die es erlaubt Spieler aus oberen Mannschaften in unteren Mannschaften einzusetzen. Das führt zu einer Begünstigung ... alles lesen" />
<meta property="og:url" content="https://tus.eschringen.de/wordpress/tischtennis/abschlussbericht-tt-senioren-2018-2019/" />
<meta property="og:site_name" content="TuS Eschringen" />
<meta property="article:publisher" content="https://www.facebook.com/TuS.Eschringen/" />
<meta name="twitter:card" content="summary_large_image" />
<meta name="twitter:label1" content="Geschätzte Lesezeit" />
	<meta name="twitter:data1" content="1 Minute" />
<script type="application/ld+json" class="yoast-schema-graph">{"@context":"https:\/\/schema.org","@graph":[{"@type":"WebPage","@id":"https:\/\/tus.eschringen.de\/wordpress\/tischtennis\/abschlussbericht-tt-senioren-2018-2019\/","url":"https:\/\/tus.eschringen.de\/wordpress\/tischtennis\/abschlussbericht-tt-senioren-2018-2019\/","name":"Abschlussbericht TT-Senioren 2018-2019. - TuS Eschringen","isPartOf":{"@id":"https:\/\/tus.eschringen.de\/wordpress\/#website"},"datePublished":"2019-07-14T15:57:02+00:00","breadcrumb":{"@id":"https:\/\/tus.eschringen.de\/wordpress\/tischtennis\/abschlussbericht-tt-senioren-2018-2019\/#breadcrumb"},"inLanguage":"de","potentialAction":[{"@type":"ReadAction","target":["https:\/\/tus.eschringen.de\/wordpress\/tischtennis\/abschlussbericht-tt-senioren-2018-2019\/"]}]},{"@type":"BreadcrumbList","@id":"https:\/\/tus.eschringen.de\/wordpress\/tischtennis\/abschlussbericht-tt-senioren-2018-2019\/#breadcrumb","itemListElement":[{"@type":"ListItem","position":1,"name":"Startseite","item":"https:\/\/tus.eschringen.de\/wordpress\/"},{"@type":"ListItem","position":2,"name":"Tischtennis","item":"https:\/\/tus.eschringen.de\/wordpress\/tischtennis\/"},{"@type":"ListItem","position":3,"name":"Abschlussbericht TT-Senioren 2018-2019."}]},{"@type":"WebSite","@id":"https:\/\/tus.eschringen.de\/wordpress\/#website","url":"https:\/\/tus.eschringen.de\/wordpress\/","name":"TuS Eschringen","description":"","publisher":{"@id":"https:\/\/tus.eschringen.de\/wordpress\/#organization"},"potentialAction":[{"@type":"SearchAction","target":{"@type":"EntryPoint","urlTemplate":"https:\/\/tus.eschringen.de\/wordpress\/?s={search_term_string}"},"query-input":{"@type":"PropertyValueSpecification","valueRequired":true,"valueName":"search_term_string"}}],"inLanguage":"de"},{"@type":"Organization","@id":"https:\/\/tus.eschringen.de\/wordpress\/#organization","name":"TuS Eschringen","url":"https:\/\/tus.eschringen.de\/wordpress\/","logo":{"@type":"ImageObject","inLanguage":"de","@id":"https:\/\/tus.eschringen.de\/wordpress\/#\/schema\/logo\/image\/","url":"https:\/\/i0.wp.com\/tus.eschringen.de\/wordpress\/wp-content\/uploads\/2025\/07\/Web_kopf.jpg?fit=1260%2C240&ssl=1","contentUrl":"https:\/\/i0.wp.com\/tus.eschringen.de\/wordpress\/wp-content\/uploads\/2025\/07\/Web_kopf.jpg?fit=1260%2C240&ssl=1","width":1260,"height":240,"caption":"TuS Eschringen"},"image":{"@id":"https:\/\/tus.eschringen.de\/wordpress\/#\/schema\/logo\/image\/"},"sameAs":["https:\/\/www.facebook.com\/TuS.Eschringen\/","https:\/\/www.instagram.com\/tus.eschringen\/"]}]}</script>
<!-- / Yoast SEO plugin. -->

Sportlich war die Spielzeit nicht sehr erfolgreich. Es wurde vom 8 Mannschaften nur der 7. Platz belegt. Grund dafür war das Fehlen von einem Spieler Nr. 2 über die gesamte Spielzeit. Ein weiterer Grund war die Änderung der Wettkampfordnung die es erlaubt Spieler aus oberen Mannschaften in unteren Mannschaften einzusetzen. Das führt zu einer Begünstigung ... alles lesen
