{"id":2166,"date":"2019-06-10T14:20:07","date_gmt":"2019-06-10T12:20:07","guid":{"rendered":"http:\/\/tus.eschringen.de\/wordpress\/?page_id=2166"},"modified":"2020-08-19T13:34:19","modified_gmt":"2020-08-19T11:34:19","slug":"kaderplanung-2019","status":"publish","type":"page","link":"https:\/\/tus.eschringen.de\/wordpress\/fussball\/archiv\/fussball-archiv-2019-20\/kaderplanung-2019\/","title":{"rendered":"Kaderplanung 2019"},"content":{"rendered":"\n<p><strong>Neuzug\u00e4nge:<\/strong><\/p>\n\n\n\n<p>Lutz Backes, Torwart (ASC Dudweiler)<\/p>\n\n\n\n<p>Christian Heselich, Mittelfeld (ASC Dudweiler)<\/p>\n\n\n\n<p>Tim Battis, Mittelfeld (ASC Dudweiler) <\/p>\n\n\n\n<p>Yannick Bentz, Abwehr (ASC Dudweiler)<\/p>\n\n\n\n<p>Max J\u00fcngst, Mittelfeld (SG Sulzbachtal)<\/p>\n\n\n\n<p>Alexander Scheidt (SV Schafbr\u00fccke) <\/p>\n\n\n\n<p><strong>Abg\u00e4nge:<\/strong><\/p>\n\n\n\n<p>Timo Schultheiss (Karriereende)<\/p>\n\n\n\n<p>Justin Strassner (Vereinswechsel)<\/p>\n\n\n\n<p>Nils P\u00f6nicke (Auslandsaufenthalt) <\/p>\n\n\n\n<p>Christoph Barth (Karriereende)<\/p>\n\n\n\n<p>Sascha K\u00fchnhold (ein Jahr Pause) <\/p>\n","protected":false},"excerpt":{"rendered":"<p>Neuzug\u00e4nge: Lutz Backes, Torwart (ASC Dudweiler) Christian Heselich, Mittelfeld (ASC Dudweiler) Tim Battis, Mittelfeld (ASC Dudweiler) Yannick Bentz, Abwehr (ASC Dudweiler) Max J\u00fcngst, Mittelfeld (SG Sulzbachtal) Alexander Scheidt (SV Schafbr\u00fccke) Abg\u00e4nge: Timo Schultheiss (Karriereende) Justin Strassner (Vereinswechsel) Nils P\u00f6nicke (Auslandsaufenthalt) Christoph Barth (Karriereende) Sascha K\u00fchnhold (ein Jahr Pause)<\/p>\n","protected":false},"author":1,"featured_media":0,"parent":2668,"menu_order":5,"comment_status":"closed","ping_status":"closed","template":"","meta":{"generate_page_header":"","footnotes":""},"class_list":["post-2166","page","type-page","status-publish"],"yoast_head":"<!-- This site is optimized with the Yoast SEO plugin v27.3 - https:\/\/yoast.com\/product\/yoast-seo-wordpress\/ -->\n<title>Kaderplanung 2019 - TuS Eschringen<\/title>\n<meta name=\"robots\" content=\"index, follow, max-snippet:-1, max-image-preview:large, max-video-preview:-1\" \/>\n<link rel=\"canonical\" href=\"https:\/\/tus.eschringen.de\/wordpress\/fussball\/archiv\/fussball-archiv-2019-20\/kaderplanung-2019\/\" \/>\n<meta property=\"og:locale\" content=\"de_DE\" \/>\n<meta property=\"og:type\" content=\"article\" \/>\n<meta property=\"og:title\" content=\"Kaderplanung 2019 - TuS Eschringen\" \/>\n<meta property=\"og:description\" content=\"Neuzug\u00e4nge: Lutz Backes, Torwart (ASC Dudweiler) Christian Heselich, Mittelfeld (ASC Dudweiler) Tim Battis, Mittelfeld (ASC Dudweiler) Yannick Bentz, Abwehr (ASC Dudweiler) Max J\u00fcngst, Mittelfeld (SG Sulzbachtal) Alexander Scheidt (SV Schafbr\u00fccke) Abg\u00e4nge: Timo Schultheiss (Karriereende) Justin Strassner (Vereinswechsel) Nils P\u00f6nicke (Auslandsaufenthalt) Christoph Barth (Karriereende) Sascha K\u00fchnhold (ein Jahr Pause)\" \/>\n<meta property=\"og:url\" content=\"https:\/\/tus.eschringen.de\/wordpress\/fussball\/archiv\/fussball-archiv-2019-20\/kaderplanung-2019\/\" \/>\n<meta property=\"og:site_name\" content=\"TuS Eschringen\" \/>\n<meta property=\"article:publisher\" content=\"https:\/\/www.facebook.com\/TuS.Eschringen\/\" \/>\n<meta property=\"article:modified_time\" content=\"2020-08-19T11:34:19+00:00\" \/>\n<meta name=\"twitter:card\" content=\"summary_large_image\" \/>\n<script type=\"application\/ld+json\" class=\"yoast-schema-graph\">{\"@context\":\"https:\\\/\\\/schema.org\",\"@graph\":[{\"@type\":\"WebPage\",\"@id\":\"https:\\\/\\\/tus.eschringen.de\\\/wordpress\\\/fussball\\\/archiv\\\/fussball-archiv-2019-20\\\/kaderplanung-2019\\\/\",\"url\":\"https:\\\/\\\/tus.eschringen.de\\\/wordpress\\\/fussball\\\/archiv\\\/fussball-archiv-2019-20\\\/kaderplanung-2019\\\/\",\"name\":\"Kaderplanung 2019 - TuS Eschringen\",\"isPartOf\":{\"@id\":\"https:\\\/\\\/tus.eschringen.de\\\/wordpress\\\/#website\"},\"datePublished\":\"2019-06-10T12:20:07+00:00\",\"dateModified\":\"2020-08-19T11:34:19+00:00\",\"breadcrumb\":{\"@id\":\"https:\\\/\\\/tus.eschringen.de\\\/wordpress\\\/fussball\\\/archiv\\\/fussball-archiv-2019-20\\\/kaderplanung-2019\\\/#breadcrumb\"},\"inLanguage\":\"de\",\"potentialAction\":[{\"@type\":\"ReadAction\",\"target\":[\"https:\\\/\\\/tus.eschringen.de\\\/wordpress\\\/fussball\\\/archiv\\\/fussball-archiv-2019-20\\\/kaderplanung-2019\\\/\"]}]},{\"@type\":\"BreadcrumbList\",\"@id\":\"https:\\\/\\\/tus.eschringen.de\\\/wordpress\\\/fussball\\\/archiv\\\/fussball-archiv-2019-20\\\/kaderplanung-2019\\\/#breadcrumb\",\"itemListElement\":[{\"@type\":\"ListItem\",\"position\":1,\"name\":\"Startseite\",\"item\":\"https:\\\/\\\/tus.eschringen.de\\\/wordpress\\\/\"},{\"@type\":\"ListItem\",\"position\":2,\"name\":\"Fussball\",\"item\":\"https:\\\/\\\/tus.eschringen.de\\\/wordpress\\\/fussball\\\/\"},{\"@type\":\"ListItem\",\"position\":3,\"name\":\"Archiv\",\"item\":\"https:\\\/\\\/tus.eschringen.de\\\/wordpress\\\/fussball\\\/archiv\\\/\"},{\"@type\":\"ListItem\",\"position\":4,\"name\":\"Fussball-Archiv 2019\\\/20\",\"item\":\"https:\\\/\\\/tus.eschringen.de\\\/wordpress\\\/fussball\\\/archiv\\\/fussball-archiv-2019-20\\\/\"},{\"@type\":\"ListItem\",\"position\":5,\"name\":\"Kaderplanung 2019\"}]},{\"@type\":\"WebSite\",\"@id\":\"https:\\\/\\\/tus.eschringen.de\\\/wordpress\\\/#website\",\"url\":\"https:\\\/\\\/tus.eschringen.de\\\/wordpress\\\/\",\"name\":\"TuS Eschringen\",\"description\":\"\",\"publisher\":{\"@id\":\"https:\\\/\\\/tus.eschringen.de\\\/wordpress\\\/#organization\"},\"potentialAction\":[{\"@type\":\"SearchAction\",\"target\":{\"@type\":\"EntryPoint\",\"urlTemplate\":\"https:\\\/\\\/tus.eschringen.de\\\/wordpress\\\/?s={search_term_string}\"},\"query-input\":{\"@type\":\"PropertyValueSpecification\",\"valueRequired\":true,\"valueName\":\"search_term_string\"}}],\"inLanguage\":\"de\"},{\"@type\":\"Organization\",\"@id\":\"https:\\\/\\\/tus.eschringen.de\\\/wordpress\\\/#organization\",\"name\":\"TuS Eschringen\",\"url\":\"https:\\\/\\\/tus.eschringen.de\\\/wordpress\\\/\",\"logo\":{\"@type\":\"ImageObject\",\"inLanguage\":\"de\",\"@id\":\"https:\\\/\\\/tus.eschringen.de\\\/wordpress\\\/#\\\/schema\\\/logo\\\/image\\\/\",\"url\":\"https:\\\/\\\/i0.wp.com\\\/tus.eschringen.de\\\/wordpress\\\/wp-content\\\/uploads\\\/2025\\\/07\\\/Web_kopf.jpg?fit=1260%2C240&ssl=1\",\"contentUrl\":\"https:\\\/\\\/i0.wp.com\\\/tus.eschringen.de\\\/wordpress\\\/wp-content\\\/uploads\\\/2025\\\/07\\\/Web_kopf.jpg?fit=1260%2C240&ssl=1\",\"width\":1260,\"height\":240,\"caption\":\"TuS Eschringen\"},\"image\":{\"@id\":\"https:\\\/\\\/tus.eschringen.de\\\/wordpress\\\/#\\\/schema\\\/logo\\\/image\\\/\"},\"sameAs\":[\"https:\\\/\\\/www.facebook.com\\\/TuS.Eschringen\\\/\",\"https:\\\/\\\/www.instagram.com\\\/tus.eschringen\\\/\"]}]}<\/script>\n<!-- \/ Yoast SEO plugin. -->","yoast_head_json":{"title":"Kaderplanung 2019 - TuS Eschringen","robots":{"index":"index","follow":"follow","max-snippet":"max-snippet:-1","max-image-preview":"max-image-preview:large","max-video-preview":"max-video-preview:-1"},"canonical":"https:\/\/tus.eschringen.de\/wordpress\/fussball\/archiv\/fussball-archiv-2019-20\/kaderplanung-2019\/","og_locale":"de_DE","og_type":"article","og_title":"Kaderplanung 2019 - TuS Eschringen","og_description":"Neuzug\u00e4nge: Lutz Backes, Torwart (ASC Dudweiler) Christian Heselich, Mittelfeld (ASC Dudweiler) Tim Battis, Mittelfeld (ASC Dudweiler) Yannick Bentz, Abwehr (ASC Dudweiler) Max J\u00fcngst, Mittelfeld (SG Sulzbachtal) Alexander Scheidt (SV Schafbr\u00fccke) Abg\u00e4nge: Timo Schultheiss (Karriereende) Justin Strassner (Vereinswechsel) Nils P\u00f6nicke (Auslandsaufenthalt) Christoph Barth (Karriereende) Sascha K\u00fchnhold (ein Jahr Pause)","og_url":"https:\/\/tus.eschringen.de\/wordpress\/fussball\/archiv\/fussball-archiv-2019-20\/kaderplanung-2019\/","og_site_name":"TuS Eschringen","article_publisher":"https:\/\/www.facebook.com\/TuS.Eschringen\/","article_modified_time":"2020-08-19T11:34:19+00:00","twitter_card":"summary_large_image","schema":{"@context":"https:\/\/schema.org","@graph":[{"@type":"WebPage","@id":"https:\/\/tus.eschringen.de\/wordpress\/fussball\/archiv\/fussball-archiv-2019-20\/kaderplanung-2019\/","url":"https:\/\/tus.eschringen.de\/wordpress\/fussball\/archiv\/fussball-archiv-2019-20\/kaderplanung-2019\/","name":"Kaderplanung 2019 - TuS Eschringen","isPartOf":{"@id":"https:\/\/tus.eschringen.de\/wordpress\/#website"},"datePublished":"2019-06-10T12:20:07+00:00","dateModified":"2020-08-19T11:34:19+00:00","breadcrumb":{"@id":"https:\/\/tus.eschringen.de\/wordpress\/fussball\/archiv\/fussball-archiv-2019-20\/kaderplanung-2019\/#breadcrumb"},"inLanguage":"de","potentialAction":[{"@type":"ReadAction","target":["https:\/\/tus.eschringen.de\/wordpress\/fussball\/archiv\/fussball-archiv-2019-20\/kaderplanung-2019\/"]}]},{"@type":"BreadcrumbList","@id":"https:\/\/tus.eschringen.de\/wordpress\/fussball\/archiv\/fussball-archiv-2019-20\/kaderplanung-2019\/#breadcrumb","itemListElement":[{"@type":"ListItem","position":1,"name":"Startseite","item":"https:\/\/tus.eschringen.de\/wordpress\/"},{"@type":"ListItem","position":2,"name":"Fussball","item":"https:\/\/tus.eschringen.de\/wordpress\/fussball\/"},{"@type":"ListItem","position":3,"name":"Archiv","item":"https:\/\/tus.eschringen.de\/wordpress\/fussball\/archiv\/"},{"@type":"ListItem","position":4,"name":"Fussball-Archiv 2019\/20","item":"https:\/\/tus.eschringen.de\/wordpress\/fussball\/archiv\/fussball-archiv-2019-20\/"},{"@type":"ListItem","position":5,"name":"Kaderplanung 2019"}]},{"@type":"WebSite","@id":"https:\/\/tus.eschringen.de\/wordpress\/#website","url":"https:\/\/tus.eschringen.de\/wordpress\/","name":"TuS Eschringen","description":"","publisher":{"@id":"https:\/\/tus.eschringen.de\/wordpress\/#organization"},"potentialAction":[{"@type":"SearchAction","target":{"@type":"EntryPoint","urlTemplate":"https:\/\/tus.eschringen.de\/wordpress\/?s={search_term_string}"},"query-input":{"@type":"PropertyValueSpecification","valueRequired":true,"valueName":"search_term_string"}}],"inLanguage":"de"},{"@type":"Organization","@id":"https:\/\/tus.eschringen.de\/wordpress\/#organization","name":"TuS Eschringen","url":"https:\/\/tus.eschringen.de\/wordpress\/","logo":{"@type":"ImageObject","inLanguage":"de","@id":"https:\/\/tus.eschringen.de\/wordpress\/#\/schema\/logo\/image\/","url":"https:\/\/i0.wp.com\/tus.eschringen.de\/wordpress\/wp-content\/uploads\/2025\/07\/Web_kopf.jpg?fit=1260%2C240&ssl=1","contentUrl":"https:\/\/i0.wp.com\/tus.eschringen.de\/wordpress\/wp-content\/uploads\/2025\/07\/Web_kopf.jpg?fit=1260%2C240&ssl=1","width":1260,"height":240,"caption":"TuS Eschringen"},"image":{"@id":"https:\/\/tus.eschringen.de\/wordpress\/#\/schema\/logo\/image\/"},"sameAs":["https:\/\/www.facebook.com\/TuS.Eschringen\/","https:\/\/www.instagram.com\/tus.eschringen\/"]}]}},"jetpack_sharing_enabled":true,"_links":{"self":[{"href":"https:\/\/tus.eschringen.de\/wordpress\/wp-json\/wp\/v2\/pages\/2166","targetHints":{"allow":["GET"]}}],"collection":[{"href":"https:\/\/tus.eschringen.de\/wordpress\/wp-json\/wp\/v2\/pages"}],"about":[{"href":"https:\/\/tus.eschringen.de\/wordpress\/wp-json\/wp\/v2\/types\/page"}],"author":[{"embeddable":true,"href":"https:\/\/tus.eschringen.de\/wordpress\/wp-json\/wp\/v2\/users\/1"}],"replies":[{"embeddable":true,"href":"https:\/\/tus.eschringen.de\/wordpress\/wp-json\/wp\/v2\/comments?post=2166"}],"version-history":[{"count":3,"href":"https:\/\/tus.eschringen.de\/wordpress\/wp-json\/wp\/v2\/pages\/2166\/revisions"}],"predecessor-version":[{"id":2251,"href":"https:\/\/tus.eschringen.de\/wordpress\/wp-json\/wp\/v2\/pages\/2166\/revisions\/2251"}],"up":[{"embeddable":true,"href":"https:\/\/tus.eschringen.de\/wordpress\/wp-json\/wp\/v2\/pages\/2668"}],"wp:attachment":[{"href":"https:\/\/tus.eschringen.de\/wordpress\/wp-json\/wp\/v2\/media?parent=2166"}],"curies":[{"name":"wp","href":"https:\/\/api.w.org\/{rel}","templated":true}]}}