{"version":"1.0","provider_name":"TuS Eschringen","provider_url":"https:\/\/tus.eschringen.de\/wordpress","title":"SFV legt vorl\u00e4ufigen Rahmenterminkalender fest - TuS Eschringen","type":"rich","width":600,"height":338,"html":"<blockquote class=\"wp-embedded-content\" data-secret=\"4escxseZ2d\"><a href=\"https:\/\/tus.eschringen.de\/wordpress\/sfv-legt-vorlaeufigen-rahmenterminkalender-fest\/\">SFV legt vorl\u00e4ufigen Rahmenterminkalender fest<\/a><\/blockquote><iframe sandbox=\"allow-scripts\" security=\"restricted\" src=\"https:\/\/tus.eschringen.de\/wordpress\/sfv-legt-vorlaeufigen-rahmenterminkalender-fest\/embed\/#?secret=4escxseZ2d\" width=\"600\" height=\"338\" title=\"&#8222;SFV legt vorl\u00e4ufigen Rahmenterminkalender fest&#8220; &#8211; TuS Eschringen\" data-secret=\"4escxseZ2d\" frameborder=\"0\" marginwidth=\"0\" marginheight=\"0\" scrolling=\"no\" class=\"wp-embedded-content\"><\/iframe><script>\n\/*! This file is auto-generated *\/\n!function(d,l){\"use strict\";l.querySelector&&d.addEventListener&&\"undefined\"!=typeof URL&&(d.wp=d.wp||{},d.wp.receiveEmbedMessage||(d.wp.receiveEmbedMessage=function(e){var t=e.data;if((t||t.secret||t.message||t.value)&&!\/[^a-zA-Z0-9]\/.test(t.secret)){for(var s,r,n,a=l.querySelectorAll('iframe[data-secret=\"'+t.secret+'\"]'),o=l.querySelectorAll('blockquote[data-secret=\"'+t.secret+'\"]'),c=new RegExp(\"^https?:$\",\"i\"),i=0;i<o.length;i++)o[i].style.display=\"none\";for(i=0;i<a.length;i++)s=a[i],e.source===s.contentWindow&&(s.removeAttribute(\"style\"),\"height\"===t.message?(1e3<(r=parseInt(t.value,10))?r=1e3:~~r<200&&(r=200),s.height=r):\"link\"===t.message&&(r=new URL(s.getAttribute(\"src\")),n=new URL(t.value),c.test(n.protocol))&&n.host===r.host&&l.activeElement===s&&(d.top.location.href=t.value))}},d.addEventListener(\"message\",d.wp.receiveEmbedMessage,!1),l.addEventListener(\"DOMContentLoaded\",function(){for(var e,t,s=l.querySelectorAll(\"iframe.wp-embedded-content\"),r=0;r<s.length;r++)(t=(e=s[r]).getAttribute(\"data-secret\"))||(t=Math.random().toString(36).substring(2,12),e.src+=\"#?secret=\"+t,e.setAttribute(\"data-secret\",t)),e.contentWindow.postMessage({message:\"ready\",secret:t},\"*\")},!1)))}(window,document);\n\/\/# sourceURL=https:\/\/tus.eschringen.de\/wordpress\/wp-includes\/js\/wp-embed.min.js\n<\/script>\n","thumbnail_url":"https:\/\/tus.eschringen.de\/wordpress\/wp-content\/uploads\/2021\/06\/rahmenterminkalender.png","thumbnail_width":600,"thumbnail_height":600,"description":"Der Vorstand des Saarl\u00e4ndischen Fu\u00dfballverbandes (SFV) hat den vorl\u00e4ufigen Rahmenterminkalender f\u00fcr die Saison 2021\/2022 festgelegt. Der erste Spieltag der Schr\u00f6der-Liga Saar, inklusive der 17er- und 18er-Ligen, ist f\u00fcr den 31. Juli bzw. den 01. August geplant. Die Ligen mit einer St\u00e4rke von 16 Mannschaften beginnen am 08. August. Um die Mannschaften in 14er Ligen nicht ... alles lesen"}

SFV legt vorläufigen Rahmenterminkalender fest - TuS Eschringen

<blockquote class="wp-embedded-content" data-secret="4escxseZ2d"><a href="https://tus.eschringen.de/wordpress/sfv-legt-vorlaeufigen-rahmenterminkalender-fest/">SFV legt vorläufigen Rahmenterminkalender fest</a></blockquote><iframe sandbox="allow-scripts" security="restricted" src="https://tus.eschringen.de/wordpress/sfv-legt-vorlaeufigen-rahmenterminkalender-fest/embed/#?secret=4escxseZ2d" width="600" height="338" title="&#8222;SFV legt vorläufigen Rahmenterminkalender fest&#8220; &#8211; TuS Eschringen" data-secret="4escxseZ2d" frameborder="0" marginwidth="0" marginheight="0" scrolling="no" class="wp-embedded-content"></iframe><script>
/*! This file is auto-generated */
!function(d,l){"use strict";l.querySelector&&d.addEventListener&&"undefined"!=typeof URL&&(d.wp=d.wp||{},d.wp.receiveEmbedMessage||(d.wp.receiveEmbedMessage=function(e){var t=e.data;if((t||t.secret||t.message||t.value)&&!/[^a-zA-Z0-9]/.test(t.secret)){for(var s,r,n,a=l.querySelectorAll('iframe[data-secret="'+t.secret+'"]'),o=l.querySelectorAll('blockquote[data-secret="'+t.secret+'"]'),c=new RegExp("^https?:$","i"),i=0;i<o.length;i++)o[i].style.display="none";for(i=0;i<a.length;i++)s=a[i],e.source===s.contentWindow&&(s.removeAttribute("style"),"height"===t.message?(1e3<(r=parseInt(t.value,10))?r=1e3:~~r<200&&(r=200),s.height=r):"link"===t.message&&(r=new URL(s.getAttribute("src")),n=new URL(t.value),c.test(n.protocol))&&n.host===r.host&&l.activeElement===s&&(d.top.location.href=t.value))}},d.addEventListener("message",d.wp.receiveEmbedMessage,!1),l.addEventListener("DOMContentLoaded",function(){for(var e,t,s=l.querySelectorAll("iframe.wp-embedded-content"),r=0;r<s.length;r++)(t=(e=s[r]).getAttribute("data-secret"))||(t=Math.random().toString(36).substring(2,12),e.src+="#?secret="+t,e.setAttribute("data-secret",t)),e.contentWindow.postMessage({message:"ready",secret:t},"*")},!1)))}(window,document);
//# sourceURL=https://tus.eschringen.de/wordpress/wp-includes/js/wp-embed.min.js
</script>

Der Vorstand des Saarländischen Fußballverbandes (SFV) hat den vorläufigen Rahmenterminkalender für die Saison 2021/2022 festgelegt. Der erste Spieltag der Schröder-Liga Saar, inklusive der 17er- und 18er-Ligen, ist für den 31. Juli bzw. den 01. August geplant. Die Ligen mit einer Stärke von 16 Mannschaften beginnen am 08. August. Um die Mannschaften in 14er Ligen nicht ... alles lesen
